-- Table structure for table `registry`
--

CREATE TABLE IF NOT EXISTS `registry` (
  `name` varchar(255) NOT NULL DEFAULT '' COMMENT 'The name of the function, class, or interface.',
  `type` varchar(9) NOT NULL DEFAULT '' COMMENT 'Either function or class or interface.',
  `filename` varchar(255) NOT NULL COMMENT 'Name of the file.',
  `module` varchar(255) NOT NULL DEFAULT '' COMMENT 'Name of the module the file belongs to.',
  `weight` int(11) NOT NULL DEFAULT '0' COMMENT 'The order in which this module’s hooks should be invoked relative to other modules. Equal-weighted modules are ordered by name.',
  PRIMARY KEY (`name`,`type`),
  KEY `hook` (`type`,`weight`,`module`)
) ENGINE=InnoDB DEFAULT CHARSET=utf8 COMMENT='Each record is a function, class, or interface name and...';

--
-- Dumping data for table `registry`
--

INSERT INTO `registry` (`name`, `type`, `filename`, `module`, `weight`) VALUES
('AccessDeniedTestCase', 'class', 'modules/system/system.test', 'system', 0),
('AddFeedTestCase', 'class', 'modules/aggregator/aggregator.test', 'aggregator', 0),
('AdminMetaTagTestCase', 'class', 'modules/system/system.test', 'system', 0),
('AggregatorConfigurationTestCase', 'class', 'modules/aggregator/aggregator.test', 'aggregator', 0),
('AggregatorCronTestCase', 'class', 'modules/aggregator/aggregator.test', 'aggregator', 0),
('AggregatorRenderingTestCase', 'class', 'modules/aggregator/aggregator.test', 'aggregator', 0),
('AggregatorTestCase', 'class', 'modules/aggregator/aggregator.test', 'aggregator', 0),
('ArchiverInterface', 'interface', 'includes/archiver.inc', '', 0),
('ArchiverTar', 'class', 'modules/system/system.archiver.inc', 'system', 0),
('ArchiverZip', 'class', 'modules/system/system.archiver.inc', 'system', 0),
('Archive_Tar', 'class', 'modules/system/system.tar.inc', 'system', 0),
('BatchMemoryQueue', 'class', 'includes/batch.queue.inc', '', 0),
('BatchQueue', 'class', 'includes/batch.queue.inc', '', 0),
('BlockAdminThemeTestCase', 'class', 'modules/block/block.test', 'block', -5),
('BlockCacheTestCase', 'class', 'modules/block/block.test', 'block', -5),
('BlockHiddenRegionTestCase', 'class', 'modules/block/block.test', 'block', -5),
('BlockHTMLIdTestCase', 'class', 'modules/block/block.test', 'block', -5),
('BlockInvalidRegionTestCase', 'class', 'modules/block/block.test', 'block', -5),
('BlockTemplateSuggestionsUnitTest', 'class', 'modules/block/block.test', 'block', -5),
('BlockTestCase', 'class', 'modules/block/block.test', 'block', -5),
('BlogTestCase', 'class', 'modules/blog/blog.test', 'blog', 0),
('CategorizeFeedItemTestCase', 'class', 'modules/aggregator/aggregator.test', 'aggregator', 0),
('CategorizeFeedTestCase', 'class', 'modules/aggregator/aggregator.test', 'aggregator', 0),
('colorbox_handler_field_colorbox', 'class', 'sites/all/modules/colorbox/views/colorbox_handler_field_colorbox.inc', 'colorbox', 0),
('ColorTestCase', 'class', 'modules/color/color.test', 'color', 0),
('CommentActionsTestCase', 'class', 'modules/comment/comment.test', 'comment', 0),
('CommentAnonymous', 'class', 'modules/comment/comment.test', 'comment', 0),
('CommentApprovalTest', 'class', 'modules/comment/comment.test', 'comment', 0),
('CommentBlockFunctionalTest', 'class', 'modules/comment/comment.test', 'comment', 0),
('CommentContentRebuild', 'class', 'modules/comment/comment.test', 'comment', 0),
('CommentController', 'class', 'modules/comment/comment.module', 'comment', 0),
('CommentFieldsTest', 'class', 'modules/comment/comment.test', 'comment', 0),
('CommentHelperCase', 'class', 'modules/comment/comment.test', 'comment', 0),
('CommentInterfaceTest', 'class', 'modules/comment/comment.test', 'comment', 0),
('CommentNodeAccessTest', 'class', 'modules/comment/comment.test', 'comment', 0),
('CommentNodeChangesTestCase', 'class', 'modules/comment/comment.test', 'comment', 0),
('CommentPagerTest', 'class', 'modules/comment/comment.test', 'comment', 0),
('CommentPreviewTest', 'class', 'modules/comment/comment.test', 'comment', 0),
('CommentRSSUnitTest', 'class', 'modules/comment/comment.test', 'comment', 0),
('CommentThreadingTestCase', 'class', 'modules/comment/comment.test', 'comment', 0),
('CommentTokenReplaceTestCase', 'class', 'modules/comment/comment.test', 'comment', 0),
('ContactPersonalTestCase', 'class', 'modules/contact/contact.test', 'contact', 0),
('ContactSitewideTestCase', 'class', 'modules/contact/contact.test', 'contact', 0),
('ContextualDynamicContextTestCase', 'class', 'modules/contextual/contextual.test', 'contextual', 0),
('CronRunTestCase', 'class', 'modules/system/system.test', 'system', 0),
('ctools_context', 'class', 'sites/all/modules/ctools/includes/context.inc', 'ctools', 0),
('ctools_context_optional', 'class', 'sites/all/modules/ctools/includes/context.inc', 'ctools', 0),
('ctools_context_required', 'class', 'sites/all/modules/ctools/includes/context.inc', 'ctools', 0),
('ctools_export_ui', 'class', 'sites/all/modules/ctools/plugins/export_ui/ctools_export_ui.class.php', 'ctools', 0),
('ctools_math_expr', 'class', 'sites/all/modules/ctools/includes/math-expr.inc', 'ctools', 0),
('ctools_math_expr_stack', 'class', 'sites/all/modules/ctools/includes/math-expr.inc', 'ctools', 0),
('ctools_stylizer_image_processor', 'class', 'sites/all/modules/ctools/includes/stylizer.inc', 'ctools', 0),
('DashboardBlocksTestCase', 'class', 'modules/dashboard/dashboard.test', 'dashboard', 0),
('Database', 'class', 'includes/database/database.inc', '', 0),
('DatabaseCondition', 'class', 'includes/database/query.inc', '', 0),
('DatabaseConnection', 'class', 'includes/database/database.inc', '', 0),
('DatabaseConnectionNotDefinedException', 'class', 'includes/database/database.inc', '', 0),
('DatabaseConnection_mysql', 'class', 'includes/database/mysql/database.inc', '', 0),
('DatabaseConnection_pgsql', 'class', 'includes/database/pgsql/database.inc', '', 0),
('DatabaseConnection_sqlite', 'class', 'includes/database/sqlite/database.inc', '', 0),
('DatabaseDriverNotSpecifiedException', 'class', 'includes/database/database.inc', '', 0),
('DatabaseLog', 'class', 'includes/database/log.inc', '', 0),
('DatabaseSchema', 'class', 'includes/database/schema.inc', '', 0),
('DatabaseSchemaObjectDoesNotExistException', 'class', 'includes/database/schema.inc', '', 0),
('DatabaseSchemaObjectExistsException', 'class', 'includes/database/schema.inc', '', 0),
('DatabaseSchema_mysql', 'class', 'includes/database/mysql/schema.inc', '', 0),
('DatabaseSchema_pgsql', 'class', 'includes/database/pgsql/schema.inc', '', 0),
('DatabaseSchema_sqlite', 'class', 'includes/database/sqlite/schema.inc', '', 0),
('DatabaseStatementBase', 'class', 'includes/database/database.inc', '', 0),
('DatabaseStatementEmpty', 'class', 'includes/database/database.inc', '', 0),
('DatabaseStatementInterface', 'interface', 'includes/database/database.inc', '', 0),
('DatabaseStatementPrefetch', 'class', 'includes/database/prefetch.inc', '', 0),
('DatabaseStatement_sqlite', 'class', 'includes/database/sqlite/database.inc', '', 0),
('DatabaseTaskException', 'class', 'includes/install.inc', '', 0),
('DatabaseTasks', 'class', 'includes/install.inc', '', 0),
('DatabaseTasks_mysql', 'class', 'includes/database/mysql/install.inc', '', 0),
('DatabaseTasks_pgsql', 'class', 'includes/database/pgsql/install.inc', '', 0),
('DatabaseTasks_sqlite', 'class', 'includes/database/sqlite/install.inc', '', 0),
('DatabaseTransaction', 'class', 'includes/database/database.inc', '', 0),
('DatabaseTransactionCommitFailedException', 'class', 'includes/database/database.inc', '', 0),
('DatabaseTransactionExplicitCommitNotAllowedException', 'class', 'includes/database/database.inc', '', 0),
('DatabaseTransactionNameNonUniqueException', 'class', 'includes/database/database.inc', '', 0),
('DatabaseTransactionNoActiveException', 'class', 'includes/database/database.inc', '', 0),
('DatabaseTransactionOutOfOrderException', 'class', 'includes/database/database.inc', '', 0),
('DateTimeFunctionalTest', 'class', 'modules/system/system.test', 'system', 0),
('DBLogTestCase', 'class', 'modules/dblog/dblog.test', 'dblog', 0),
('DefaultMailSystem', 'class', 'modules/system/system.mail.inc', 'system', 0),
('DeleteQuery', 'class', 'includes/database/query.inc', '', 0),
('DeleteQuery_sqlite', 'class', 'includes/database/sqlite/query.inc', '', 0),
('DrupalCacheArray', 'class', 'includes/bootstrap.inc', '', 0),
('DrupalCacheInterface', 'interface', 'includes/cache.inc', '', 0),
('DrupalDatabaseCache', 'class', 'includes/cache.inc', '', 0),
('DrupalDefaultEntityController', 'class', 'includes/entity.inc', '', 0),
('DrupalEntityControllerInterface', 'interface', 'includes/entity.inc', '', 0),
('DrupalFakeCache', 'class', 'includes/cache-install.inc', '', 0),
('DrupalLocalStreamWrapper', 'class', 'includes/stream_wrappers.inc', '', 0),
('DrupalPrivateStreamWrapper', 'class', 'includes/stream_wrappers.inc', '', 0),
('DrupalPublicStreamWrapper', 'class', 'includes/stream_wrappers.inc', '', 0),
('DrupalQueue', 'class', 'modules/system/system.queue.inc', 'system', 0),
('DrupalQueueInterface', 'interface', 'modules/system/system.queue.inc', 'system', 0),
('DrupalReliableQueueInterface', 'interface', 'modules/system/system.queue.inc', 'system', 0),
('DrupalStreamWrapperInterface', 'interface', 'includes/stream_wrappers.inc', '', 0),
('DrupalTemporaryStreamWrapper', 'class', 'includes/stream_wrappers.inc', '', 0),
('DrupalUpdateException', 'class', 'includes/update.inc', '', 0),
('DrupalUpdaterInterface', 'interface', 'includes/updater.inc', '', 0),
('EnableDisableTestCase', 'class', 'modules/system/system.test', 'system', 0),
('EntityFieldQuery', 'class', 'includes/entity.inc', '', 0),
('EntityFieldQueryException', 'class', 'includes/entity.inc', '', 0),
('EntityMalformedException', 'class', 'includes/entity.inc', '', 0),
('EntityPropertiesTestCase', 'class', 'modules/field/tests/field.test', 'field', 0),
('FeedParserTestCase', 'class', 'modules/aggregator/aggregator.test', 'aggregator', 0),
('FieldAttachOtherTestCase', 'class', 'modules/field/tests/field.test', 'field', 0),
('FieldAttachStorageTestCase', 'class', 'modules/field/tests/field.test', 'field', 0),
('FieldAttachTestCase', 'class', 'modules/field/tests/field.test', 'field', 0),
('FieldBulkDeleteTestCase', 'class', 'modules/field/tests/field.test', 'field', 0),
('FieldCrudTestCase', 'class', 'modules/field/tests/field.test', 'field', 0),
('FieldDisplayAPITestCase', 'class', 'modules/field/tests/field.test', 'field', 0),
('FieldException', 'class', 'modules/field/field.module', 'field', 0),
('FieldFormTestCase', 'class', 'modules/field/tests/field.test', 'field', 0),
('FieldInfoTestCase', 'class', 'modules/field/tests/field.test', 'field', 0),
('FieldInstanceCrudTestCase', 'class', 'modules/field/tests/field.test', 'field', 0),
('FieldsOverlapException', 'class', 'includes/database/database.inc', '', 0),
('FieldSqlStorageTestCase', 'class', 'modules/field/modules/field_sql_storage/field_sql_storage.test', 'field_sql_storage', 0),
('FieldTestCase', 'class', 'modules/field/tests/field.test', 'field', 0),
('FieldTranslationsTestCase', 'class', 'modules/field/tests/field.test', 'field', 0),
('FieldUIAlterTestCase', 'class', 'modules/field_ui/field_ui.test', 'field_ui', 0),
('FieldUIManageDisplayTestCase', 'class', 'modules/field_ui/field_ui.test', 'field_ui', 0),
('FieldUIManageFieldsTestCase', 'class', 'modules/field_ui/field_ui.test', 'field_ui', 0),
('FieldUITestCase', 'class', 'modules/field_ui/field_ui.test', 'field_ui', 0),
('FieldUpdateForbiddenException', 'class', 'modules/field/field.module', 'field', 0),
('FieldValidationException', 'class', 'modules/field/field.attach.inc', 'field', 0),
('FileFieldDisplayTestCase', 'class', 'modules/file/tests/file.test', 'file', 0),
('FileFieldPathTestCase', 'class', 'modules/file/tests/file.test', 'file', 0),
('FileFieldRevisionTestCase', 'class', 'modules/file/tests/file.test', 'file', 0),
('FileFieldTestCase', 'class', 'modules/file/tests/file.test', 'file', 0),
('FileFieldValidateTestCase', 'class', 'modules/file/tests/file.test', 'file', 0),
('FileFieldWidgetTestCase', 'class', 'modules/file/tests/file.test', 'file', 0),
('FileManagedFileElementTestCase', 'class', 'modules/file/tests/file.test', 'file', 0),
('FilePrivateTestCase', 'class', 'modules/file/tests/file.test', 'file', 0),
('FileTokenReplaceTestCase', 'class', 'modules/file/tests/file.test', 'file', 0),
('FileTransfer', 'class', 'includes/filetransfer/filetransfer.inc', '', 0),
('FileTransferChmodInterface', 'interface', 'includes/filetransfer/filetransfer.inc', '', 0),
('FileTransferException', 'class', 'includes/filetransfer/filetransfer.inc', '', 0),
('FileTransferFTP', 'class', 'includes/filetransfer/ftp.inc', '', 0),
('FileTransferFTPExtension', 'class', 'includes/filetransfer/ftp.inc', '', 0),
('FileTransferLocal', 'class', 'includes/filetransfer/local.inc', '', 0),
('FileTransferSSH', 'class', 'includes/filetransfer/ssh.inc', '', 0),
('FilterAdminTestCase', 'class', 'modules/filter/filter.test', 'filter', 0),
('FilterCRUDTestCase', 'class', 'modules/filter/filter.test', 'filter', 0),
('FilterDefaultFormatTestCase', 'class', 'modules/filter/filter.test', 'filter', 0),
('FilterFormatAccessTestCase', 'class', 'modules/filter/filter.test', 'filter', 0),
('FilterHooksTestCase', 'class', 'modules/filter/filter.test', 'filter', 0),
('FilterNoFormatTestCase', 'class', 'modules/filter/filter.test', 'filter', 0),
('FilterSecurityTestCase', 'class', 'modules/filter/filter.test', 'filter', 0),
('FilterSettingsTestCase', 'class', 'modules/filter/filter.test', 'filter', 0),
('FilterUnitTestCase', 'class', 'modules/filter/filter.test', 'filter', 0),
('FloodFunctionalTest', 'class', 'modules/system/system.test', 'system', 0),
('ForumIndexTestCase', 'class', 'modules/forum/forum.test', 'forum', 1),
('ForumTestCase', 'class', 'modules/forum/forum.test', 'forum', 1),
('FrontPageTestCase', 'class', 'modules/system/system.test', 'system', 0),
('HelpTestCase', 'class', 'modules/help/help.test', 'help', 0),
('HookRequirementsTestCase', 'class', 'modules/system/system.test', 'system', 0),
('ImageAdminStylesUnitTest', 'class', 'modules/image/image.test', 'image', 0),
('ImageDimensionsScaleTestCase', 'class', 'modules/image/image.test', 'image', 0),
('ImageDimensionsTestCase', 'class', 'modules/image/image.test', 'image', 0),
('ImageEffectsUnitTest', 'class', 'modules/image/image.test', 'image', 0),
('ImageFieldDefaultImagesTestCase', 'class', 'modules/image/image.test', 'image', 0),
('ImageFieldDisplayTestCase', 'class', 'modules/image/image.test', 'image', 0),
('ImageFieldTestCase', 'class', 'modules/image/image.test', 'image', 0),
('ImageFieldValidateTestCase', 'class', 'modules/image/image.test', 'image', 0),
('ImageStylesPathAndUrlTestCase', 'class', 'modules/image/image.test', 'image', 0),
('ImageThemeFunctionWebTestCase', 'class', 'modules/image/image.test', 'image', 0),
('ImportOPMLTestCase', 'class', 'modules/aggregator/aggregator.test', 'aggregator', 0),
('InfoFileParserTestCase', 'class', 'modules/system/system.test', 'system', 0),
('InsertQuery', 'class', 'includes/database/query.inc', '', 0),
('InsertQuery_mysql', 'class', 'includes/database/mysql/query.inc', '', 0),
('InsertQuery_pgsql', 'class', 'includes/database/pgsql/query.inc', '', 0),
('InsertQuery_sqlite', 'class', 'includes/database/sqlite/query.inc', '', 0),
('InvalidMergeQueryException', 'class', 'includes/database/database.inc', '', 0),
('InvalidQuickSetException', 'class', 'sites/all/modules/quicktabs/quicktabs.classes.inc', 'quicktabs', 0),
('IPAddressBlockingTestCase', 'class', 'modules/system/system.test', 'system', 0),
('LibrariesTestCase', 'class', 'sites/all/modules/libraries/tests/libraries.test', 'libraries', 0),
('LibrariesUnitTestCase', 'class', 'sites/all/modules/libraries/tests/libraries.test', 'libraries', 0),
('ListDynamicValuesTestCase', 'class', 'modules/field/modules/list/tests/list.test', 'list', 0),
('ListDynamicValuesValidationTestCase', 'class', 'modules/field/modules/list/tests/list.test', 'list', 0),
('ListFieldTestCase', 'class', 'modules/field/modules/list/tests/list.test', 'list', 0),
('ListFieldUITestCase', 'class', 'modules/field/modules/list/tests/list.test', 'list', 0),
('LocaleBrowserDetectionTest', 'class', 'modules/locale/locale.test', 'locale', 0),
('LocaleCommentLanguageFunctionalTest', 'class', 'modules/locale/locale.test', 'locale', 0),
('LocaleConfigurationTest', 'class', 'modules/locale/locale.test', 'locale', 0),
('LocaleContentFunctionalTest', 'class', 'modules/locale/locale.test', 'locale', 0),
('LocaleDateFormatsFunctionalTest', 'class', 'modules/locale/locale.test', 'locale', 0),
('LocaleExportFunctionalTest', 'class', 'modules/locale/locale.test', 'locale', 0),
('LocaleImportFunctionalTest', 'class', 'modules/locale/locale.test', 'locale', 0),
('LocaleInstallTest', 'class', 'modules/locale/locale.test', 'locale', 0),
('LocaleJavascriptTranslationTest', 'class', 'modules/locale/locale.test', 'locale', 0),
('LocaleLanguageNegotiationInfoFunctionalTest', 'class', 'modules/locale/locale.test', 'locale', 0),
('LocaleLanguageSwitchingFunctionalTest', 'class', 'modules/locale/locale.test', 'locale', 0),
('LocaleLibraryInfoAlterTest', 'class', 'modules/locale/locale.test', 'locale', 0),
('LocaleMultilingualFieldsFunctionalTest', 'class', 'modules/locale/locale.test', 'locale', 0),
('LocalePathFunctionalTest', 'class', 'modules/locale/locale.test', 'locale', 0),
('LocalePluralFormatTest', 'class', 'modules/locale/locale.test', 'locale', 0),
('LocaleTranslationFunctionalTest', 'class', 'modules/locale/locale.test', 'locale', 0),
('LocaleUILanguageNegotiationTest', 'class', 'modules/locale/locale.test', 'locale', 0),
('LocaleUninstallFrenchFunctionalTest', 'class', 'modules/locale/locale.test', 'locale', 0),
('LocaleUninstallFunctionalTest', 'class', 'modules/locale/locale.test', 'locale', 0),
('LocaleUrlRewritingTest', 'class', 'modules/locale/locale.test', 'locale', 0),
('LocaleUserCreationTest', 'class', 'modules/locale/locale.test', 'locale', 0),
('LocaleUserLanguageFunctionalTest', 'class', 'modules/locale/locale.test', 'locale', 0),
('MailSystemInterface', 'interface', 'includes/mail.inc', '', 0),
('MemoryQueue', 'class', 'modules/system/system.queue.inc', 'system', 0),
('MenuNodeTestCase', 'class', 'modules/menu/menu.test', 'menu', 0),
('MenuTestCase', 'class', 'modules/menu/menu.test', 'menu', 0),
('MergeQuery', 'class', 'includes/database/query.inc', '', 0),
('ModuleDependencyTestCase', 'class', 'modules/system/system.test', 'system', 0),
('ModuleRequiredTestCase', 'class', 'modules/system/system.test', 'system', 0),
('ModuleTestCase', 'class', 'modules/system/system.test', 'system', 0),
('ModuleUpdater', 'class', 'modules/system/system.updater.inc', 'system', 0),
('ModuleVersionTestCase', 'class', 'modules/system/system.test', 'system', 0),
('MultiStepNodeFormBasicOptionsTest', 'class', 'modules/node/node.test', 'node', 0),
('NewDefaultThemeBlocks', 'class', 'modules/block/block.test', 'block', -5),
('NodeAccessBaseTableTestCase', 'class', 'modules/node/node.test', 'node', 0),
('NodeAccessFieldTestCase', 'class', 'modules/node/node.test', 'node', 0),
('NodeAccessPagerTestCase', 'class', 'modules/node/node.test', 'node', 0),
('NodeAccessRebuildTestCase', 'class', 'modules/node/node.test', 'node', 0),
('NodeAccessRecordsTestCase', 'class', 'modules/node/node.test', 'node', 0),
('NodeAccessTestCase', 'class', 'modules/node/node.test', 'node', 0),
('NodeAdminTestCase', 'class', 'modules/node/node.test', 'node', 0),
('NodeBlockFunctionalTest', 'class', 'modules/node/node.test', 'node', 0),
('NodeBlockTestCase', 'class', 'modules/node/node.test', 'node', 0),
('NodeBuildContent', 'class', 'modules/node/node.test', 'node', 0),
('NodeController', 'class', 'modules/node/node.module', 'node', 0),
('NodeCreationTestCase', 'class', 'modules/node/node.test', 'node', 0),
('NodeEntityFieldQueryAlter', 'class', 'modules/node/node.test', 'node', 0),
('NodeEntityViewModeAlterTest', 'class', 'modules/node/node.test', 'node', 0),
('NodeFeedTestCase', 'class', 'modules/node/node.test', 'node', 0),
('NodeLoadHooksTestCase', 'class', 'modules/node/node.test', 'node', 0),
('NodeLoadMultipleTestCase', 'class', 'modules/node/node.test', 'node', 0),
('NodePostSettingsTestCase', 'class', 'modules/node/node.test', 'node', 0),
('NodeQueryAlter', 'class', 'modules/node/node.test', 'node', 0),
('NodeRevisionPermissionsTestCase', 'class', 'modules/node/node.test', 'node', 0),
('NodeRevisionsTestCase', 'class', 'modules/node/node.test', 'node', 0),
('NodeRSSContentTestCase', 'class', 'modules/node/node.test', 'node', 0),
('NodeSaveTestCase', 'class', 'modules/node/node.test', 'node', 0),
('NodeTitleTestCase', 'class', 'modules/node/node.test', 'node', 0),
('NodeTitleXSSTestCase', 'class', 'modules/node/node.test', 'node', 0),
('NodeTokenReplaceTestCase', 'class', 'modules/node/node.test', 'node', 0),
('NodeTypePersistenceTestCase', 'class', 'modules/node/node.test', 'node', 0),
('NodeTypeTestCase', 'class', 'modules/node/node.test', 'node', 0),
('NodeWebTestCase', 'class', 'modules/node/node.test', 'node', 0),
('NoFieldsException', 'class', 'includes/database/database.inc', '', 0),
('NoHelpTestCase', 'class', 'modules/help/help.test', 'help', 0),
('NonDefaultBlockAdmin', 'class', 'modules/block/block.test', 'block', -5),
('NumberFieldTestCase', 'class', 'modules/field/modules/number/number.test', 'number', 0),
('OpenIDFunctionalTestCase', 'class', 'modules/openid/openid.test', 'openid', 0),
('OpenIDInvalidIdentifierTransitionTestCase', 'class', 'modules/openid/openid.test', 'openid', 0),
('OpenIDRegistrationTestCase', 'class', 'modules/openid/openid.test', 'openid', 0),
('OpenIDTestCase', 'class', 'modules/openid/openid.test', 'openid', 0),
('OpenIDWebTestCase', 'class', 'modules/openid/openid.test', 'openid', 0),
('OptionsSelectDynamicValuesTestCase', 'class', 'modules/field/modules/options/options.test', 'options', 0),
('OptionsWidgetsTestCase', 'class', 'modules/field/modules/options/options.test', 'options', 0),
('PageEditTestCase', 'class', 'modules/node/node.test', 'node', 0),
('PageNotFoundTestCase', 'class', 'modules/system/system.test', 'system', 0),
('PagePreviewTestCase', 'class', 'modules/node/node.test', 'node', 0),
('PagerDefault', 'class', 'includes/pager.inc', '', 0),
('PageTitleFiltering', 'class', 'modules/system/system.test', 'system', 0),
('PageViewTestCase', 'class', 'modules/node/node.test', 'node', 0),
('PathautoBulkUpdateTestCase', 'class', 'sites/all/modules/pathauto/pathauto.test', 'pathauto', 1),
('PathautoFunctionalTestCase', 'class', 'sites/all/modules/pathauto/pathauto.test', 'pathauto', 1),
('PathautoFunctionalTestHelper', 'class', 'sites/all/modules/pathauto/pathauto.test', 'pathauto', 1),
('PathautoLocaleTestCase', 'class', 'sites/all/modules/pathauto/pathauto.test', 'pathauto', 1),
('PathautoTestHelper', 'class', 'sites/all/modules/pathauto/pathauto.test', 'pathauto', 1),
('PathautoTokenTestCase', 'class', 'sites/all/modules/pathauto/pathauto.test', 'pathauto', 1),
('PathautoUnitTestCase', 'class', 'sites/all/modules/pathauto/pathauto.test', 'pathauto', 1),
('PathLanguageTestCase', 'class', 'modules/path/path.test', 'path', 0),
('PathLanguageUITestCase', 'class', 'modules/path/path.test', 'path', 0),
('PathMonolingualTestCase', 'class', 'modules/path/path.test', 'path', 0),
('PathTaxonomyTermTestCase', 'class', 'modules/path/path.test', 'path', 0),
('PathTestCase', 'class', 'modules/path/path.test', 'path', 0),
('PHPAccessTestCase', 'class', 'modules/php/php.test', 'php', 0),
('PHPFilterTestCase', 'class', 'modules/php/php.test', 'php', 0),
('PHPTestCase', 'class', 'modules/php/php.test', 'php', 0),
('PollBlockTestCase', 'class', 'modules/poll/poll.test', 'poll', 0),
('PollCreateTestCase', 'class', 'modules/poll/poll.test', 'poll', 0),
('PollDeleteChoiceTestCase', 'class', 'modules/poll/poll.test', 'poll', 0),
('PollExpirationTestCase', 'class', 'modules/poll/poll.test', 'poll', 0),
('PollJSAddChoice', 'class', 'modules/poll/poll.test', 'poll', 0),
('PollTestCase', 'class', 'modules/poll/poll.test', 'poll', 0),
('PollTokenReplaceTestCase', 'class', 'modules/poll/poll.test', 'poll', 0),
('PollTranslateTestCase', 'class', 'modules/poll/poll.test', 'poll', 0),
('PollVoteCheckHostname', 'class', 'modules/poll/poll.test', 'poll', 0),
('PollVoteTestCase', 'class', 'modules/poll/poll.test', 'poll', 0),
('Query', 'class', 'includes/database/query.inc', '', 0),
('QueryAlterableInterface', 'interface', 'includes/database/query.inc', '', 0),
('QueryConditionInterface', 'interface', 'includes/database/query.inc', '', 0),
('QueryExtendableInterface', 'interface', 'includes/database/select.inc', '', 0),
('QueryPlaceholderInterface', 'interface', 'includes/database/query.inc', '', 0),
('QueueTestCase', 'class', 'modules/system/system.test', 'system', 0),
('QuickAccordion', 'class', 'sites/all/modules/quicktabs/plugins/QuickAccordion.inc', 'quicktabs', 0),
('QuickBlockContent', 'class', 'sites/all/modules/quicktabs/plugins/QuickBlockContent.inc', 'quicktabs', 0),
('QuickCallbackContent', 'class', 'sites/all/modules/quicktabs/plugins/QuickCallbackContent.inc', 'quicktabs', 0),
('QuickContent', 'class', 'sites/all/modules/quicktabs/quicktabs.classes.inc', 'quicktabs', 0),
('QuickContentRenderable', 'interface', 'sites/all/modules/quicktabs/quicktabs.classes.inc', 'quicktabs', 0),
('QuickNodeContent', 'class', 'sites/all/modules/quicktabs/plugins/QuickNodeContent.inc', 'quicktabs', 0),
('QuickPreRenderedContent', 'class', 'sites/all/modules/quicktabs/quicktabs.classes.inc', 'quicktabs', 0),
('QuickQtabsContent', 'class', 'sites/all/modules/quicktabs/plugins/QuickQtabsContent.inc', 'quicktabs', 0),
('QuickQuicktabs', 'class', 'sites/all/modules/quicktabs/plugins/QuickQuicktabs.inc', 'quicktabs', 0),
('QuickRenderer', 'class', 'sites/all/modules/quicktabs/quicktabs.classes.inc', 'quicktabs', 0),
('QuickSet', 'class', 'sites/all/modules/quicktabs/quicktabs.classes.inc', 'quicktabs', 0),
('QuicktabsAdminTestCase', 'class', 'sites/all/modules/quicktabs/tests/quicktabs.test', 'quicktabs', 0),
('quicktabs_style_plugin', 'class', 'sites/all/modules/quicktabs/includes/quicktabs_style_plugin.inc', 'quicktabs', 0),
('QuickUiTabs', 'class', 'sites/all/modules/quicktabs/plugins/QuickUiTabs.inc', 'quicktabs', 0),
('QuickViewContent', 'class', 'sites/all/modules/quicktabs/plugins/QuickViewContent.inc', 'quicktabs', 0),
('RemoveFeedItemTestCase', 'class', 'modules/aggregator/aggregator.test', 'aggregator', 0),
('RemoveFeedTestCase', 'class', 'modules/aggregator/aggregator.test', 'aggregator', 0),
('RetrieveFileTestCase', 'class', 'modules/system/system.test', 'system', 0),
('SchemaCache', 'class', 'includes/bootstrap.inc', '', 0),
('SearchAdvancedSearchForm', 'class', 'modules/search/search.test', 'search', 0),
('SearchBlockTestCase', 'class', 'modules/search/search.test', 'search', 0),
('SearchCommentCountToggleTestCase', 'class', 'modules/search/search.test', 'search', 0),
('SearchCommentTestCase', 'class', 'modules/search/search.test', 'search', 0),
('SearchConfigSettingsForm', 'class', 'modules/search/search.test', 'search', 0),
('SearchEmbedForm', 'class', 'modules/search/search.test', 'search', 0),
('SearchExactTestCase', 'class', 'modules/search/search.test', 'search', 0),
('SearchExcerptTestCase', 'class', 'modules/search/search.test', 'search', 0),
('SearchExpressionInsertExtractTestCase', 'class', 'modules/search/search.test', 'search', 0),
('SearchKeywordsConditions', 'class', 'modules/search/search.test', 'search', 0),
('SearchLanguageTestCase', 'class', 'modules/search/search.test', 'search', 0),
('SearchMatchTestCase', 'class', 'modules/search/search.test', 'search', 0),
('SearchNodeAccessTest', 'class', 'modules/search/search.test', 'search', 0),
('SearchNumberMatchingTestCase', 'class', 'modules/search/search.test', 'search', 0),
('SearchNumbersTestCase', 'class', 'modules/search/search.test', 'search', 0),
('SearchPageOverride', 'class', 'modules/search/search.test', 'search', 0),
('SearchPageText', 'class', 'modules/search/search.test', 'search', 0),
('SearchQuery', 'class', 'modules/search/search.extender.inc', 'search', 0),
('SearchRankingTestCase', 'class', 'modules/search/search.test', 'search', 0),
('SearchSimplifyTestCase', 'class', 'modules/search/search.test', 'search', 0),
('SearchTokenizerTestCase', 'class', 'modules/search/search.test', 'search', 0),
('SelectQuery', 'class', 'includes/database/select.inc', '', 0),
('SelectQueryExtender', 'class', 'includes/database/select.inc', '', 0),
('SelectQueryInterface', 'interface', 'includes/database/select.inc', '', 0),
('SelectQuery_pgsql', 'class', 'includes/database/pgsql/select.inc', '', 0),
('SelectQuery_sqlite', 'class', 'includes/database/sqlite/select.inc', '', 0),
('ShortcutLinksTestCase', 'class', 'modules/shortcut/shortcut.test', 'shortcut', 0),
('ShortcutSetsTestCase', 'class', 'modules/shortcut/shortcut.test', 'shortcut', 0),
('ShortcutTestCase', 'class', 'modules/shortcut/shortcut.test', 'shortcut', 0),
('ShutdownFunctionsTest', 'class', 'modules/system/system.test', 'system', 0),
('SiteMaintenanceTestCase', 'class', 'modules/system/system.test', 'system', 0),
('SkipDotsRecursiveDirectoryIterator', 'class', 'includes/filetransfer/filetransfer.inc', '', 0),
('StatisticsAdminTestCase', 'class', 'modules/statistics/statistics.test', 'statistics', 0),
('StatisticsBlockVisitorsTestCase', 'class', 'modules/statistics/statistics.test', 'statistics', 0),
('StatisticsLoggingTestCase', 'class', 'modules/statistics/statistics.test', 'statistics', 0),
('StatisticsReportsTestCase', 'class', 'modules/statistics/statistics.test', 'statistics', 0),
('StatisticsTestCase', 'class', 'modules/statistics/statistics.test', 'statistics', 0),
('StatisticsTokenReplaceTestCase', 'class', 'modules/statistics/statistics.test', 'statistics', 0),
('StreamWrapperInterface', 'interface', 'includes/stream_wrappers.inc', '', 0),
('SummaryLengthTestCase', 'class', 'modules/node/node.test', 'node', 0),
('SyslogTestCase', 'class', 'modules/syslog/syslog.test', 'syslog', 0),
('SystemAdminTestCase', 'class', 'modules/system/system.test', 'system', 0),
('SystemAuthorizeCase', 'class', 'modules/system/system.test', 'system', 0),
('SystemBlockTestCase', 'class', 'modules/system/system.test', 'system', 0),
('SystemIndexPhpTest', 'class', 'modules/system/system.test', 'system', 0),
('SystemInfoAlterTestCase', 'class', 'modules/system/system.test', 'system', 0),
('SystemMainContentFallback', 'class', 'modules/system/system.test', 'system', 0),
('SystemQueue', 'class', 'modules/system/system.queue.inc', 'system', 0),
('SystemThemeFunctionalTest', 'class', 'modules/system/system.test', 'system', 0),
('TableSort', 'class', 'includes/tablesort.inc', '', 0),
('TaxonomyEFQTestCase', 'class', 'modules/taxonomy/taxonomy.test', 'taxonomy', 0),
('TaxonomyHooksTestCase', 'class', 'modules/taxonomy/taxonomy.test', 'taxonomy', 0),
('TaxonomyLegacyTestCase', 'class', 'modules/taxonomy/taxonomy.test', 'taxonomy', 0),
('TaxonomyLoadMultipleTestCase', 'class', 'modules/taxonomy/taxonomy.test', 'taxonomy', 0),
('TaxonomyRSSTestCase', 'class', 'modules/taxonomy/taxonomy.test', 'taxonomy', 0),
('TaxonomyTermController', 'class', 'modules/taxonomy/taxonomy.module', 'taxonomy', 0),
('TaxonomyTermFieldMultipleVocabularyTestCase', 'class', 'modules/taxonomy/taxonomy.test', 'taxonomy', 0),
('TaxonomyTermFieldTestCase', 'class', 'modules/taxonomy/taxonomy.test', 'taxonomy', 0),
('TaxonomyTermFunctionTestCase', 'class', 'modules/taxonomy/taxonomy.test', 'taxonomy', 0),
('TaxonomyTermIndexTestCase', 'class', 'modules/taxonomy/taxonomy.test', 'taxonomy', 0),
('TaxonomyTermTestCase', 'class', 'modules/taxonomy/taxonomy.test', 'taxonomy', 0),
('TaxonomyThemeTestCase', 'class', 'modules/taxonomy/taxonomy.test', 'taxonomy', 0),
('TaxonomyTokenReplaceTestCase', 'class', 'modules/taxonomy/taxonomy.test', 'taxonomy', 0),
('TaxonomyVocabularyController', 'class', 'modules/taxonomy/taxonomy.module', 'taxonomy', 0),
('TaxonomyVocabularyFunctionalTest', 'class', 'modules/taxonomy/taxonomy.test', 'taxonomy', 0),
('TaxonomyVocabularyTestCase', 'class', 'modules/taxonomy/taxonomy.test', 'taxonomy', 0),
('TaxonomyWebTestCase', 'class', 'modules/taxonomy/taxonomy.test', 'taxonomy', 0),
('TestingMailSystem', 'class', 'modules/system/system.mail.inc', 'system', 0),
('TextFieldTestCase', 'class', 'modules/field/modules/text/text.test', 'text', 0),
('TextSummaryTestCase', 'class', 'modules/field/modules/text/text.test', 'text', 0),
('TextTranslationTestCase', 'class', 'modules/field/modules/text/text.test', 'text', 0),
('ThemeRegistry', 'class', 'includes/theme.inc', '', 0),
('ThemeUpdater', 'class', 'modules/system/system.updater.inc', 'system', 0),
('TokenArrayTestCase', 'class', 'sites/all/modules/token/token.test', 'token', 0),
('TokenBlockTestCase', 'class', 'sites/all/modules/token/token.test', 'token', 0),
('TokenCommentTestCase', 'class', 'sites/all/modules/token/token.test', 'token', 0),
('TokenCurrentPageTestCase', 'class', 'sites/all/modules/token/token.test', 'token', 0),
('TokenDateTestCase', 'class', 'sites/all/modules/token/token.test', 'token', 0),
('TokenEntityTestCase', 'class', 'sites/all/modules/token/token.test', 'token', 0),
('TokenFileTestCase', 'class', 'sites/all/modules/token/token.test', 'token', 0),
('TokenMenuTestCase', 'class', 'sites/all/modules/token/token.test', 'token', 0),
('TokenNodeTestCase', 'class', 'sites/all/modules/token/token.test', 'token', 0),
('TokenProfileTestCase', 'class', 'sites/all/modules/token/token.test', 'token', 0),
('TokenRandomTestCase', 'class', 'sites/all/modules/token/token.test', 'token', 0),
('TokenReplaceTestCase', 'class', 'modules/system/system.test', 'system', 0),
('TokenTaxonomyTestCase', 'class', 'sites/all/modules/token/token.test', 'token', 0),
('TokenTestHelper', 'class', 'sites/all/modules/token/token.test', 'token', 0),
('TokenUnitTestCase', 'class', 'sites/all/modules/token/token.test', 'token', 0),
('TokenURLTestCase', 'class', 'sites/all/modules/token/token.test', 'token', 0),
('TokenUserTestCase', 'class', 'sites/all/modules/token/token.test', 'token', 0),
('TrackerTest', 'class', 'modules/tracker/tracker.test', 'tracker', 0),
('TranslationTestCase', 'class', 'modules/translation/translation.test', 'translation', 0),
('TriggerActionTestCase', 'class', 'modules/trigger/trigger.test', 'trigger', 0),
('TriggerContentTestCase', 'class', 'modules/trigger/trigger.test', 'trigger', 0),
('TriggerCronTestCase', 'class', 'modules/trigger/trigger.test', 'trigger', 0),
('TriggerOrphanedActionsTestCase', 'class', 'modules/trigger/trigger.test', 'trigger', 0),
('TriggerOtherTestCase', 'class', 'modules/trigger/trigger.test', 'trigger', 0),
('TriggerUnassignTestCase', 'class', 'modules/trigger/trigger.test', 'trigger', 0),
('TriggerUserActionTestCase', 'class', 'modules/trigger/trigger.test', 'trigger', 0),
('TriggerUserTokenTestCase', 'class', 'modules/trigger/trigger.test', 'trigger', 0),
('TriggerWebTestCase', 'class', 'modules/trigger/trigger.test', 'trigger', 0),
('TruncateQuery', 'class', 'includes/database/query.inc', '', 0),
('TruncateQuery_mysql', 'class', 'includes/database/mysql/query.inc', '', 0),
('TruncateQuery_sqlite', 'class', 'includes/database/sqlite/query.inc', '', 0),
('UpdateCoreTestCase', 'class', 'modules/update/update.test', 'update', 0),
('UpdateCoreUnitTestCase', 'class', 'modules/update/update.test', 'update', 0),
('UpdateFeedItemTestCase', 'class', 'modules/aggregator/aggregator.test', 'aggregator', 0),
('UpdateFeedTestCase', 'class', 'modules/aggregator/aggregator.test', 'aggregator', 0),
('UpdateQuery', 'class', 'includes/database/query.inc', '', 0),
('UpdateQuery_pgsql', 'class', 'includes/database/pgsql/query.inc', '', 0),
('UpdateQuery_sqlite', 'class', 'includes/database/sqlite/query.inc', '', 0),
('Updater', 'class', 'includes/updater.inc', '', 0),
('UpdaterException', 'class', 'includes/updater.inc', '', 0),
('UpdaterFileTransferException', 'class', 'includes/updater.inc', '', 0),
('UpdateScriptFunctionalTest', 'class', 'modules/system/system.test', 'system', 0),
('UpdateTestContribCase', 'class', 'modules/update/update.test', 'update', 0),
('UpdateTestHelper', 'class', 'modules/update/update.test', 'update', 0),
('UpdateTestUploadCase', 'class', 'modules/update/update.test', 'update', 0),
('UserAccountLinksUnitTests', 'class', 'modules/user/user.test', 'user', 0),
('UserAdminTestCase', 'class', 'modules/user/user.test', 'user', 0),
('UserAuthmapAssignmentTestCase', 'class', 'modules/user/user.test', 'user', 0),
('UserAutocompleteTestCase', 'class', 'modules/user/user.test', 'user', 0),
('UserBlocksUnitTests', 'class', 'modules/user/user.test', 'user', 0),
('UserCancelTestCase', 'class', 'modules/user/user.test', 'user', 0),
('UserController', 'class', 'modules/user/user.module', 'user', 0),
('UserCreateTestCase', 'class', 'modules/user/user.test', 'user', 0),
('UserEditedOwnAccountTestCase', 'class', 'modules/user/user.test', 'user', 0),
('UserEditTestCase', 'class', 'modules/user/user.test', 'user', 0),
('UserLoginTestCase', 'class', 'modules/user/user.test', 'user', 0),
('UserPasswordResetTestCase', 'class', 'modules/user/user.test', 'user', 0),
('UserPermissionsTestCase', 'class', 'modules/user/user.test', 'user', 0),
('UserPictureTestCase', 'class', 'modules/user/user.test', 'user', 0),
('UserRegistrationTestCase', 'class', 'modules/user/user.test', 'user', 0),
('UserRoleAdminTestCase', 'class', 'modules/user/user.test', 'user', 0),
('UserRolesAssignmentTestCase', 'class', 'modules/user/user.test', 'user', 0),
('UserSaveTestCase', 'class', 'modules/user/user.test', 'user', 0),
('UserSignatureTestCase', 'class', 'modules/user/user.test', 'user', 0),
('UserTimeZoneFunctionalTest', 'class', 'modules/user/user.test', 'user', 0),
('UserTokenReplaceTestCase', 'class', 'modules/user/user.test', 'user', 0),
('UserUserSearchTestCase', 'class', 'modules/user/user.test', 'user', 0),
('UserValidateCurrentPassCustomForm', 'class', 'modules/user/user.test', 'user', 0),
('UserValidationTestCase', 'class', 'modules/user/user.test', 'user', 0),
('view', 'class', 'sites/all/modules/views/includes/view.inc', 'views', 10),
('ViewsAccessTest', 'class', 'sites/all/modules/views/tests/views_access.test', 'views', 10),
('ViewsAnalyzeTest', 'class', 'sites/all/modules/views/tests/views_analyze.test', 'views', 10),
('ViewsArgumentDefaultTest', 'class', 'sites/all/modules/views/tests/views_argument_default.test', 'views', 10),
('ViewsArgumentValidatorTest', 'class', 'sites/all/modules/views/tests/views_argument_validator.test', 'views', 10),
('ViewsBasicTest', 'class', 'sites/all/modules/views/tests/views_basic.test', 'views', 10),
('ViewsCacheTest', 'class', 'sites/all/modules/views/tests/views_cache.test', 'views', 10),
('ViewsExposedFormTest', 'class', 'sites/all/modules/views/tests/views_exposed_form.test', 'views', 10),
('viewsFieldApiDataTest', 'class', 'sites/all/modules/views/tests/field/views_fieldapi.test', 'views', 10),
('ViewsFieldApiTestHelper', 'class', 'sites/all/modules/views/tests/field/views_fieldapi.test', 'views', 10),
('ViewsGlossaryTestCase', 'class', 'sites/all/modules/views/tests/views_glossary.test', 'views', 10),
('ViewsHandlerAreaTextTest', 'class', 'sites/all/modules/views/tests/handlers/views_handler_area_text.test', 'views', 10),
('viewsHandlerArgumentCommentUserUidTest', 'class', 'sites/all/modules/views/tests/comment/views_handler_argument_comment_user_uid.test', 'views', 10),
('ViewsHandlerArgumentNullTest', 'class', 'sites/all/modules/views/tests/handlers/views_handler_argument_null.test', 'views', 10),
('ViewsHandlerArgumentStringTest', 'class', 'sites/all/modules/views/tests/handlers/views_handler_argument_string.test', 'views', 10),
('ViewsHandlerFieldBooleanTest', 'class', 'sites/all/modules/views/tests/handlers/views_handler_field_boolean.test', 'views', 10),
('ViewsHandlerFieldCustomTest', 'class', 'sites/all/modules/views/tests/handlers/views_handler_field_custom.test', 'views', 10),
('ViewsHandlerFieldDateTest', 'class', 'sites/all/modules/views/tests/handlers/views_handler_field_date.test', 'views', 10),
('viewsHandlerFieldFieldTest', 'class', 'sites/all/modules/views/tests/field/views_fieldapi.test', 'views', 10),
('ViewsHandlerFieldMath', 'class', 'sites/all/modules/views/tests/handlers/views_handler_field_math.test', 'views', 10),
('ViewsHandlerFieldTest', 'class', 'sites/all/modules/views/tests/handlers/views_handler_field.test', 'views', 10),
('ViewsHandlerFieldUrlTest', 'class', 'sites/all/modules/views/tests/handlers/views_handler_field_url.test', 'views', 10),
('viewsHandlerFieldUserNameTest', 'class', 'sites/all/modules/views/tests/user/views_handler_field_user_name.test', 'views', 10),
('ViewsHandlerFilterCombineTest', 'class', 'sites/all/modules/views/tests/handlers/views_handler_filter_combine.test', 'views', 10),
('viewsHandlerFilterCommentUserUidTest', 'class', 'sites/all/modules/views/tests/comment/views_handler_filter_comment_user_uid.test', 'views', 10),
('ViewsHandlerFilterCounterTest', 'class', 'sites/all/modules/views/tests/handlers/views_handler_field_counter.test', 'views', 10),
('ViewsHandlerFilterDateTest', 'class', 'sites/all/modules/views/tests/handlers/views_handler_filter_date.test', 'views', 10),
('ViewsHandlerFilterEqualityTest', 'class', 'sites/all/modules/views/tests/handlers/views_handler_filter_equality.test', 'views', 10),
('ViewsHandlerFilterInOperator', 'class', 'sites/all/modules/views/tests/handlers/views_handler_filter_in_operator.test', 'views', 10),
('ViewsHandlerFilterNumericTest', 'class', 'sites/all/modules/views/tests/handlers/views_handler_filter_numeric.test', 'views', 10),
('ViewsHandlerFilterStringTest', 'class', 'sites/all/modules/views/tests/handlers/views_handler_filter_string.test', 'views', 10),
('ViewsHandlerRelationshipNodeTermDataTest', 'class', 'sites/all/modules/views/tests/taxonomy/views_handler_relationship_node_term_data.test', 'views', 10),
('ViewsHandlerSortDateTest', 'class', 'sites/all/modules/views/tests/handlers/views_handler_sort_date.test', 'views', 10),
('ViewsHandlerSortRandomTest', 'class', 'sites/all/modules/views/tests/handlers/views_handler_sort_random.test', 'views', 10),
('ViewsHandlerSortTest', 'class', 'sites/all/modules/views/tests/handlers/views_handler_sort.test', 'views', 10),
('ViewsHandlersTest', 'class', 'sites/all/modules/views/tests/views_handlers.test', 'views', 10),
('ViewsHandlerTestFileSize', 'class', 'sites/all/modules/views/tests/handlers/views_handler_field_file_size.test', 'views', 10),
('ViewsHandlerTestXss', 'class', 'sites/all/modules/views/tests/handlers/views_handler_field_xss.test', 'views', 10),
('ViewsModuleTest', 'class', 'sites/all/modules/views/tests/views_module.test', 'views', 10),
('ViewsPagerTest', 'class', 'sites/all/modules/views/tests/views_pager.test', 'views', 10),
('ViewsPluginDisplayTestCase', 'class', 'sites/all/modules/views/tests/plugins/views_plugin_display.test', 'views', 10),
('viewsPluginStyleJumpMenuTest', 'class', 'sites/all/modules/views/tests/styles/views_plugin_style_jump_menu.test', 'views', 10),
('ViewsPluginStyleTestCase', 'class', 'sites/all/modules/views/tests/styles/views_plugin_style.test', 'views', 10),
('ViewsPluginStyleUnformattedTestCase', 'class', 'sites/all/modules/views/tests/styles/views_plugin_style_unformatted.test', 'views', 10),
('ViewsQueryGroupByTest', 'class', 'sites/all/modules/views/tests/views_groupby.test', 'views', 10),
('viewsSearchQuery', 'class', 'sites/all/modules/views/modules/search/views_handler_filter_search.inc', 'views', 10),
('ViewsSqlTest', 'class', 'sites/all/modules/views/tests/views_query.test', 'views', 10),
('ViewsTestCase', 'class', 'sites/all/modules/views/tests/views_query.test', 'views', 10),
('ViewsTranslatableTest', 'class', 'sites/all/modules/views/tests/views_translatable.test', 'views', 10),
('ViewsUiBaseViewsWizard', 'class', 'sites/all/modules/views/plugins/views_wizard/views_ui_base_views_wizard.class.php', 'views_ui', 0),
('ViewsUiCommentViewsWizard', 'class', 'sites/all/modules/views/plugins/views_wizard/views_ui_comment_views_wizard.class.php', 'views_ui', 0),
('ViewsUiFileManagedViewsWizard', 'class', 'sites/all/modules/views/plugins/views_wizard/views_ui_file_managed_views_wizard.class.php', 'views_ui', 0),
('viewsUiGroupbyTestCase', 'class', 'sites/all/modules/views/tests/views_groupby.test', 'views', 10),
('ViewsUiNodeRevisionViewsWizard', 'class', 'sites/all/modules/views/plugins/views_wizard/views_ui_node_revision_views_wizard.class.php', 'views_ui', 0),
('ViewsUiNodeViewsWizard', 'class', 'sites/all/modules/views/plugins/views_wizard/views_ui_node_views_wizard.class.php', 'views_ui', 0),
('ViewsUiTaxonomyTermViewsWizard', 'class', 'sites/all/modules/views/plugins/views_wizard/views_ui_taxonomy_term_views_wizard.class.php', 'views_ui', 0),
('ViewsUiUsersViewsWizard', 'class', 'sites/all/modules/views/plugins/views_wizard/views_ui_users_views_wizard.class.php', 'views_ui', 0),
('ViewsUIWizardBasicTestCase', 'class', 'sites/all/modules/views/tests/views_ui.test', 'views', 10),
('ViewsUIWizardDefaultViewsTestCase', 'class', 'sites/all/modules/views/tests/views_ui.test', 'views', 10),
('ViewsUIWizardHelper', 'class', 'sites/all/modules/views/tests/views_ui.test', 'views', 10),
('ViewsUIWizardItemsPerPageTestCase', 'class', 'sites/all/modules/views/tests/views_ui.test', 'views', 10),
('ViewsUIWizardJumpMenuTestCase', 'class', 'sites/all/modules/views/tests/views_ui.test', 'views', 10),
('ViewsUIWizardMenuTestCase', 'class', 'sites/all/modules/views/tests/views_ui.test', 'views', 10),
('ViewsUIWizardOverrideDisplaysTestCase', 'class', 'sites/all/modules/views/tests/views_ui.test', 'views', 10),
('ViewsUIWizardSortingTestCase', 'class', 'sites/all/modules/views/tests/views_ui.test', 'views', 10),
('ViewsUIWizardTaggedWithTestCase', 'class', 'sites/all/modules/views/tests/views_ui.test', 'views', 10),
('ViewsUpgradeTestCase', 'class', 'sites/all/modules/views/tests/views_upgrade.test', 'views', 10),
('ViewsUserArgumentDefault', 'class', 'sites/all/modules/views/tests/user/views_user_argument_default.test', 'views', 10),
('ViewsUserArgumentValidate', 'class', 'sites/all/modules/views/tests/user/views_user_argument_validate.test', 'views', 10),
('ViewsUserTestCase', 'class', 'sites/all/modules/views/tests/user/views_user.test', 'views', 10),
('ViewsViewTest', 'class', 'sites/all/modules/views/tests/views_view.test', 'views', 10),
('ViewsWizardException', 'class', 'sites/all/modules/views/plugins/views_wizard/views_ui_base_views_wizard.class.php', 'views_ui', 0),
('ViewsWizardInterface', 'interface', 'sites/all/modules/views/plugins/views_wizard/views_ui_base_views_wizard.class.php', 'views_ui', 0),
('views_db_object', 'class', 'sites/all/modules/views/includes/view.inc', 'views', 10),
('views_display', 'class', 'sites/all/modules/views/includes/view.inc', 'views', 10),
('views_handler', 'class', 'sites/all/modules/views/includes/handlers.inc', 'views', 10),
('views_handler_area', 'class', 'sites/all/modules/views/handlers/views_handler_area.inc', 'views', 10),
('views_handler_area_broken', 'class', 'sites/all/modules/views/handlers/views_handler_area.inc', 'views', 10),
('views_handler_area_result', 'class', 'sites/all/modules/views/handlers/views_handler_area_result.inc', 'views', 10),
('views_handler_area_text', 'class', 'sites/all/modules/views/handlers/views_handler_area_text.inc', 'views', 10),
('views_handler_area_text_custom', 'class', 'sites/all/modules/views/handlers/views_handler_area_text_custom.inc', 'views', 10),
('views_handler_area_view', 'class', 'sites/all/modules/views/handlers/views_handler_area_view.inc', 'views', 10),
('views_handler_argument', 'class', 'sites/all/modules/views/handlers/views_handler_argument.inc', 'views', 10),
('views_handler_argument_aggregator_category_cid', 'class', 'sites/all/modules/views/modules/aggregator/views_handler_argument_aggregator_category_cid.inc', 'views', 10),
('views_handler_argument_aggregator_fid', 'class', 'sites/all/modules/views/modules/aggregator/views_handler_argument_aggregator_fid.inc', 'views', 10),
('views_handler_argument_aggregator_iid', 'class', 'sites/all/modules/views/modules/aggregator/views_handler_argument_aggregator_iid.inc', 'views', 10),
('views_handler_argument_broken', 'class', 'sites/all/modules/views/handlers/views_handler_argument.inc', 'views', 10),
('views_handler_argument_comment_user_uid', 'class', 'sites/all/modules/views/modules/comment/views_handler_argument_comment_user_uid.inc', 'views', 10),
('views_handler_argument_date', 'class', 'sites/all/modules/views/handlers/views_handler_argument_date.inc', 'views', 10),
('views_handler_argument_field_list', 'class', 'sites/all/modules/views/modules/field/views_handler_argument_field_list.inc', 'views', 10),
('views_handler_argument_field_list_string', 'class', 'sites/all/modules/views/modules/field/views_handler_argument_field_list_string.inc', 'views', 10),
('views_handler_argument_file_fid', 'class', 'sites/all/modules/views/modules/system/views_handler_argument_file_fid.inc', 'views', 10),
('views_handler_argument_formula', 'class', 'sites/all/modules/views/handlers/views_handler_argument_formula.inc', 'views', 10),
('views_handler_argument_group_by_numeric', 'class', 'sites/all/modules/views/handlers/views_handler_argument_group_by_numeric.inc', 'views', 10),
('views_handler_argument_locale_group', 'class', 'sites/all/modules/views/modules/locale/views_handler_argument_locale_group.inc', 'views', 10),
('views_handler_argument_locale_language', 'class', 'sites/all/modules/views/modules/locale/views_handler_argument_locale_language.inc', 'views', 10),
('views_handler_argument_many_to_one', 'class', 'sites/all/modules/views/handlers/views_handler_argument_many_to_one.inc', 'views', 10),
('views_handler_argument_node_created_day', 'class', 'sites/all/modules/views/modules/node/views_handler_argument_dates_various.inc', 'views', 10),
('views_handler_argument_node_created_fulldate', 'class', 'sites/all/modules/views/modules/node/views_handler_argument_dates_various.inc', 'views', 10),
('views_handler_argument_node_created_month', 'class', 'sites/all/modules/views/modules/node/views_handler_argument_dates_various.inc', 'views', 10),
('views_handler_argument_node_created_week', 'class', 'sites/all/modules/views/modules/node/views_handler_argument_dates_various.inc', 'views', 10),
('views_handler_argument_node_created_year', 'class', 'sites/all/modules/views/modules/node/views_handler_argument_dates_various.inc', 'views', 10),
('views_handler_argument_node_created_year_month', 'class', 'sites/all/modules/views/modules/node/views_handler_argument_dates_various.inc', 'views', 10),
('views_handler_argument_node_language', 'class', 'sites/all/modules/views/modules/node/views_handler_argument_node_language.inc', 'views', 10),
('views_handler_argument_node_nid', 'class', 'sites/all/modules/views/modules/node/views_handler_argument_node_nid.inc', 'views', 10),
('views_handler_argument_node_tnid', 'class', 'sites/all/modules/views/modules/translation/views_handler_argument_node_tnid.inc', 'views', 10),
('views_handler_argument_node_type', 'class', 'sites/all/modules/views/modules/node/views_handler_argument_node_type.inc', 'views', 10),
('views_handler_argument_node_uid_revision', 'class', 'sites/all/modules/views/modules/node/views_handler_argument_node_uid_revision.inc', 'views', 10),
('views_handler_argument_node_vid', 'class', 'sites/all/modules/views/modules/node/views_handler_argument_node_vid.inc', 'views', 10),
('views_handler_argument_null', 'class', 'sites/all/modules/views/handlers/views_handler_argument_null.inc', 'views', 10),
('views_handler_argument_numeric', 'class', 'sites/all/modules/views/handlers/views_handler_argument_numeric.inc', 'views', 10);
INSERT INTO `registry` (`name`, `type`, `filename`, `module`, `weight`) VALUES
('views_handler_argument_search', 'class', 'sites/all/modules/views/modules/search/views_handler_argument_search.inc', 'views', 10),
('views_handler_argument_string', 'class', 'sites/all/modules/views/handlers/views_handler_argument_string.inc', 'views', 10),
('views_handler_argument_taxonomy', 'class', 'sites/all/modules/views/modules/taxonomy/views_handler_argument_taxonomy.inc', 'views', 10),
('views_handler_argument_term_node_tid', 'class', 'sites/all/modules/views/modules/taxonomy/views_handler_argument_term_node_tid.inc', 'views', 10),
('views_handler_argument_term_node_tid_depth', 'class', 'sites/all/modules/views/modules/taxonomy/views_handler_argument_term_node_tid_depth.inc', 'views', 10),
('views_handler_argument_term_node_tid_depth_modifier', 'class', 'sites/all/modules/views/modules/taxonomy/views_handler_argument_term_node_tid_depth_modifier.inc', 'views', 10),
('views_handler_argument_users_roles_rid', 'class', 'sites/all/modules/views/modules/user/views_handler_argument_users_roles_rid.inc', 'views', 10),
('views_handler_argument_user_uid', 'class', 'sites/all/modules/views/modules/user/views_handler_argument_user_uid.inc', 'views', 10),
('views_handler_argument_vocabulary_machine_name', 'class', 'sites/all/modules/views/modules/taxonomy/views_handler_argument_vocabulary_machine_name.inc', 'views', 10),
('views_handler_argument_vocabulary_vid', 'class', 'sites/all/modules/views/modules/taxonomy/views_handler_argument_vocabulary_vid.inc', 'views', 10),
('views_handler_field', 'class', 'sites/all/modules/views/handlers/views_handler_field.inc', 'views', 10),
('views_handler_field_accesslog_path', 'class', 'sites/all/modules/views/modules/statistics/views_handler_field_accesslog_path.inc', 'views', 10),
('views_handler_field_aggregator_category', 'class', 'sites/all/modules/views/modules/aggregator/views_handler_field_aggregator_category.inc', 'views', 10),
('views_handler_field_aggregator_title_link', 'class', 'sites/all/modules/views/modules/aggregator/views_handler_field_aggregator_title_link.inc', 'views', 10),
('views_handler_field_aggregator_xss', 'class', 'sites/all/modules/views/modules/aggregator/views_handler_field_aggregator_xss.inc', 'views', 10),
('views_handler_field_boolean', 'class', 'sites/all/modules/views/handlers/views_handler_field_boolean.inc', 'views', 10),
('views_handler_field_broken', 'class', 'sites/all/modules/views/handlers/views_handler_field.inc', 'views', 10),
('views_handler_field_comment', 'class', 'sites/all/modules/views/modules/comment/views_handler_field_comment.inc', 'views', 10),
('views_handler_field_comment_depth', 'class', 'sites/all/modules/views/modules/comment/views_handler_field_comment_depth.inc', 'views', 10),
('views_handler_field_comment_link', 'class', 'sites/all/modules/views/modules/comment/views_handler_field_comment_link.inc', 'views', 10),
('views_handler_field_comment_link_approve', 'class', 'sites/all/modules/views/modules/comment/views_handler_field_comment_link_approve.inc', 'views', 10),
('views_handler_field_comment_link_delete', 'class', 'sites/all/modules/views/modules/comment/views_handler_field_comment_link_delete.inc', 'views', 10),
('views_handler_field_comment_link_edit', 'class', 'sites/all/modules/views/modules/comment/views_handler_field_comment_link_edit.inc', 'views', 10),
('views_handler_field_comment_link_reply', 'class', 'sites/all/modules/views/modules/comment/views_handler_field_comment_link_reply.inc', 'views', 10),
('views_handler_field_comment_node_link', 'class', 'sites/all/modules/views/modules/comment/views_handler_field_comment_node_link.inc', 'views', 10),
('views_handler_field_comment_username', 'class', 'sites/all/modules/views/modules/comment/views_handler_field_comment_username.inc', 'views', 10),
('views_handler_field_contact_link', 'class', 'sites/all/modules/views/modules/contact/views_handler_field_contact_link.inc', 'views', 10),
('views_handler_field_contextual_links', 'class', 'sites/all/modules/views/handlers/views_handler_field_contextual_links.inc', 'views', 10),
('views_handler_field_counter', 'class', 'sites/all/modules/views/handlers/views_handler_field_counter.inc', 'views', 10),
('views_handler_field_custom', 'class', 'sites/all/modules/views/handlers/views_handler_field_custom.inc', 'views', 10),
('views_handler_field_date', 'class', 'sites/all/modules/views/handlers/views_handler_field_date.inc', 'views', 10),
('views_handler_field_entity', 'class', 'sites/all/modules/views/handlers/views_handler_field_entity.inc', 'views', 10),
('views_handler_field_field', 'class', 'sites/all/modules/views/modules/field/views_handler_field_field.inc', 'views', 10),
('views_handler_field_file', 'class', 'sites/all/modules/views/modules/system/views_handler_field_file.inc', 'views', 10),
('views_handler_field_file_extension', 'class', 'sites/all/modules/views/modules/system/views_handler_field_file_extension.inc', 'views', 10),
('views_handler_field_file_filemime', 'class', 'sites/all/modules/views/modules/system/views_handler_field_file_filemime.inc', 'views', 10),
('views_handler_field_file_size', 'class', 'sites/all/modules/views/handlers/views_handler_field.inc', 'views', 10),
('views_handler_field_file_status', 'class', 'sites/all/modules/views/modules/system/views_handler_field_file_status.inc', 'views', 10),
('views_handler_field_file_uri', 'class', 'sites/all/modules/views/modules/system/views_handler_field_file_uri.inc', 'views', 10),
('views_handler_field_filter_format_name', 'class', 'sites/all/modules/views/modules/filter/views_handler_field_filter_format_name.inc', 'views', 10),
('views_handler_field_history_user_timestamp', 'class', 'sites/all/modules/views/modules/node/views_handler_field_history_user_timestamp.inc', 'views', 10),
('views_handler_field_last_comment_timestamp', 'class', 'sites/all/modules/views/modules/comment/views_handler_field_last_comment_timestamp.inc', 'views', 10),
('views_handler_field_locale_group', 'class', 'sites/all/modules/views/modules/locale/views_handler_field_locale_group.inc', 'views', 10),
('views_handler_field_locale_language', 'class', 'sites/all/modules/views/modules/locale/views_handler_field_locale_language.inc', 'views', 10),
('views_handler_field_locale_link_edit', 'class', 'sites/all/modules/views/modules/locale/views_handler_field_locale_link_edit.inc', 'views', 10),
('views_handler_field_machine_name', 'class', 'sites/all/modules/views/handlers/views_handler_field_machine_name.inc', 'views', 10),
('views_handler_field_markup', 'class', 'sites/all/modules/views/handlers/views_handler_field_markup.inc', 'views', 10),
('views_handler_field_math', 'class', 'sites/all/modules/views/handlers/views_handler_field_math.inc', 'views', 10),
('views_handler_field_ncs_last_comment_name', 'class', 'sites/all/modules/views/modules/comment/views_handler_field_ncs_last_comment_name.inc', 'views', 10),
('views_handler_field_ncs_last_updated', 'class', 'sites/all/modules/views/modules/comment/views_handler_field_ncs_last_updated.inc', 'views', 10),
('views_handler_field_node', 'class', 'sites/all/modules/views/modules/node/views_handler_field_node.inc', 'views', 10),
('views_handler_field_node_comment', 'class', 'sites/all/modules/views/modules/comment/views_handler_field_node_comment.inc', 'views', 10),
('views_handler_field_node_language', 'class', 'sites/all/modules/views/modules/locale/views_handler_field_node_language.inc', 'views', 10),
('views_handler_field_node_link', 'class', 'sites/all/modules/views/modules/node/views_handler_field_node_link.inc', 'views', 10),
('views_handler_field_node_link_delete', 'class', 'sites/all/modules/views/modules/node/views_handler_field_node_link_delete.inc', 'views', 10),
('views_handler_field_node_link_edit', 'class', 'sites/all/modules/views/modules/node/views_handler_field_node_link_edit.inc', 'views', 10),
('views_handler_field_node_link_translate', 'class', 'sites/all/modules/views/modules/translation/views_handler_field_node_link_translate.inc', 'views', 10),
('views_handler_field_node_new_comments', 'class', 'sites/all/modules/views/modules/comment/views_handler_field_node_new_comments.inc', 'views', 10),
('views_handler_field_node_path', 'class', 'sites/all/modules/views/modules/node/views_handler_field_node_path.inc', 'views', 10),
('views_handler_field_node_revision', 'class', 'sites/all/modules/views/modules/node/views_handler_field_node_revision.inc', 'views', 10),
('views_handler_field_node_revision_link', 'class', 'sites/all/modules/views/modules/node/views_handler_field_node_revision_link.inc', 'views', 10),
('views_handler_field_node_revision_link_delete', 'class', 'sites/all/modules/views/modules/node/views_handler_field_node_revision_link_delete.inc', 'views', 10),
('views_handler_field_node_revision_link_revert', 'class', 'sites/all/modules/views/modules/node/views_handler_field_node_revision_link_revert.inc', 'views', 10),
('views_handler_field_node_translation_link', 'class', 'sites/all/modules/views/modules/translation/views_handler_field_node_translation_link.inc', 'views', 10),
('views_handler_field_node_type', 'class', 'sites/all/modules/views/modules/node/views_handler_field_node_type.inc', 'views', 10),
('views_handler_field_numeric', 'class', 'sites/all/modules/views/handlers/views_handler_field_numeric.inc', 'views', 10),
('views_handler_field_prerender_list', 'class', 'sites/all/modules/views/handlers/views_handler_field_prerender_list.inc', 'views', 10),
('views_handler_field_profile_date', 'class', 'sites/all/modules/views/modules/profile/views_handler_field_profile_date.inc', 'views', 10),
('views_handler_field_profile_list', 'class', 'sites/all/modules/views/modules/profile/views_handler_field_profile_list.inc', 'views', 10),
('views_handler_field_search_score', 'class', 'sites/all/modules/views/modules/search/views_handler_field_search_score.inc', 'views', 10),
('views_handler_field_serialized', 'class', 'sites/all/modules/views/handlers/views_handler_field_serialized.inc', 'views', 10),
('views_handler_field_taxonomy', 'class', 'sites/all/modules/views/modules/taxonomy/views_handler_field_taxonomy.inc', 'views', 10),
('views_handler_field_term_link_edit', 'class', 'sites/all/modules/views/modules/taxonomy/views_handler_field_term_link_edit.inc', 'views', 10),
('views_handler_field_term_node_tid', 'class', 'sites/all/modules/views/modules/taxonomy/views_handler_field_term_node_tid.inc', 'views', 10),
('views_handler_field_time_interval', 'class', 'sites/all/modules/views/handlers/views_handler_field_time_interval.inc', 'views', 10),
('views_handler_field_url', 'class', 'sites/all/modules/views/handlers/views_handler_field_url.inc', 'views', 10),
('views_handler_field_user', 'class', 'sites/all/modules/views/modules/user/views_handler_field_user.inc', 'views', 10),
('views_handler_field_user_language', 'class', 'sites/all/modules/views/modules/user/views_handler_field_user_language.inc', 'views', 10),
('views_handler_field_user_link', 'class', 'sites/all/modules/views/modules/user/views_handler_field_user_link.inc', 'views', 10),
('views_handler_field_user_link_cancel', 'class', 'sites/all/modules/views/modules/user/views_handler_field_user_link_cancel.inc', 'views', 10),
('views_handler_field_user_link_edit', 'class', 'sites/all/modules/views/modules/user/views_handler_field_user_link_edit.inc', 'views', 10),
('views_handler_field_user_mail', 'class', 'sites/all/modules/views/modules/user/views_handler_field_user_mail.inc', 'views', 10),
('views_handler_field_user_name', 'class', 'sites/all/modules/views/modules/user/views_handler_field_user_name.inc', 'views', 10),
('views_handler_field_user_permissions', 'class', 'sites/all/modules/views/modules/user/views_handler_field_user_permissions.inc', 'views', 10),
('views_handler_field_user_picture', 'class', 'sites/all/modules/views/modules/user/views_handler_field_user_picture.inc', 'views', 10),
('views_handler_field_user_roles', 'class', 'sites/all/modules/views/modules/user/views_handler_field_user_roles.inc', 'views', 10),
('views_handler_field_xss', 'class', 'sites/all/modules/views/handlers/views_handler_field.inc', 'views', 10),
('views_handler_filter', 'class', 'sites/all/modules/views/handlers/views_handler_filter.inc', 'views', 10),
('views_handler_filter_aggregator_category_cid', 'class', 'sites/all/modules/views/modules/aggregator/views_handler_filter_aggregator_category_cid.inc', 'views', 10),
('views_handler_filter_boolean_operator', 'class', 'sites/all/modules/views/handlers/views_handler_filter_boolean_operator.inc', 'views', 10),
('views_handler_filter_boolean_operator_string', 'class', 'sites/all/modules/views/handlers/views_handler_filter_boolean_operator_string.inc', 'views', 10),
('views_handler_filter_broken', 'class', 'sites/all/modules/views/handlers/views_handler_filter.inc', 'views', 10),
('views_handler_filter_combine', 'class', 'sites/all/modules/views/handlers/views_handler_filter_combine.inc', 'views', 10),
('views_handler_filter_comment_user_uid', 'class', 'sites/all/modules/views/modules/comment/views_handler_filter_comment_user_uid.inc', 'views', 10),
('views_handler_filter_date', 'class', 'sites/all/modules/views/handlers/views_handler_filter_date.inc', 'views', 10),
('views_handler_filter_entity_bundle', 'class', 'sites/all/modules/views/handlers/views_handler_filter_entity_bundle.inc', 'views', 10),
('views_handler_filter_equality', 'class', 'sites/all/modules/views/handlers/views_handler_filter_equality.inc', 'views', 10),
('views_handler_filter_field_list', 'class', 'sites/all/modules/views/modules/field/views_handler_filter_field_list.inc', 'views', 10),
('views_handler_filter_file_status', 'class', 'sites/all/modules/views/modules/system/views_handler_filter_file_status.inc', 'views', 10),
('views_handler_filter_group_by_numeric', 'class', 'sites/all/modules/views/handlers/views_handler_filter_group_by_numeric.inc', 'views', 10),
('views_handler_filter_history_user_timestamp', 'class', 'sites/all/modules/views/modules/node/views_handler_filter_history_user_timestamp.inc', 'views', 10),
('views_handler_filter_in_operator', 'class', 'sites/all/modules/views/handlers/views_handler_filter_in_operator.inc', 'views', 10),
('views_handler_filter_locale_group', 'class', 'sites/all/modules/views/modules/locale/views_handler_filter_locale_group.inc', 'views', 10),
('views_handler_filter_locale_language', 'class', 'sites/all/modules/views/modules/locale/views_handler_filter_locale_language.inc', 'views', 10),
('views_handler_filter_locale_version', 'class', 'sites/all/modules/views/modules/locale/views_handler_filter_locale_version.inc', 'views', 10),
('views_handler_filter_many_to_one', 'class', 'sites/all/modules/views/handlers/views_handler_filter_many_to_one.inc', 'views', 10),
('views_handler_filter_ncs_last_updated', 'class', 'sites/all/modules/views/modules/comment/views_handler_filter_ncs_last_updated.inc', 'views', 10),
('views_handler_filter_node_access', 'class', 'sites/all/modules/views/modules/node/views_handler_filter_node_access.inc', 'views', 10),
('views_handler_filter_node_comment', 'class', 'sites/all/modules/views/modules/comment/views_handler_filter_node_comment.inc', 'views', 10),
('views_handler_filter_node_language', 'class', 'sites/all/modules/views/modules/locale/views_handler_filter_node_language.inc', 'views', 10),
('views_handler_filter_node_status', 'class', 'sites/all/modules/views/modules/node/views_handler_filter_node_status.inc', 'views', 10),
('views_handler_filter_node_tnid', 'class', 'sites/all/modules/views/modules/translation/views_handler_filter_node_tnid.inc', 'views', 10),
('views_handler_filter_node_tnid_child', 'class', 'sites/all/modules/views/modules/translation/views_handler_filter_node_tnid_child.inc', 'views', 10),
('views_handler_filter_node_type', 'class', 'sites/all/modules/views/modules/node/views_handler_filter_node_type.inc', 'views', 10),
('views_handler_filter_node_uid_revision', 'class', 'sites/all/modules/views/modules/node/views_handler_filter_node_uid_revision.inc', 'views', 10),
('views_handler_filter_numeric', 'class', 'sites/all/modules/views/handlers/views_handler_filter_numeric.inc', 'views', 10),
('views_handler_filter_profile_selection', 'class', 'sites/all/modules/views/modules/profile/views_handler_filter_profile_selection.inc', 'views', 10),
('views_handler_filter_search', 'class', 'sites/all/modules/views/modules/search/views_handler_filter_search.inc', 'views', 10),
('views_handler_filter_string', 'class', 'sites/all/modules/views/handlers/views_handler_filter_string.inc', 'views', 10),
('views_handler_filter_system_type', 'class', 'sites/all/modules/views/modules/system/views_handler_filter_system_type.inc', 'views', 10),
('views_handler_filter_term_node_tid', 'class', 'sites/all/modules/views/modules/taxonomy/views_handler_filter_term_node_tid.inc', 'views', 10),
('views_handler_filter_term_node_tid_depth', 'class', 'sites/all/modules/views/modules/taxonomy/views_handler_filter_term_node_tid_depth.inc', 'views', 10),
('views_handler_filter_user_current', 'class', 'sites/all/modules/views/modules/user/views_handler_filter_user_current.inc', 'views', 10),
('views_handler_filter_user_name', 'class', 'sites/all/modules/views/modules/user/views_handler_filter_user_name.inc', 'views', 10),
('views_handler_filter_user_permissions', 'class', 'sites/all/modules/views/modules/user/views_handler_filter_user_permissions.inc', 'views', 10),
('views_handler_filter_user_roles', 'class', 'sites/all/modules/views/modules/user/views_handler_filter_user_roles.inc', 'views', 10),
('views_handler_filter_vocabulary_machine_name', 'class', 'sites/all/modules/views/modules/taxonomy/views_handler_filter_vocabulary_machine_name.inc', 'views', 10),
('views_handler_filter_vocabulary_vid', 'class', 'sites/all/modules/views/modules/taxonomy/views_handler_filter_vocabulary_vid.inc', 'views', 10),
('views_handler_relationship', 'class', 'sites/all/modules/views/handlers/views_handler_relationship.inc', 'views', 10),
('views_handler_relationship_broken', 'class', 'sites/all/modules/views/handlers/views_handler_relationship.inc', 'views', 10),
('views_handler_relationship_entity_reverse', 'class', 'sites/all/modules/views/modules/field/views_handler_relationship_entity_reverse.inc', 'views', 10),
('views_handler_relationship_groupwise_max', 'class', 'sites/all/modules/views/handlers/views_handler_relationship_groupwise_max.inc', 'views', 10),
('views_handler_relationship_node_term_data', 'class', 'sites/all/modules/views/modules/taxonomy/views_handler_relationship_node_term_data.inc', 'views', 10),
('views_handler_relationship_translation', 'class', 'sites/all/modules/views/modules/translation/views_handler_relationship_translation.inc', 'views', 10),
('views_handler_sort', 'class', 'sites/all/modules/views/handlers/views_handler_sort.inc', 'views', 10),
('views_handler_sort_broken', 'class', 'sites/all/modules/views/handlers/views_handler_sort.inc', 'views', 10),
('views_handler_sort_comment_thread', 'class', 'sites/all/modules/views/modules/comment/views_handler_sort_comment_thread.inc', 'views', 10),
('views_handler_sort_date', 'class', 'sites/all/modules/views/handlers/views_handler_sort_date.inc', 'views', 10),
('views_handler_sort_group_by_numeric', 'class', 'sites/all/modules/views/handlers/views_handler_sort_group_by_numeric.inc', 'views', 10),
('views_handler_sort_menu_hierarchy', 'class', 'sites/all/modules/views/handlers/views_handler_sort_menu_hierarchy.inc', 'views', 10),
('views_handler_sort_ncs_last_comment_name', 'class', 'sites/all/modules/views/modules/comment/views_handler_sort_ncs_last_comment_name.inc', 'views', 10),
('views_handler_sort_ncs_last_updated', 'class', 'sites/all/modules/views/modules/comment/views_handler_sort_ncs_last_updated.inc', 'views', 10),
('views_handler_sort_random', 'class', 'sites/all/modules/views/handlers/views_handler_sort_random.inc', 'views', 10),
('views_handler_sort_search_score', 'class', 'sites/all/modules/views/modules/search/views_handler_sort_search_score.inc', 'views', 10),
('views_join', 'class', 'sites/all/modules/views/includes/handlers.inc', 'views', 10),
('views_join_subquery', 'class', 'sites/all/modules/views/includes/handlers.inc', 'views', 10),
('views_many_to_one_helper', 'class', 'sites/all/modules/views/includes/handlers.inc', 'views', 10),
('views_object', 'class', 'sites/all/modules/views/includes/base.inc', 'views', 10),
('views_plugin', 'class', 'sites/all/modules/views/includes/plugins.inc', 'views', 10),
('views_plugin_access', 'class', 'sites/all/modules/views/plugins/views_plugin_access.inc', 'views', 10),
('views_plugin_access_none', 'class', 'sites/all/modules/views/plugins/views_plugin_access_none.inc', 'views', 10),
('views_plugin_access_perm', 'class', 'sites/all/modules/views/plugins/views_plugin_access_perm.inc', 'views', 10),
('views_plugin_access_role', 'class', 'sites/all/modules/views/plugins/views_plugin_access_role.inc', 'views', 10),
('views_plugin_argument_default', 'class', 'sites/all/modules/views/plugins/views_plugin_argument_default.inc', 'views', 10),
('views_plugin_argument_default_book_root', 'class', 'sites/all/modules/views/modules/book/views_plugin_argument_default_book_root.inc', 'views', 10),
('views_plugin_argument_default_current_user', 'class', 'sites/all/modules/views/modules/user/views_plugin_argument_default_current_user.inc', 'views', 10),
('views_plugin_argument_default_fixed', 'class', 'sites/all/modules/views/plugins/views_plugin_argument_default_fixed.inc', 'views', 10),
('views_plugin_argument_default_node', 'class', 'sites/all/modules/views/modules/node/views_plugin_argument_default_node.inc', 'views', 10),
('views_plugin_argument_default_php', 'class', 'sites/all/modules/views/plugins/views_plugin_argument_default_php.inc', 'views', 10),
('views_plugin_argument_default_raw', 'class', 'sites/all/modules/views/plugins/views_plugin_argument_default_raw.inc', 'views', 10),
('views_plugin_argument_default_taxonomy_tid', 'class', 'sites/all/modules/views/modules/taxonomy/views_plugin_argument_default_taxonomy_tid.inc', 'views', 10),
('views_plugin_argument_default_user', 'class', 'sites/all/modules/views/modules/user/views_plugin_argument_default_user.inc', 'views', 10),
('views_plugin_argument_validate', 'class', 'sites/all/modules/views/plugins/views_plugin_argument_validate.inc', 'views', 10),
('views_plugin_argument_validate_node', 'class', 'sites/all/modules/views/modules/node/views_plugin_argument_validate_node.inc', 'views', 10),
('views_plugin_argument_validate_numeric', 'class', 'sites/all/modules/views/plugins/views_plugin_argument_validate_numeric.inc', 'views', 10),
('views_plugin_argument_validate_php', 'class', 'sites/all/modules/views/plugins/views_plugin_argument_validate_php.inc', 'views', 10),
('views_plugin_argument_validate_taxonomy_term', 'class', 'sites/all/modules/views/modules/taxonomy/views_plugin_argument_validate_taxonomy_term.inc', 'views', 10),
('views_plugin_argument_validate_user', 'class', 'sites/all/modules/views/modules/user/views_plugin_argument_validate_user.inc', 'views', 10),
('views_plugin_cache', 'class', 'sites/all/modules/views/plugins/views_plugin_cache.inc', 'views', 10),
('views_plugin_cache_none', 'class', 'sites/all/modules/views/plugins/views_plugin_cache_none.inc', 'views', 10),
('views_plugin_cache_time', 'class', 'sites/all/modules/views/plugins/views_plugin_cache_time.inc', 'views', 10),
('views_plugin_display', 'class', 'sites/all/modules/views/plugins/views_plugin_display.inc', 'views', 10),
('views_plugin_display_attachment', 'class', 'sites/all/modules/views/plugins/views_plugin_display_attachment.inc', 'views', 10),
('views_plugin_display_block', 'class', 'sites/all/modules/views/plugins/views_plugin_display_block.inc', 'views', 10),
('views_plugin_display_default', 'class', 'sites/all/modules/views/plugins/views_plugin_display_default.inc', 'views', 10),
('views_plugin_display_embed', 'class', 'sites/all/modules/views/plugins/views_plugin_display_embed.inc', 'views', 10),
('views_plugin_display_extender', 'class', 'sites/all/modules/views/plugins/views_plugin_display_extender.inc', 'views', 10),
('views_plugin_display_feed', 'class', 'sites/all/modules/views/plugins/views_plugin_display_feed.inc', 'views', 10),
('views_plugin_display_page', 'class', 'sites/all/modules/views/plugins/views_plugin_display_page.inc', 'views', 10),
('views_plugin_exposed_form', 'class', 'sites/all/modules/views/plugins/views_plugin_exposed_form.inc', 'views', 10),
('views_plugin_exposed_form_basic', 'class', 'sites/all/modules/views/plugins/views_plugin_exposed_form_basic.inc', 'views', 10),
('views_plugin_exposed_form_input_required', 'class', 'sites/all/modules/views/plugins/views_plugin_exposed_form_input_required.inc', 'views', 10),
('views_plugin_localization', 'class', 'sites/all/modules/views/plugins/views_plugin_localization.inc', 'views', 10),
('views_plugin_localization_core', 'class', 'sites/all/modules/views/plugins/views_plugin_localization_core.inc', 'views', 0),
('views_plugin_localization_none', 'class', 'sites/all/modules/views/plugins/views_plugin_localization_none.inc', 'views', 0),
('views_plugin_localization_test', 'class', 'sites/all/modules/views/tests/views_plugin_localization_test.inc', 'views', 10),
('views_plugin_pager', 'class', 'sites/all/modules/views/plugins/views_plugin_pager.inc', 'views', 10),
('views_plugin_pager_full', 'class', 'sites/all/modules/views/plugins/views_plugin_pager_full.inc', 'views', 10),
('views_plugin_pager_mini', 'class', 'sites/all/modules/views/plugins/views_plugin_pager_mini.inc', 'views', 10),
('views_plugin_pager_none', 'class', 'sites/all/modules/views/plugins/views_plugin_pager_none.inc', 'views', 10),
('views_plugin_pager_some', 'class', 'sites/all/modules/views/plugins/views_plugin_pager_some.inc', 'views', 10),
('views_plugin_query', 'class', 'sites/all/modules/views/plugins/views_plugin_query.inc', 'views', 10),
('views_plugin_query_default', 'class', 'sites/all/modules/views/plugins/views_plugin_query_default.inc', 'views', 10),
('views_plugin_row', 'class', 'sites/all/modules/views/plugins/views_plugin_row.inc', 'views', 10),
('views_plugin_row_aggregator_rss', 'class', 'sites/all/modules/views/modules/aggregator/views_plugin_row_aggregator_rss.inc', 'views', 10),
('views_plugin_row_comment_rss', 'class', 'sites/all/modules/views/modules/comment/views_plugin_row_comment_rss.inc', 'views', 10),
('views_plugin_row_comment_view', 'class', 'sites/all/modules/views/modules/comment/views_plugin_row_comment_view.inc', 'views', 10),
('views_plugin_row_fields', 'class', 'sites/all/modules/views/plugins/views_plugin_row_fields.inc', 'views', 10),
('views_plugin_row_node_rss', 'class', 'sites/all/modules/views/modules/node/views_plugin_row_node_rss.inc', 'views', 10),
('views_plugin_row_node_view', 'class', 'sites/all/modules/views/modules/node/views_plugin_row_node_view.inc', 'views', 10),
('views_plugin_row_rss_fields', 'class', 'sites/all/modules/views/plugins/views_plugin_row_rss_fields.inc', 'views', 10),
('views_plugin_row_search_view', 'class', 'sites/all/modules/views/modules/search/views_plugin_row_search_view.inc', 'views', 10),
('views_plugin_row_user_view', 'class', 'sites/all/modules/views/modules/user/views_plugin_row_user_view.inc', 'views', 10),
('views_plugin_style', 'class', 'sites/all/modules/views/plugins/views_plugin_style.inc', 'views', 10),
('views_plugin_style_default', 'class', 'sites/all/modules/views/plugins/views_plugin_style_default.inc', 'views', 10),
('views_plugin_style_grid', 'class', 'sites/all/modules/views/plugins/views_plugin_style_grid.inc', 'views', 10),
('views_plugin_style_jump_menu', 'class', 'sites/all/modules/views/plugins/views_plugin_style_jump_menu.inc', 'views', 10),
('views_plugin_style_list', 'class', 'sites/all/modules/views/plugins/views_plugin_style_list.inc', 'views', 10),
('views_plugin_style_rss', 'class', 'sites/all/modules/views/plugins/views_plugin_style_rss.inc', 'views', 10),
('views_plugin_style_summary', 'class', 'sites/all/modules/views/plugins/views_plugin_style_summary.inc', 'views', 10),
('views_plugin_style_summary_jump_menu', 'class', 'sites/all/modules/views/plugins/views_plugin_style_summary_jump_menu.inc', 'views', 10),
('views_plugin_style_summary_unformatted', 'class', 'sites/all/modules/views/plugins/views_plugin_style_summary_unformatted.inc', 'views', 10),
('views_plugin_style_table', 'class', 'sites/all/modules/views/plugins/views_plugin_style_table.inc', 'views', 10),
('views_slideshow_plugin_style_slideshow', 'class', 'sites/all/modules/views_slideshow/views_slideshow_plugin_style_slideshow.inc', 'views_slideshow', 0),
('views_test_plugin_access_test_dynamic', 'class', 'sites/all/modules/views/tests/test_plugins/views_test_plugin_access_test_dynamic.inc', 'views', 10),
('views_test_plugin_access_test_static', 'class', 'sites/all/modules/views/tests/test_plugins/views_test_plugin_access_test_static.inc', 'views', 10),
('views_ui', 'class', 'sites/all/modules/views/plugins/export_ui/views_ui.class.php', 'views_ui', 0),
('WysiwygProfileController', 'class', 'sites/all/modules/wysiwyg/wysiwyg.module', 'wysiwyg', 0);

-- --------------------------------------------------------

--
-- Table structure for table `registry_file`
--

CREATE TABLE IF NOT EXISTS `registry_file` (
  `filename` varchar(255) NOT NULL COMMENT 'Path to the file.',
  `hash` varchar(64) NOT NULL COMMENT 'sha-256 hash of the file’s contents when last parsed.',
  PRIMARY KEY (`filename`)
) ENGINE=InnoDB DEFAULT CHARSET=utf8 COMMENT='Files parsed to build the registry.';

--
-- Dumping data for table `registry_file`
--

INSERT INTO `registry_file` (`filename`, `hash`) VALUES
('includes/actions.inc', 'f36b066681463c7dfe189e0430cb1a89bf66f7e228cbb53cdfcd93987193f759'),
('includes/ajax.inc', '03eadc82eeac4fb6c5a417d0092a99f4c6604ab0495f40c0282e9a68bc50431a'),
('includes/archiver.inc', 'bdbb21b712a62f6b913590b609fd17cd9f3c3b77c0d21f68e71a78427ed2e3e9'),
('includes/authorize.inc', '6d64d8c21aa01eb12fc29918732e4df6b871ed06e5d41373cb95c197ed661d13'),
('includes/batch.inc', '059da9e36e1f3717f27840aae73f10dea7d6c8daf16f6520401cc1ca3b4c0388'),
('includes/batch.queue.inc', '554b2e92e1dad0f7fd5a19cb8dff7e109f10fbe2441a5692d076338ec908de0f'),
('includes/bootstrap.inc', 'bf278ec4f2cac64f8ca6913c01d4e1c287714e57c7c60ba77cbf9b0cddacc89e'),
('includes/cache-install.inc', 'e7ed123c5805703c84ad2cce9c1ca46b3ce8caeeea0d8ef39a3024a4ab95fa0e'),
('includes/cache.inc', '0a70a291f7ce423d1aab4816ef06a6eaf58b454a03a1f419ff309c1147c4765b'),
('includes/common.inc', 'bc10087927d1e9b41d102a90dd9afd21aaa60762396abf12132c38e06f5885d8'),
('includes/database/database.inc', '8caecb405825809b7861df05dcb194046b6a55677f8f334dc66544452d36270b'),
('includes/database/log.inc', '9feb5a17ae2fabcf26a96d2a634ba73da501f7bcfc3599a693d916a6971d00d1'),
('includes/database/mysql/database.inc', 'd4648a3212519b038654457b83466aabc1b928affdd56076c655ba3d8b79a54b'),
('includes/database/mysql/install.inc', '6ae316941f771732fbbabed7e1d6b4cbb41b1f429dd097d04b3345aa15e461a0'),
('includes/database/mysql/query.inc', '7d9ea18a7ff04b7aab6210abbd0313cb53325c19a47ff8ed6c0e591c6e7149c2'),
('includes/database/mysql/schema.inc', 'd8d3904ea9c23a526c2f2a7acc8ba870b31c378aac2eb53e2e41a73c6209c5bd'),
('includes/database/pgsql/database.inc', '56726100fd44f461a04886c590c9c472cc2b2a1b92eb26c7674bf3821a76bb64'),
('includes/database/pgsql/install.inc', '585b80c5bbd6f134bff60d06397f15154657a577d4da8d1b181858905f09dea5'),
('includes/database/pgsql/query.inc', 'cb4c84f8f1ffc73098ed71137248dcd078a505a7530e60d979d74b3a3cdaa658'),
('includes/database/pgsql/schema.inc', '8fd647e4557522283caef63e528c6e403fc0751a46e94aac867a281af85eac27'),
('includes/database/pgsql/select.inc', 'fd4bba7887c1dc6abc8f080fc3a76c01d92ea085434e355dc1ecb50d8743c22d'),
('includes/database/prefetch.inc', 'b5b207a66a69ecb52ee4f4459af16a7b5eabedc87254245f37cc33bebb61c0fb'),
('includes/database/query.inc', '128b5fdb90562d7f7a9e2662ff6f35251b1370ac215298e2c3297c87ebafd961'),
('includes/database/schema.inc', '7eb7251f331109757173353263d1031493c1198ae17a165a6f5a03d3f14f93e7'),
('includes/database/select.inc', '1c74fa55c7721a704f5ef3389032604bf7a60fced15c40d844aee3e1cead7dc6'),
('includes/database/sqlite/database.inc', 'ed2b9981794239cdad2cd04cf4bcdc896ad4d6b66179a4fa487b0d1ec2150a10'),
('includes/database/sqlite/install.inc', '381f3db8c59837d961978ba3097bb6443534ed1659fd713aa563963fa0c42cc5'),
('includes/database/sqlite/query.inc', '523ff7c05aa2b2aca08cad3743b321868ec772856f2b1c7af908bb236c6919ad'),
('includes/database/sqlite/schema.inc', '238414785aa96dd27f10f48c961783f4d1091392beee8d0e7ca8ae774e917da2'),
('includes/database/sqlite/select.inc', '8d1c426dbd337733c206cce9f59a172546c6ed856d8ef3f1c7bef05a16f7bf68'),
('includes/date.inc', '18c047be64f201e16d189f1cc47ed9dcf0a145151b1ee187e90511b24e5d2b36'),
('includes/entity.inc', '93ed9b3f29fb2a75852af3b4cf03ce0edf3e9eddf19e4b82eeba8659d3d5bc78'),
('includes/errors.inc', '0923cf3303e0e976756d159c80c86bbe039109bd90a35a9aca18027c68abd0aa'),
('includes/file.inc', 'e255d823e2652df64896af1f074beb0903bd63c30fa008089355692e1014c7fd'),
('includes/file.mimetypes.inc', 'f88c967550576694b7a1ce2afd0f2f1bbc1a91d21cc2c20f86c44d39ff353867'),
('includes/filetransfer/filetransfer.inc', 'ad42c3696d317f5ebb100c6aca003b8b52b80148ac9553361eab0731d1169592'),
('includes/filetransfer/ftp.inc', '589ebf4b8bd4a2973aa56a156ac1fa83b6c73e703391361fb573167670e0d832'),
('includes/filetransfer/local.inc', '7cbfdb46abbdf539640db27e66fb30e5265128f31002bd0dfc3af16ae01a9492'),
('includes/filetransfer/ssh.inc', '002e24a24cac133d12728bd3843868ce378681237d7fad420761af84e6efe5ad'),
('includes/form.inc', 'ccec80695ca7e2189783bd56863ee69a46e48f786787febbf2ebd15cf9f3deba'),
('includes/graph.inc', '8e0e313a8bb33488f371df11fc1b58d7cf80099b886cd1003871e2c896d1b536'),
('includes/image.inc', 'ea529f15dc0ac27dbd466ee8a38a9e3eb254c9388dc5a3df5d2033aa9f122e06'),
('includes/install.core.inc', '279ac33cbeba9b5e1e8b0999fc6cd37e10f559bcb9ad8c135aef09a1b2837b64'),
('includes/install.inc', 'b58dc8ba85d84b39196c1c20b57b45ec88ca62040595a34ccd1e72862a3a6363'),
('includes/iso.inc', '27730e6175b79c3b5d494582a124f6210289faa03bef099e16347bb914464c66'),
('includes/json-encode.inc', '02a822a652d00151f79db9aa9e171c310b69b93a12f549bc2ce00533a8efa14e'),
('includes/language.inc', 'bbb04c7f467d9419ed288fee8a2d092a507c553ee9824740091ca041c8159772'),
('includes/locale.inc', '8cc571c114587f2b30e4e24db17e97e51e81f9cc395fa01f348aba12cee8523e'),
('includes/lock.inc', 'daa62e95528f6b986b85680b600a896452bf2ce6f38921242857dcc5a3460a1b'),
('includes/mail.inc', '1c2f3e2cd0272751d1628b1e998472296164138b6ba054bb02103c416b96d4e9'),
('includes/menu.inc', 'e7d91cd217fce42d7fde220174b212e73acb2b1f4941255d007687a1adfc281b'),
('includes/module.inc', '17e8e3664d69ac4951908144ab119e772d0c67658de51db33a4fc4c6210f056f'),
('includes/pager.inc', '6f9494b85c07a2cc3be4e54aff2d2757485238c476a7da084d25bde1d88be6d8'),
('includes/password.inc', 'aba5df25a237c14cc69335c4cf72d57da130144410ab04d10917d9da21cd606c'),
('includes/path.inc', '1d939d6b59b07ef41e71c9d616c2e9a34712dd81f6110e1a1f280613b3228738'),
('includes/registry.inc', '4ffb8c9c8c179c1417ff01790f339edf50b5f7cc0c8bb976eef6858cc71e9bc8'),
('includes/session.inc', '7e309e8fb83649bcd838490f50dee04d8440f8771601558095a976f29efb0c30'),
('includes/stream_wrappers.inc', 'b04e31585a9a397b0edf7b3586050cbd4b1f631e283296e1c93f4356662faeb9'),
('includes/tablesort.inc', '3f3cb2820920f7edc0c3d046ffba4fc4e3b73a699a2492780371141cf501aa50'),
('includes/theme.inc', 'afc1cc778c7b82fd2a842397094467625559a671d06754993a23eef10216896b'),
('includes/theme.maintenance.inc', 'd110314b4d943c3e965fcefe452f6873b53cd6a8844154467dfcbb2b6142dc82'),
('includes/token.inc', 'a975300558711bb49406a5c7f78294648baa2e5c912cb66f0c78bb2991c0f3c3'),
('includes/unicode.entities.inc', '2b858138596d961fbaa4c6e3986e409921df7f76b6ee1b109c4af5970f1e0f54'),
('includes/unicode.inc', '465d9c1e8e57a525c304cb0c62dac8bb20c2caf011d2e93bcff607b10d4280a9'),
('includes/update.inc', 'fceffc2a28bdf089ef2374e562d52cddfb1cf2eea6ba9d692f78fb65ebed4bc1'),
('includes/updater.inc', 'd2da0e74ed86e93c209f16069f3d32e1a134ceb6c06a0044f78e841a1b54e380'),
('includes/utility.inc', '9b834814fd3f5ef10ce1946be30ef1ddf3f283c749f1ef1a4ebf845ecd524d59'),
('includes/xmlrpc.inc', 'c5b6ea78adeb135373d11aeaaea057d9fa8995faa4e8c0fec9b7c647f15cc4e0'),
('includes/xmlrpcs.inc', '79dc6e9882f4c506123d7dd8e228a61e22c46979c3aab21a5b1afa315ef6639c'),
('modules/aggregator/aggregator.test', '9a33a33d3c9153336e343d0305130d1939c87ebe1ba778908db9076ad53365ec'),
('modules/block/block.test', '7aefd627d62b44f9c1e9ee3aa9da6c6e2a7cfce01c6613e8bd24c0b9c464dd73'),
('modules/blog/blog.test', '12dc3105782db5fb0df00ff4872561dd049f242eeeb65c979cf349aa75aa1a51'),
('modules/color/color.test', '013806279bd47ceb2f82ca854b57f880ba21058f7a2592c422afae881a7f5d15'),
('modules/comment/comment.module', '594bab37ef1f4d0b0f9a54c7a0f620698fa595bc6b61c8e62635f6dda70fe672'),
('modules/comment/comment.test', '5404277c15b1306a1ad5eca6703f7d2003567fea6085ffd2b1c3d65896acdf21'),
('modules/contact/contact.test', '6ad6e1585fef729036e64b58db83be22d09e2df41117036f3969e698533a4a7e'),
('modules/contextual/contextual.test', '023dafa199bd325ecc55a17b2a3db46ac0a31e23059f701f789f3bc42427ba0b'),
('modules/dashboard/dashboard.test', '270378b5c8ed0e7d0e00fbc62e617813c6dec1d79396229786942bf9fb738e16'),
('modules/dblog/dblog.test', '74b2ec1fd67c39edcc30d2460d9c9752311a1fc44c82836a22abff97a704604b'),
('modules/field/field.attach.inc', 'd1d0d7e63ccbe1e184bd137adfd0b17434f7a85ff97c579155bb88130fc1f3c5'),
('modules/field/field.module', '8cdfc5afe890564d7fc9f0cf3ae9a24f13396ae9f42da96b06a2c85290946bbd'),
('modules/field/modules/field_sql_storage/field_sql_storage.test', '8ede9843d771e307dfd3d7e7562976b07e0e0a9310a5cf409413581f199c897f'),
('modules/field/modules/list/tests/list.test', '9f366469763beb3fe0571d66318bac6df293fd15f4eb5cfe4850b9fb9a509f38'),
('modules/field/modules/number/number.test', 'cb55fbc3a1ceed154af673af727b4c5ee6ac2e7dc9d4e1cbc33f3f8e2269146c'),
('modules/field/modules/options/options.test', '8c6dd464fdb5cca90b0260bcfa5f56941b4b28edd879b23a795f0442f5368d4c'),
('modules/field/modules/text/text.test', '9d74c6d039f55dd7d6447a59186da8d48bf20617bfe58424612798f649797586'),
('modules/field/tests/field.test', '83b24244179ffb630f792bbc687907cba6ca480de731520cae8675c6cf1067fc'),
('modules/field_ui/field_ui.test', 'ca549daa46206221863098c6ee5da53a4c647a3016ee5903687804224a44dc9d'),
('modules/file/tests/file.test', '802532f0032f1740592379d7bd9c93f8c453f68b93f11bf0143bd5de648659c8'),
('modules/filter/filter.test', 'f439e0d529cae5089990c7f0c5059ece953ae14c56e8a753d6375acf0f873560'),
('modules/forum/forum.test', '5e53a8d3f9738d699e533877fff17b10f3382c9f9bc127a848761a852cf12b2e'),
('modules/help/help.test', 'c6f03ece30548a6a345afcfac920d85afc418596a19dc4cf43f994391c5050d9'),
('modules/image/image.test', '4c801a6ddecd97b3c2c5fbe308cce367279431a04b812b493b5a32de9eb85406'),
('modules/locale/locale.test', 'aecf163a517fa4cea54f1d9ed4115f55fdc39221fd9a9aef09140775478e8b67'),
('modules/menu/menu.test', 'b8ee602184584fab464900a946090dc1f3d81c15b8176004ee62022814632430'),
('modules/node/node.module', '879ce1cc1800b36f0127b283ea4c2366c31f3954a8b24eb89451dccc16ba0ebd'),
('modules/node/node.test', '993e86ff2fc8dec1e2fae7b3b66cb9c220f130f2d3cf4f9c24c9fe3ba28379ae'),
('modules/openid/openid.test', '6bc5fc96e72826d603f7508b709c05e5ca52e2eeb2ff18948a97c3d3d5f3f941'),
('modules/path/path.test', 'c05b26db575e93a73f2e4c8eaa6091b4fe8fc805f59620c2f7e1276cc206ba9d'),
('modules/php/php.test', '009f628f14137eb137d46c97e0ddef7a0c426707a7b4616c00c6d9446638f243'),
('modules/poll/poll.test', 'ca9ed69731381d0314590e9acbe39f384d4e418c347a221b9b480c87453ac7d0'),
('modules/search/search.extender.inc', 'fea036745113dca3fea52ba956af605c4789f4acfa2ab1650a5843c6e173d7fe'),
('modules/search/search.test', '1fe9dfc982953f42f67d7eee9a855e7248373067ba55cfff001d8a750b83e695'),
('modules/shortcut/shortcut.test', '9d0f81602c9a58b60ad3ae4b996e5a431016014151540769e9594711232575e4'),
('modules/statistics/statistics.test', 'ec8b11202af5273144da31398926ed6fdd8fb144ba3d8ab6c0598c368e530263'),
('modules/syslog/syslog.test', 'ad873b3d499ebad748784ae88df3496f39de1b9bbfd98c3193ef1ea70c6376ae'),
('modules/system/system.archiver.inc', 'faa849f3e646a910ab82fd6c8bbf0a4e6b8c60725d7ba81ec0556bd716616cd1'),
('modules/system/system.mail.inc', '3c2c06b55bded609e72add89db41af3bb405d42b9553793acba5fe51be8861d8'),
('modules/system/system.queue.inc', 'caf4feda51bdf7ad62cf782bc23274d367154e51897f2732f07bd06982d85ab1'),
('modules/system/system.tar.inc', '8a31d91f7b3cd7eac25b3fa46e1ed9a8527c39718ba76c3f8c0bbbeaa3aa4086'),
('modules/system/system.test', 'ca539539bea3d2c070552f79dbae279e2872ba9d48af386c89ab6c1fc95488da'),
('modules/system/system.updater.inc', 'e2eeed65b833a6215f807b113f6fb4cc3cc487e93efcb1402ed87c536d2c9ea6'),
('modules/taxonomy/taxonomy.module', '389f4e8e040e99c02b4795983e7b44ffb00e766d2a4b3fa06aca98621073f6b2'),
('modules/taxonomy/taxonomy.test', 'c986487a1ffb9cd75b4ce607494055ddf5a9a82b40f7d7a98175c145a7a17a8c'),
('modules/tracker/tracker.test', 'f0d08dbc5248d5a81382381c851d801771a2c49b74b0e0503d72b4e12efac7a7'),
('modules/translation/translation.test', 'd38ed4a70e45b4f199fb9d77fdaabd21a2622dfbb117eaaf5f91786fa2a0e0f3'),
('modules/trigger/trigger.test', '84032a84cfdb2934025f679575b86925bf3b59acb74ad4da89ca75799e076320'),
('modules/update/update.test', 'f0c11dfc51716e9dd5980428a416cdead4246435e1dceaff75ce52c5f381d617'),
('modules/user/user.module', 'e3b673f877ae8fe6b741e29eb3a8c094135efaf8155629a48bdfb1cceb6e8aa1'),
('modules/user/user.test', 'c4b0db04c498c608568bd7fa2e4b23682590c1f64dec06c3f68c3d5c5aba101d'),
('sites/all/modules/cck/cck.install', 'da5af64eebd766e1c8ce76e2fac4ca2791fa8edbee1caf8acfa311aa7aff312d'),
('sites/all/modules/cck/cck.module', '3b34e2a51715beb48d87ce69a1d2b0e668f9083d628f2d4948f4a06a869236ff'),
('sites/all/modules/colorbox/views/colorbox_handler_field_colorbox.inc', 'b24029e48d4f1c945c31ca279ed1232104104718000e10d3cecf51ee84fe6f6c'),
('sites/all/modules/ctools/includes/context.inc', '9564cbebde8daa634b4c074c7fe197613d8c23caf60ad7a31e2c3a73c441204f'),
('sites/all/modules/ctools/includes/math-expr.inc', '3386323b01da62e02c9f3607cd7f0a0d46f1af90a107a07aed726b1fa8c28235'),
('sites/all/modules/ctools/includes/stylizer.inc', 'e18f5a1b8af526751d7175354162c06c2013c96f62d9baa399564d8c45a1c90e'),
('sites/all/modules/ctools/plugins/export_ui/ctools_export_ui.class.php', '3d6d5df2fd5657b59023c8cb7f2d8f96a3f282f28307e5803cc9159297d6a2ab'),
('sites/all/modules/galleryformatter/galleryformatter.install', '8f92aa20022b89c8cb99715fbc1417e1ee6a91158e7207b601b2cc0d1fa1fba9'),
('sites/all/modules/galleryformatter/galleryformatter.module', '85cc3ae9ae87efea2f8515864e46cee838fa59ff5f38f6328724e4c4f923cd8f'),
('sites/all/modules/galleryformatter/theme/galleryformatter.tpl.php', 'fa9f9d2314bfdad253cde2cb7203d6322fe9bd834b00197f27cc0b22dbb33ebf'),
('sites/all/modules/imageapi/imageapi.install', 'effecc172c94a37746b2787de2beea1f22b0fe68672eefa9c3799970863f8d5d'),
('sites/all/modules/imageapi/imageapi.module', '0d236cf49718718f1b49bc8a7c9ca6b1e7c7aa36be72012efab6959d23fd478a'),
('sites/all/modules/imageapi/imageapi_gd.install', 'e70e57a2b7803764affa607f749771f2a80d936e648bfee93cb532e2f3ead1a1'),
('sites/all/modules/imageapi/imageapi_gd.module', 'bc114bf02fb79a9d71d0e85e6b5737ca83e8784204587f2f2396a4236d892d6a'),
('sites/all/modules/imageapi/imagefilter.inc', '30d79a527d9192e764a1471664187acbe8fa67df86b5c196818d4f4373b993dd'),
('sites/all/modules/imageapi/imagerotate.inc', 'b2e4cc47a1c0d8b9348c1ade216ef597be80759c5033a76bd32405103ecdb4a1'),
('sites/all/modules/jquery_plugin/jquery_plugin.module', 'a123854e7fa3755ef028545e5678f6ef56cf22a39952b44a2bbed9db5791f77f'),
('sites/all/modules/libraries/tests/libraries.test', '0f216de1b5d2a15ce5680b2d053af9924f9d9e80661aba0603fa9f618c0f5aca'),
('sites/all/modules/pathauto/pathauto.test', '9204240a755119e02eae68c77e7b9ab816747423ccaaf51742231fbaef1f604f'),
('sites/all/modules/quicktabs/includes/quicktabs_style_plugin.inc', '4d71357780815656b4bff9d6b6b96e07816a9181e695e878f6e83b474902172e'),
('sites/all/modules/quicktabs/plugins/QuickAccordion.inc', '5b8c97724a7cfec461c6883d0f5d34a4e49a2eb0e4d00a324cdcaf42c811eeeb'),
('sites/all/modules/quicktabs/plugins/QuickBlockContent.inc', 'bcc5713629804320654802ebafebcc8e81fa649711d8eca5b3da154d8fdcd6a7'),
('sites/all/modules/quicktabs/plugins/QuickCallbackContent.inc', '416757802a0eb6a4f1564969a7d8bebb6f065ce0b734869d276984f3c495941d'),
('sites/all/modules/quicktabs/plugins/QuickNodeContent.inc', '0f8c5cd9bc66fc47cdf005b0f532e7cc7dfba21924d2bd037f80d6ad194d5bbe'),
('sites/all/modules/quicktabs/plugins/QuickQtabsContent.inc', '1410b450a8b184edfee7dccaefe2e96daf792bee9f4139a200587c4aedf8d46d'),
('sites/all/modules/quicktabs/plugins/QuickQuicktabs.inc', '8344158465567753c4d83be8917fe960342a85a6f57fa5a6e510f0f60778c787'),
('sites/all/modules/quicktabs/plugins/QuickUiTabs.inc', 'c1d966d7d13ae13060c4734653cfb15b0dc19eb9c654acdfd61b87fc595d8531'),
('sites/all/modules/quicktabs/plugins/QuickViewContent.inc', 'e7f36ec8a012faaf96a1b50e9989f1d3fae3912754a3a39180fee455146da1d3'),
('sites/all/modules/quicktabs/quicktabs.classes.inc', '3dac27b7d4b66780417e5a32252479bad5fc9f30fb2d706f6ee7aba517fae394'),
('sites/all/modules/quicktabs/quicktabs.module', '525c25c74ec886567c7ac716c50fa4fbb01b6a4bf3f78cedae13f767b2b50bfc'),
('sites/all/modules/quicktabs/tests/quicktabs.test', '93e357137e7fdc86d6b1cf59d93e4f3e7fa7214a8ca6ce3f1ebe129347ef231e'),
('sites/all/modules/socialmedia/socialmedia.admin.inc', '596324b2b36d4f9a8e94a937b2a73d401aa9d6182ee692be3a05c40fbdf99e54'),
('sites/all/modules/socialmedia/socialmedia.module', 'cdf496e943985bcdc3d455b9ee9aff81a4dc2cb6c80879d59ed007397da28528'),
('sites/all/modules/token/token.install', '4dda5878d48025dfc72faeda487f5f28c19318517b37a3da16aacd6e2c08fc2c'),
('sites/all/modules/token/token.module', 'eafa90a09b9e0eb8a19af1d56badec676744bf7a598333ef6a82e173789b382c'),
('sites/all/modules/token/token.pages.inc', '4aefd97cec04c5483635697449a7616a9616e17a5826e82ddffa42825d358637'),
('sites/all/modules/token/token.test', 'a4d7c5d27809497c2535a66223de49a0ad677d7e7e00b1537b6fd112fba8d60a'),
('sites/all/modules/token/token.tokens.inc', '203fae107b8947b3e8a5762f127d09985fa968feb437f129ca677cd40cf3ff1d'),
('sites/all/modules/views/handlers/views_handler_area.inc', '95d4374c805c057c9855304ded14ce316cdee8aca0744120a74400e2a8173fae'),
('sites/all/modules/views/handlers/views_handler_area_result.inc', '836747c024cc153ec4516737da0c42a864eb708e0b77d2f8ba606411c57356a2'),
('sites/all/modules/views/handlers/views_handler_area_text.inc', '32ffb78483d4c993e7f6582f218991a3a342784b797f9c5f06f1771880ccfc36'),
('sites/all/modules/views/handlers/views_handler_area_text_custom.inc', '35b702060c192b0adf6601ed437d0a02effd3accb71c07d6156013c8be9d5a15'),
('sites/all/modules/views/handlers/views_handler_area_view.inc', 'a6a4a618c96a5657eaa881aa0836663600629529ebfd943c91303a11171974d5'),
('sites/all/modules/views/handlers/views_handler_argument.inc', '5858d2d1ad3ea0321532da0f66c4d2ef2b2a208e941789b37341b76c783c2d42'),
('sites/all/modules/views/handlers/views_handler_argument_date.inc', '1b423d5a437bbd8ed97d0bfb69c635d36f15114699a7bc0056568cc87937477d'),
('sites/all/modules/views/handlers/views_handler_argument_formula.inc', '5a29748494a7e1c37606224de0c3cac45566efe057e4748b6676a898ac224a61'),
('sites/all/modules/views/handlers/views_handler_argument_group_by_numeric.inc', 'b8d29f27592448b63f15138510128203d726590daef56cf153a09407c90ec481'),
('sites/all/modules/views/handlers/views_handler_argument_many_to_one.inc', 'b2de259c2d00fe7ed04eb5d45eb5107ce60535dd0275823883cc29b04d1a3974'),
('sites/all/modules/views/handlers/views_handler_argument_null.inc', '26699660fd0915ec078d7eb35a93ef39fd53e3a2a4841c0ac5dbf0bb02207bee'),
('sites/all/modules/views/handlers/views_handler_argument_numeric.inc', 'ae23d847fa0f1e92baec32665a8894e26660999e338bebffb49ee42daac5a063'),
('sites/all/modules/views/handlers/views_handler_argument_string.inc', 'f8fe4daf0a636cc93d520a0d5ff212840d8bdaa704ddc3c59a24667f341ed3a1'),
('sites/all/modules/views/handlers/views_handler_field.inc', 'cfb79dda88a256829d4dfdb6cb3c550f4df6b81b63c2c68bcdea8960e8636cc6'),
('sites/all/modules/views/handlers/views_handler_field_boolean.inc', '5ed94bd3d3f885a9f7a7952ff64b099e586f0617ed0198af87dc78aaa4dc4c76'),
('sites/all/modules/views/handlers/views_handler_field_contextual_links.inc', '9752231bd248bcbc5c7282361098350f080706e3886d20753c5b2059adb10c00'),
('sites/all/modules/views/handlers/views_handler_field_counter.inc', 'fcfd07c8a20b91819af375c5e1edc33ec7e5b6ee48f419f6183f3401abf9af42'),
('sites/all/modules/views/handlers/views_handler_field_custom.inc', 'a3d25fc20401ae0a1af4b7d6e83376a5b7dc18ab0aed17a3c6d81e2314cf19f8'),
('sites/all/modules/views/handlers/views_handler_field_date.inc', 'ea37efb7819df9a4c2b6f688ec101964474dc7df13e92824913f783314d80740'),
('sites/all/modules/views/handlers/views_handler_field_entity.inc', '909ab36aff896ad8fa4306d95a052172ec27e471ab385a035fcadef8d019e0f9'),
('sites/all/modules/views/handlers/views_handler_field_machine_name.inc', 'df2fe47cf9c6d2e7de8627c08da809fb60883c38697340966f303c223e22aee4'),
('sites/all/modules/views/handlers/views_handler_field_markup.inc', 'a0c652fdf47f7efe35bbf2371f00e230409fe90ea0038eb101bf0c93ae0718e9'),
('sites/all/modules/views/handlers/views_handler_field_math.inc', 'c0f1cd82305ecc2378a7346ed0e4e5503c031b155d53cbfee2c46f82e7996ce4'),
('sites/all/modules/views/handlers/views_handler_field_numeric.inc', '51311e98172a3f2b9f8d406e4c64f2bc9d1243ab8003e1d421bf6ffa5f0100df'),
('sites/all/modules/views/handlers/views_handler_field_prerender_list.inc', '0fe605bf457886fbca5f041a422fc51c6a1927654dcd06cbfc619496fe57de0e'),
('sites/all/modules/views/handlers/views_handler_field_serialized.inc', 'ad3d82a9f37ae4c71a875526c353839da2ff529351efc7861f8b7c9d4b5a47db'),
('sites/all/modules/views/handlers/views_handler_field_time_interval.inc', '280d569784312d19dabfb7aeb94639442ae37e16cba02659a8251de08a4f1de2'),
('sites/all/modules/views/handlers/views_handler_field_url.inc', '7ca57a8dcc42a3d1e7e7ec5defa64a689cb678073e15153ff6a7cafe54c90249'),
('sites/all/modules/views/handlers/views_handler_filter.inc', '70c93c35ffd8829e9e1bb0d8be80ff1641a868abecb41924c3cb2fc513f521ab'),
('sites/all/modules/views/handlers/views_handler_filter_boolean_operator.inc', 'f4ca59e4e1f91f219a1b33690a4ad412269946804fe7cacf24f2574b2c6d8599'),
('sites/all/modules/views/handlers/views_handler_filter_boolean_operator_string.inc', '306ce393a7a4f565fa3eaa4ede1bc7fb4b7f91c65c65f759cab864532bc9d182'),
('sites/all/modules/views/handlers/views_handler_filter_combine.inc', 'da924ce0b5095b16f1ccd58f58cd34a73da9a9cf19033fbb66ed41ce10c62c51'),
('sites/all/modules/views/handlers/views_handler_filter_date.inc', 'e8f6b4181f3661155fd3b94355b2707441e87b2a151af669610a26eb0fba6674'),
('sites/all/modules/views/handlers/views_handler_filter_entity_bundle.inc', '02db977a67a09f70bdc8e2bbc46a05fff8a6d8bd6423308c95418476e84714a3'),
('sites/all/modules/views/handlers/views_handler_filter_equality.inc', '2100cdd7f5232348adae494c5122ba41ff051eee0a8cc14aeaf6a66202cb7ed1'),
('sites/all/modules/views/handlers/views_handler_filter_group_by_numeric.inc', '9401c4c0fe0d678898e5288ef8152784a12e0743df21dec15457353eb2cdb01d'),
('sites/all/modules/views/handlers/views_handler_filter_in_operator.inc', '8fd7f075468bddde5c4208b1c3a6105f8fea0ac0c214452a37c00fc2f3453a7d'),
('sites/all/modules/views/handlers/views_handler_filter_many_to_one.inc', 'b4a415c2824195d3d7d0e37ada9d69ebec0b9cd833ebcac2439efc20aac15595'),
('sites/all/modules/views/handlers/views_handler_filter_numeric.inc', 'b2fbaf1e4e4c3f9444f384239cd23213e23b7980802791b8a71e231d2a2a8c8d'),
('sites/all/modules/views/handlers/views_handler_filter_string.inc', '140006335ac5b19b6253b431afde624db70385b9d22390b8c275296ae469cc7b'),
('sites/all/modules/views/handlers/views_handler_relationship.inc', '4fefdb6c9c48b72dcfe86484123b97eb5f5b90b6a440d8026d71f74dccbd1cd6'),
('sites/all/modules/views/handlers/views_handler_relationship_groupwise_max.inc', '47dcfe351159b10153697c17b3a92607edb34a258ba3b44087c947b9cc88e86f'),
('sites/all/modules/views/handlers/views_handler_sort.inc', '06aab8d75f3dce81eb032128b8f755bfff752dcefc2e5d494b137bca161fdefa'),
('sites/all/modules/views/handlers/views_handler_sort_date.inc', 'd7e771abf74585bd09cc8e666747a093f40848b451de8ba67c8158317946f1b2'),
('sites/all/modules/views/handlers/views_handler_sort_group_by_numeric.inc', '4ba1c38c9af32789a951b8f9377e13631ae26bf1dac3371b31a37ead25b32eb8'),
('sites/all/modules/views/handlers/views_handler_sort_menu_hierarchy.inc', 'ccd65ea3b3270366b7175e2cd7cc9167a09c27e1486949e4a05495ff5c7be5c1'),
('sites/all/modules/views/handlers/views_handler_sort_random.inc', '05a00c3bf76c3278ae0ce39a206a6224089faf5ac4a00dd5b8a558f06fab8e46'),
('sites/all/modules/views/includes/base.inc', 'edb2afb73e9a7bb1c1ed29eca475f3101b360e3b212ee28d5eb3de1c8c13c0cf'),
('sites/all/modules/views/includes/handlers.inc', '544a811db6cb757137fb342e3b500df01e5506a6ef4eec85c04f8e410a6af75a'),
('sites/all/modules/views/includes/plugins.inc', 'bb12703a4a4e8bbc42ecc8ce27bf98546d9ea024324f4d03ba77348ec18b328c'),
('sites/all/modules/views/includes/view.inc', 'b4cfd71194b31cc7f69e78e5a08eadb36d4c14ff4f95c9cfe0187db35c487bd8'),
('sites/all/modules/views/modules/aggregator/views_handler_argument_aggregator_category_cid.inc', '97acf41d6694fd4451909c18b118f482db9f39aa4b8c5cfa75d044d410c46012'),
('sites/all/modules/views/modules/aggregator/views_handler_argument_aggregator_fid.inc', 'c37def91d635b01db36809141d147d263cc910895e11c05e73d703e86b39fd43'),
('sites/all/modules/views/modules/aggregator/views_handler_argument_aggregator_iid.inc', '6bcf0f512b6561384c06ebe77675454bb4901a8c9320cdd28d88e41461446437'),
('sites/all/modules/views/modules/aggregator/views_handler_field_aggregator_category.inc', '252b30b832d8c0097d6878f5d56beecfc8cc1fc7cc8b5a4670d8d95a80b4f17d'),
('sites/all/modules/views/modules/aggregator/views_handler_field_aggregator_title_link.inc', '1bb18967b11f2f4de62075d27e483f175b5e3431622c2e5e8292afcd000beadf'),
('sites/all/modules/views/modules/aggregator/views_handler_field_aggregator_xss.inc', '2db2e1f0500e0a252c7367e6a92906870b3247f9d424f999c381368ee2c76597'),
('sites/all/modules/views/modules/aggregator/views_handler_filter_aggregator_category_cid.inc', '7c7c0690c836ac1b75bca3433aca587b79aec3e7d072ce97dc9b33a35780ad4f'),
('sites/all/modules/views/modules/aggregator/views_plugin_row_aggregator_rss.inc', '591e5bb7272e389fe5fc2b563f8887dbc3674811ffbb41333d36a7a9a1859e56'),
('sites/all/modules/views/modules/book/views_plugin_argument_default_book_root.inc', 'bd3bd9496bf519b1688cf39396f3afa495a29c8190a3e173c0740f4d20606a53'),
('sites/all/modules/views/modules/comment/views_handler_argument_comment_user_uid.inc', '5e29f7523010a074bda7c619b24c5d31e0c060cdbe47136b8b16b2f198ed4b4a'),
('sites/all/modules/views/modules/comment/views_handler_field_comment.inc', 'a126d690cc5bf8491cb4bee4cc8237b90e86768bebbbecb8a9409a3c1e00fa9e'),
('sites/all/modules/views/modules/comment/views_handler_field_comment_depth.inc', '1dc353a31d3c71c67d0b3e6854d9e767e421010fbbf6a8b04a14035e5f7c097f'),
('sites/all/modules/views/modules/comment/views_handler_field_comment_link.inc', '1f7382f7cb05c65a7cba44e4cd58022bbc6ce5597b96228d1891d7720510bf0e'),
('sites/all/modules/views/modules/comment/views_handler_field_comment_link_approve.inc', 'f6db8a0b4dd9fffba9d8ecb7b7363ba99d3b2dc7176436a0a6dd7a93195a5789'),
('sites/all/modules/views/modules/comment/views_handler_field_comment_link_delete.inc', '905a4cb1f91a4b40ee1ca1d1ded9958ae18e82286589fec100adb676769b1fe9'),
('sites/all/modules/views/modules/comment/views_handler_field_comment_link_edit.inc', '8139c932cde20f366a3019111c054b1ed00dbc0c40634b91239b400243b7723a'),
('sites/all/modules/views/modules/comment/views_handler_field_comment_link_reply.inc', '8807884efb840407696c909b9d5d07f60bde9d7f385a59eca214178ce5369558'),
('sites/all/modules/views/modules/comment/views_handler_field_comment_node_link.inc', '64746ff2b80a5f8e83b996a325c3d5c8393934c331510b93d5815ea11c1db162'),
('sites/all/modules/views/modules/comment/views_handler_field_comment_username.inc', '1ce3fa61b3933a3e15466760e4c5d4a85407ba4c8753422b766fc04395fa4d02'),
('sites/all/modules/views/modules/comment/views_handler_field_last_comment_timestamp.inc', '30c55ec6d55bf4928b757f2a236aab56d34a8e6955944a1471e9d7b7aed057c0'),
('sites/all/modules/views/modules/comment/views_handler_field_ncs_last_comment_name.inc', '82025f3ad22b63abc57172d358b3f975006109802f4a5ecac93ce3785c505cae'),
('sites/all/modules/views/modules/comment/views_handler_field_ncs_last_updated.inc', 'facfbc5defd843f4dfb60e645f09a784234d87876628c8de98d2dfa6bb98a895'),
('sites/all/modules/views/modules/comment/views_handler_field_node_comment.inc', '0cf9e8fb416dca35c3b9df3125eb3a8585f798c6a8f8d0e1034b1fccb5cec38b'),
('sites/all/modules/views/modules/comment/views_handler_field_node_new_comments.inc', 'e0830d1f70dea473e46ab2b86e380ef741b2907f033777889f812f46989f2ff7'),
('sites/all/modules/views/modules/comment/views_handler_filter_comment_user_uid.inc', 'f526c2c4153b28d7b144054828261ba7b26566169350477cd4fb3f5b5f280719'),
('sites/all/modules/views/modules/comment/views_handler_filter_ncs_last_updated.inc', '9369675dfee24891fe19bddf85a847c275b8127949c55112ae5cb4d422977d24'),
('sites/all/modules/views/modules/comment/views_handler_filter_node_comment.inc', '70706c47bad9180c2426005da6c178ed8d27b75b28cb797ca2a1925a96dcef09'),
('sites/all/modules/views/modules/comment/views_handler_sort_comment_thread.inc', 'a64bc780cba372bd408f08a5ea9289cdf3d40562bdf2f7320657be9a9f6c7882'),
('sites/all/modules/views/modules/comment/views_handler_sort_ncs_last_comment_name.inc', '9f039e8b8a046c058fda620804e3503be7b3e7e3e4119f0b015ccbae0922635b'),
('sites/all/modules/views/modules/comment/views_handler_sort_ncs_last_updated.inc', 'fa8b9c3614ad5838aa40194940d9dc6935175a16e141ac919f40e74a7428c4e3'),
('sites/all/modules/views/modules/comment/views_plugin_row_comment_rss.inc', 'ab97ac0ed4e6d7f2d44dc4ae9c5a84fe5658b739e1b609e5a877df528c3aa970'),
('sites/all/modules/views/modules/comment/views_plugin_row_comment_view.inc', '82d7296fa3109ca170f66f6f3b5e1209af98a9519bb5e4a2c42d9fc0e95d7078'),
('sites/all/modules/views/modules/contact/views_handler_field_contact_link.inc', 'ec783b215a06c89c0933107a580c144051118305dd0129ac28a7fea5f95a8fd5'),
('sites/all/modules/views/modules/field/views_handler_argument_field_list.inc', 'eff5152a2c120425a2a75fe7dbcb49ed86e5d48392b0f45b49c2e7abee9fa72b'),
('sites/all/modules/views/modules/field/views_handler_argument_field_list_string.inc', '534af91d92da7a622580ab8b262f9ef76241671a5185f30ba81898806c7b7f15'),
('sites/all/modules/views/modules/field/views_handler_field_field.inc', 'da78d77eff6f6292ebcacc61aef1d92dcae59ccedb6ab111a44fb28253d9d116'),
('sites/all/modules/views/modules/field/views_handler_filter_field_list.inc', '3b55cd0a14453c95ebd534507ab842a8505496d0b7e4c7fcd61c186034c7322d'),
('sites/all/modules/views/modules/field/views_handler_relationship_entity_reverse.inc', '060035c5430c81671e4541bcf7de833c8a1eb3fa3f3a9db94dd3cebfa4299ef1'),
('sites/all/modules/views/modules/filter/views_handler_field_filter_format_name.inc', 'fc3f074ffb39822182783a8d5cf2b89ffcc097ccbb2ed15818a72a99e3a18468'),
('sites/all/modules/views/modules/locale/views_handler_argument_locale_group.inc', 'c8545411096da40f48eef8ec59391f4729c884079482e3e5b3cdd5578a1f9ad7'),
('sites/all/modules/views/modules/locale/views_handler_argument_locale_language.inc', 'a1b6505bb26e4b3abce543b9097cd0a7b8cddf00bf1e49fbba86febebb0f4486'),
('sites/all/modules/views/modules/locale/views_handler_field_locale_group.inc', '5b62afe18f92ee4a5fb49eb0995e65b4744bbe3b9c24ffe8f6c21f3191c04afc'),
('sites/all/modules/views/modules/locale/views_handler_field_locale_language.inc', '0cc08bd2d42e07f26e7acc92642b36f0ac62bf23ee9ba3fd21e6cab9a80e9f72'),
('sites/all/modules/views/modules/locale/views_handler_field_locale_link_edit.inc', '836ceb1883047011ac1b3dca2254861b8caa1ea67405b3cdbe0fa6f3fbbd5a96'),
('sites/all/modules/views/modules/locale/views_handler_field_node_language.inc', 'a6ccdb6c1c4df3b4fd31b714f5aa4ac99771ffce63439d6c5de6c0ae2f09a2c1'),
('sites/all/modules/views/modules/locale/views_handler_filter_locale_group.inc', '40fbc041bab64f336f59d1e0593f184b879b2a0c9e2a6050709bdc54cceb2716'),
('sites/all/modules/views/modules/locale/views_handler_filter_locale_language.inc', '3433893d988aad36b918dd6214f5258b701506bc9c0c6a72fd854a036b635e20'),
('sites/all/modules/views/modules/locale/views_handler_filter_locale_version.inc', '9337ea5216784ffc67a0aa45c946e65ad11fc40849189cc70911a81366b78620'),
('sites/all/modules/views/modules/locale/views_handler_filter_node_language.inc', 'd7edea3f35891cc76aa3bb185b9c1404378623ea7fd214c2a1f0d824df12779a'),
('sites/all/modules/views/modules/node/views_handler_argument_dates_various.inc', 'd2c17e6ec3d221bdd0d1c060da4b0c85274c8ac5a0b624b1469b162694a8d0f5'),
('sites/all/modules/views/modules/node/views_handler_argument_node_language.inc', '7ee3ba02bddaa6aeef9961cdf6af7bb386fc2b12529f095b28520bb98af51775'),
('sites/all/modules/views/modules/node/views_handler_argument_node_nid.inc', '11c5b62413ffd1b2c66d4b60a2fe21cf6eb839ae40d4ef81c7a938c5be3e30de'),
('sites/all/modules/views/modules/node/views_handler_argument_node_type.inc', '9e21b4cc4ae861f58c804ea7e2c17fbc5dd2a7938b9abfeb54437b531fc95e6e'),
('sites/all/modules/views/modules/node/views_handler_argument_node_uid_revision.inc', '675c99f8da9748ac507e202f546914bee3ed4065f6ce83a23a2aaafdaefd084e'),
('sites/all/modules/views/modules/node/views_handler_argument_node_vid.inc', '7e5da5594a336c1d0f4cf080ab3fcd690e0de1ee6b5e1830b5fb76a46bced19c'),
('sites/all/modules/views/modules/node/views_handler_field_history_user_timestamp.inc', '7d6d9c8273d317ab908d4873a32086dbd5f78a2b2d07b7ed79975841a2cadea6'),
('sites/all/modules/views/modules/node/views_handler_field_node.inc', '99a0ef52b68e8913eb3563d5c47097c09e46c6493fcb006f383c6f6798edb7fc'),
('sites/all/modules/views/modules/node/views_handler_field_node_link.inc', '26d8309a3a9140682d7d90e4d16ff664a3d7ce662af6ccbf75dc4c493515d7d9'),
('sites/all/modules/views/modules/node/views_handler_field_node_link_delete.inc', '3eeed8c9ffc088ee28b8ffaa5e2b084db24284acc4d1b2e69f90c96cc889016d'),
('sites/all/modules/views/modules/node/views_handler_field_node_link_edit.inc', '28f8c3b7d3d60c31fec3cdf81c84cfbb20f492220457694a0e150c3ddee030c0'),
('sites/all/modules/views/modules/node/views_handler_field_node_path.inc', 'f392fde21e434fd40fc672546ef684780179d91827350ba9c348bb1cc5924727'),
('sites/all/modules/views/modules/node/views_handler_field_node_revision.inc', '5d861a377571786bf0ef9686d400383429583c3523f801e9cdfb464e748fa8fe'),
('sites/all/modules/views/modules/node/views_handler_field_node_revision_link.inc', 'ace72f296cf4a4da4b7dd7b303532aebf93b6b1c18a5d30b51b65738475e3889'),
('sites/all/modules/views/modules/node/views_handler_field_node_revision_link_delete.inc', '0a36602f080c4ef2bb5cb7dbddc5533deab7743c2fbf3bd88b9e478432cac7fb'),
('sites/all/modules/views/modules/node/views_handler_field_node_revision_link_revert.inc', '80ddc7f0c001fde9af491bb22d6044b85324fe90bea611fc3822408fd60008fa'),
('sites/all/modules/views/modules/node/views_handler_field_node_type.inc', 'f8f39c6f238f837270d1b2e42e67bf9ab400a37fe24246c8b86dfcfacc1c4fd9'),
('sites/all/modules/views/modules/node/views_handler_filter_history_user_timestamp.inc', '2970f270e071cad079880e9598d9f7b71d4dd2a2a42a31cd4489029a3cafe158'),
('sites/all/modules/views/modules/node/views_handler_filter_node_access.inc', '35fdbb74eb45e10c0faa783d4fbab7068f26ac3a6e0063cf0873358f861cd20d'),
('sites/all/modules/views/modules/node/views_handler_filter_node_status.inc', 'f7099a59d3f237f2870ecb6b0b5e49dd9d785b1085e94baf55687251e7f3231b'),
('sites/all/modules/views/modules/node/views_handler_filter_node_type.inc', '6842082e7b6e131d6e002e627e6b4490b93ca6ffe7fc0b158d31843217c8c929'),
('sites/all/modules/views/modules/node/views_handler_filter_node_uid_revision.inc', 'b221785bc9a736ef67e4f03e6b26235333115b5b9ce571095de5c5286dd8d744'),
('sites/all/modules/views/modules/node/views_plugin_argument_default_node.inc', '7fb79c8f4adb9bcef7c7da4bf4046fe3490e16c244f6ab96fdca97a8567315ff'),
('sites/all/modules/views/modules/node/views_plugin_argument_validate_node.inc', 'f10d3f4081eed5ca32c41b67e9a0e6f35b2f8ba2cd7897230cb5a680b410a6de'),
('sites/all/modules/views/modules/node/views_plugin_row_node_rss.inc', 'd170c2aab84b73c862bfa79b7aa3f83f2a6d4668235970a1a797ce6d57501308'),
('sites/all/modules/views/modules/node/views_plugin_row_node_view.inc', '713e1c83702ac2d0d7fe76374110cdfd657598a8f3b086ec2352f2de38101504'),
('sites/all/modules/views/modules/profile/views_handler_field_profile_date.inc', '4f357b26c60afe2b812c995be69ebce6c6f4ea13075613baad7ec0aef1960d18'),
('sites/all/modules/views/modules/profile/views_handler_field_profile_list.inc', 'da5fa527ab4bb6a1ff44cc2f9cec91cf3b094670f9e6e3884e1fedce714afe6f'),
('sites/all/modules/views/modules/profile/views_handler_filter_profile_selection.inc', '758dea53760a1b655986c33d21345ac396ad41d10ddf39dd16bc7d8c68e72da7'),
('sites/all/modules/views/modules/search/views_handler_argument_search.inc', '3c20f1234af341ea2229419980d8405b7eca5005c1e0ee387c8d5cd7a58c5c60'),
('sites/all/modules/views/modules/search/views_handler_field_search_score.inc', '711af637c864b775672d9f6203fc2da0902ed17404181d1117b400012aac366f'),
('sites/all/modules/views/modules/search/views_handler_filter_search.inc', '8ebd43d8f2a76348f974cd20bad4fa6b1cb078fcb786e9b48558d4f7daa0e0bd'),
('sites/all/modules/views/modules/search/views_handler_sort_search_score.inc', '9d23dd6c464d486266749106caec1d10cec2da1cc3ae5f907f39056c46badbdf'),
('sites/all/modules/views/modules/search/views_plugin_row_search_view.inc', 'bc25864154d4df0a58bc1ac1148581c76df36267a1d18f8caee2e3e1233c8286'),
('sites/all/modules/views/modules/statistics/views_handler_field_accesslog_path.inc', '7843e5f4b35f4322d673b5646e840c274f7d747f2c60c4d4e9c47e282e6db37d'),
('sites/all/modules/views/modules/system/views_handler_argument_file_fid.inc', 'e9bf1fdf12f210f0a77774381b670c77ee88e7789971ce732b254f6be5a0e451'),
('sites/all/modules/views/modules/system/views_handler_field_file.inc', '0fff4adb471c0c164a78f507b035a68d41f404ab10535f06f6c11206f39a7681'),
('sites/all/modules/views/modules/system/views_handler_field_file_extension.inc', 'f833f6ccd098994d91032d40c0eaf5817559917d860f8f2dd8b82768ca616c91'),
('sites/all/modules/views/modules/system/views_handler_field_file_filemime.inc', 'bdd7f1255f3000f7f2900341d4c4ca378244b96390ef52a30db2962d017b61a4'),
('sites/all/modules/views/modules/system/views_handler_field_file_status.inc', 'bfb0b9d796a4dbf95c4bb7a3deef7724bcda9e0d9067939b74ec787da934f2b0'),
('sites/all/modules/views/modules/system/views_handler_field_file_uri.inc', '350d7dde27ee97cb4279360374eb8633ce7fee115a109346bea85c2c4e3a68c2'),
('sites/all/modules/views/modules/system/views_handler_filter_file_status.inc', '9210a34795f9db36974525e718c91c03c28554da1199932791925d7c4a2f3b11'),
('sites/all/modules/views/modules/system/views_handler_filter_system_type.inc', 'd27513703a75c4d8af79b489266cf4102a36e350c3d90404dab24403ab637205'),
('sites/all/modules/views/modules/taxonomy/views_handler_argument_taxonomy.inc', '8962fa76f1e03316932468b0fd805817af94726beb82bf9f4786e0c709264662'),
('sites/all/modules/views/modules/taxonomy/views_handler_argument_term_node_tid.inc', '79a80284231b3bc5aab36833e8200853686784f880dc6b104552d61fc602f27c'),
('sites/all/modules/views/modules/taxonomy/views_handler_argument_term_node_tid_depth.inc', '5b2806fbad4a6cc104e733a3a0faf6eb1c19975930c67c4149fb3267976e0b7d'),
('sites/all/modules/views/modules/taxonomy/views_handler_argument_term_node_tid_depth_modifier.inc', 'd85ebe68290239b25fc240451655b825325854e9707cf742fbd75de81e0f1aa7'),
('sites/all/modules/views/modules/taxonomy/views_handler_argument_vocabulary_machine_name.inc', '888647527bec3444b2d0a571a77900396d7c5e884bca04a2a3667a61f6377b5e'),
('sites/all/modules/views/modules/taxonomy/views_handler_argument_vocabulary_vid.inc', 'bf4be783ef6899f004f4dbd06c1bf2cd6dbc322678c825eec36bee81d667e81f'),
('sites/all/modules/views/modules/taxonomy/views_handler_field_taxonomy.inc', 'b0dd5cfa87c44b95aefd819444e4985c1773350bcf9fe073a2ef5c82b680b833'),
('sites/all/modules/views/modules/taxonomy/views_handler_field_term_link_edit.inc', 'd22742a168852702a8d41dceae86dcdb8ed53b1464f6b88601bf7267f2f95f12'),
('sites/all/modules/views/modules/taxonomy/views_handler_field_term_node_tid.inc', '29c5132ac98a2959405e44f9a83096b0dcfa30ed7fb4688453ca7e1fc779684b'),
('sites/all/modules/views/modules/taxonomy/views_handler_filter_term_node_tid.inc', '0fd0384ec873d6db244da736e6f5f811ece9a8a5673aeca609a2a3f17f61fc45'),
('sites/all/modules/views/modules/taxonomy/views_handler_filter_term_node_tid_depth.inc', '0b05ec052dcc03081e20338808dda17beb0bdf869b0cfc1375ca96cfb758c22a'),
('sites/all/modules/views/modules/taxonomy/views_handler_filter_vocabulary_machine_name.inc', 'f1787b436b914cfe5ca6f2575d4c0595f4f496795711d6e8a116a39986728b0a'),
('sites/all/modules/views/modules/taxonomy/views_handler_filter_vocabulary_vid.inc', '2a4d7dfbb6b795d217e2617595238f552bbea04b80217c933f1ee9978ceb7a0e'),
('sites/all/modules/views/modules/taxonomy/views_handler_relationship_node_term_data.inc', '995345469938c7796ed77cb010984cb01c0d712386ae4a5f447e843620248570'),
('sites/all/modules/views/modules/taxonomy/views_plugin_argument_default_taxonomy_tid.inc', 'fc4c3ace525162fc922de581af0710c7d92dc355e9630040a29a5c3a6ab7f9af'),
('sites/all/modules/views/modules/taxonomy/views_plugin_argument_validate_taxonomy_term.inc', '642e8b099da01a5421f03a9a2e08f9cfcdc679674279ab848a5ead6b39ceabb2'),
('sites/all/modules/views/modules/translation/views_handler_argument_node_tnid.inc', 'b0e3c87d3790cfa2e265f3d9700f2b3c2857932aa4b6e003e5d0114fc1b4d499'),
('sites/all/modules/views/modules/translation/views_handler_field_node_link_translate.inc', '27a1ac81b50d4807d9a1eff4c5dc8929e4472f9d363f70f5391a794db73424a2'),
('sites/all/modules/views/modules/translation/views_handler_field_node_translation_link.inc', '641ff25cd317bb803de2ace4bd23e8c5f5af5ba4ac38aab7be2fdc58fbb9e86a'),
('sites/all/modules/views/modules/translation/views_handler_filter_node_tnid.inc', '0942fd793740e3aec032a1abb7132f53788a9cdeaeb3d931cac908ac30b73950'),
('sites/all/modules/views/modules/translation/views_handler_filter_node_tnid_child.inc', '2a7a96d6caa4a99996549be0457bf40fa619731543a636d4573e55c190c64c7a'),
('sites/all/modules/views/modules/translation/views_handler_relationship_translation.inc', '9137c85f5ca309d4ee0d3243c470563a5853f5926b8cbd3e843438d4308c9516'),
('sites/all/modules/views/modules/user/views_handler_argument_users_roles_rid.inc', '72da80e7f3c6980da024d86f37ba3721021cc1ead2cfcc1ab9b27897b7b5077a'),
('sites/all/modules/views/modules/user/views_handler_argument_user_uid.inc', 'a4af1bdc1ec5e40587c22c14e839980050baaa346c9d5934ef3f01794932cdc5'),
('sites/all/modules/views/modules/user/views_handler_field_user.inc', '1a2141524e43d86b52c7828fe6df61dd603ad433743c1139cfc5cc28ccb5ce74'),
('sites/all/modules/views/modules/user/views_handler_field_user_language.inc', '5a3da9e08ebeebbcb5abc6a9b16e0d380c5bb5c57b608afb540a3ca6dc1b2959'),
('sites/all/modules/views/modules/user/views_handler_field_user_link.inc', '5a0f35d5305a29816658385ecbd804bf43c92d4b3629fbe4bd9b8d0e9574b6ff'),
('sites/all/modules/views/modules/user/views_handler_field_user_link_cancel.inc', 'bcc690f03eca154ad02d1de3ebca7d99129455e8c8602c0642382ae66a6d2872'),
('sites/all/modules/views/modules/user/views_handler_field_user_link_edit.inc', '5d7c1155d9eccbd6b07c7446fe2b6a8848d6a500f508ac3779f16df56816f92b'),
('sites/all/modules/views/modules/user/views_handler_field_user_mail.inc', 'b7355b704f19322afb4876cea27744367e20098d4ed973e480bf2baf1ddd111c'),
('sites/all/modules/views/modules/user/views_handler_field_user_name.inc', '5fd9a4d7843fee83cf529384a52d7ae69e40a9c8846e7f285e94f4bbbf8c7e29'),
('sites/all/modules/views/modules/user/views_handler_field_user_permissions.inc', 'ec37373524bf23ae107adda6b825570c550e6654c0f0956409fc58df2c860903'),
('sites/all/modules/views/modules/user/views_handler_field_user_picture.inc', '0103d136a91fb219fd981801301b7df00adf90617900ded08efbf6d7df04959b'),
('sites/all/modules/views/modules/user/views_handler_field_user_roles.inc', 'ab5068c4f01a05c6511f7d4b973a77650d5b5c481d4a73f63b7a9b1ef9c0d138'),
('sites/all/modules/views/modules/user/views_handler_filter_user_current.inc', '7f70b7e3b3c10e75d95f54afc9c2fe2f1af9b7a9eab2308d2961b2588dc05845'),
('sites/all/modules/views/modules/user/views_handler_filter_user_name.inc', '5225e5d89051313e0e49ea833709bb4dc44369afeee970b0cfaf1818ababa22c'),
('sites/all/modules/views/modules/user/views_handler_filter_user_permissions.inc', 'a72e8d02c1075cebfee33e5b046460eef9193b2a7c1d47ff130457e4485b6fe5'),
('sites/all/modules/views/modules/user/views_handler_filter_user_roles.inc', '3bb69fbc4e352ce8e4840ec78bdd0f1f29e8709097ce6b29cc2fedd2c74c023e'),
('sites/all/modules/views/modules/user/views_plugin_argument_default_current_user.inc', '11e729115350deffe46ebfe3a55281fa169a90e38a76c3a9d98f26c87900a22b'),
('sites/all/modules/views/modules/user/views_plugin_argument_default_user.inc', 'fe567f009a8e20f402f104b157fd44c04d6bd886a39b2f3355104f644f905419'),
('sites/all/modules/views/modules/user/views_plugin_argument_validate_user.inc', '40d623b0a678fa7c292da92582f06449d0396341ab161069f0fe8d1086ab95da'),
('sites/all/modules/views/modules/user/views_plugin_row_user_view.inc', '52548cca3f18d25b06cfce15ee00acea530b85bd22a10944d984b5a798c5969f'),
('sites/all/modules/views/plugins/export_ui/views_ui.class.php', '6e90fbc82e631c61dbf2c3ac807ae0f2df4c12ab636b8a30d320b44c75bd0b7e'),
('sites/all/modules/views/plugins/views_plugin_access.inc', 'cc16bf7dc4c10eab382e948cfd91902ac1055514b627e3c50932376d3e3f1b91'),
('sites/all/modules/views/plugins/views_plugin_access_none.inc', '8e0a6b706c60abf63ab84d8624567ca12a5b80ad293e4334790065fbe6fa14d4'),
('sites/all/modules/views/plugins/views_plugin_access_perm.inc', '1807a9c91485a5abd3fb2f6590ed4bc185fdabe308db37b169be8abdfc30cab2'),
('sites/all/modules/views/plugins/views_plugin_access_role.inc', '8784836ea87ec6b0974125ed95ed6bbf6fdf91624f496f22c28e9229c695068d'),
('sites/all/modules/views/plugins/views_plugin_argument_default.inc', '43e593760f0e8f031f2e7b861385caa5e39f37de400fe4595925288c78f52f23'),
('sites/all/modules/views/plugins/views_plugin_argument_default_fixed.inc', 'daaa3b59b54cbb11e411e010303f67a51348bb97a4e06997b475f4c41e91c4e0'),
('sites/all/modules/views/plugins/views_plugin_argument_default_php.inc', '7a133b603294bfe498bfdeb50fade0b6e3cf8862270376067d86f69e7dc50eb8'),
('sites/all/modules/views/plugins/views_plugin_argument_default_raw.inc', '4318e0dfa56f167183453cf8cd913f3b7ee539b77a096507905e36db12ded97e'),
('sites/all/modules/views/plugins/views_plugin_argument_validate.inc', 'c71e2b54623cc62530ebb717dec1406c76200a59270d9c60b3be290694c9fdd8'),
('sites/all/modules/views/plugins/views_plugin_argument_validate_numeric.inc', 'c050d3b5723dbfdca9ad312c7fa198e509c626057b95eed326820ce733dd9730'),
('sites/all/modules/views/plugins/views_plugin_argument_validate_php.inc', '56a09922081a5e368d5796907727e35cbf43b0d634e53f947990c8a42d5b5f3e'),
('sites/all/modules/views/plugins/views_plugin_cache.inc', '5a8d4d584ab973b512ca674b45a1e2a4d43d18d420b333cf8179f1ce79d23d85'),
('sites/all/modules/views/plugins/views_plugin_cache_none.inc', 'a0d0ba252e1e2b65350c7ce648b97364726fa8ded5a366bfcce30c62daee4450'),
('sites/all/modules/views/plugins/views_plugin_cache_time.inc', '10db3dd52b06478b7be9b858f3a053ae2c2f6377abe488ad912f8ca786200a1d'),
('sites/all/modules/views/plugins/views_plugin_display.inc', 'a61c01757115713c4af7684f11ac4a80f7658f5dea3362610c4a62d3e64a9a6d'),
('sites/all/modules/views/plugins/views_plugin_display_attachment.inc', '712f4b78334d8b9abe275ef309541f69ae920117c82930cba1ddbb163cb078f5'),
('sites/all/modules/views/plugins/views_plugin_display_block.inc', 'be9e3c4a9e28270147bb21de8056712d58e47eeddf6e002fdb9425996d5d5ead'),
('sites/all/modules/views/plugins/views_plugin_display_default.inc', '91c6554d8f41f848bf30093d44d076051c54e998f6b50bdc2a922bfeeef9c54d'),
('sites/all/modules/views/plugins/views_plugin_display_embed.inc', '5424f2ea9e031faade7a562b8013aea193db5b0bc1be92b97bd7967de0d7bfff'),
('sites/all/modules/views/plugins/views_plugin_display_extender.inc', '75fb9f80e7f153715b911690c7140f251df588e6a541fab5881fbfafc0bbf778'),
('sites/all/modules/views/plugins/views_plugin_display_feed.inc', '503177e0f2630a8b18a496df1fad909d995abe815c27abb3ac018adfdddb239a'),
('sites/all/modules/views/plugins/views_plugin_display_page.inc', '5ff8c9851e5bdb6f6f09b02b1e575742703be4de5754cccb10b6966428df588d'),
('sites/all/modules/views/plugins/views_plugin_exposed_form.inc', '170554669c2219a2522a9b074a23090f5b7757a076db09e21803e9590adc3c9e'),
('sites/all/modules/views/plugins/views_plugin_exposed_form_basic.inc', 'c736e1862b393e15ecc80deb58663405a1d68c2db07eb620d8e640406876cd17'),
('sites/all/modules/views/plugins/views_plugin_exposed_form_input_required.inc', '46566e6bf33f1b3d4640526372af94c03334318fe4267e9f5e2e8cb74f4ddc81'),
('sites/all/modules/views/plugins/views_plugin_localization.inc', 'd7239cc693994dcd069c1f1e7847a7902c5bd29b8d64a93cdf37c602576661fb'),
('sites/all/modules/views/plugins/views_plugin_localization_core.inc', 'f0900c0640e7c779e9b876223ea395f613c8fe8449f6c8eb5d060e2d54a6afcc'),
('sites/all/modules/views/plugins/views_plugin_localization_none.inc', '4930c3a13ddc0df3065f4920a836ffdc933b037e1337764e6687d7311f49dd8a'),
('sites/all/modules/views/plugins/views_plugin_pager.inc', '1cbe6ca33f3a177726e4435b82d05e465deb38f9d32d45a20738f47e7c2b0877'),
('sites/all/modules/views/plugins/views_plugin_pager_full.inc', '1b6e5e1fd8837d6a5f458079a2dc87161a7814c6d8c181c1dee6958a37096c9a'),
('sites/all/modules/views/plugins/views_plugin_pager_mini.inc', '7e69cb56aeb5728fb8d47465d2a42fbd514667a703386ab4b98ac0714cb20b8e'),
('sites/all/modules/views/plugins/views_plugin_pager_none.inc', '822cab1ada25f4902a0505f13db86886061d2ced655438b33b197d031ccceddd'),
('sites/all/modules/views/plugins/views_plugin_pager_some.inc', 'bc6aa7cbf1bc09374eced33334195c8897e4078336b8306d02d71c7aaaa22c99'),
('sites/all/modules/views/plugins/views_plugin_query.inc', '0594d1fd0c34b86c6b81741e134da2d385d6be47b667af6660dd1d268fb7fa95'),
('sites/all/modules/views/plugins/views_plugin_query_default.inc', '76f57cf8fb9e0d9505a1acc8636c4a34187bc2be5fb574934d3d9c4ba65c5077'),
('sites/all/modules/views/plugins/views_plugin_row.inc', '3ca81529526b930cfb0dda202757f203649236b90441e3c035bb79cd419ee2a6'),
('sites/all/modules/views/plugins/views_plugin_row_fields.inc', '875fb2868cdbcc5f7af03098cbe55b9bb91ef512e5e52ccde89f7a02a0c5fbe2'),
('sites/all/modules/views/plugins/views_plugin_row_rss_fields.inc', '62f4a0ceef14aec9958ee8b98d352303f10818ddc66031814cc8b9d21752ade9'),
('sites/all/modules/views/plugins/views_plugin_style.inc', '60243c95aa09e6b09de8418a6dc2b67eabf1e83289cfbf4658c519d6206227be'),
('sites/all/modules/views/plugins/views_plugin_style_default.inc', 'bf411e635d2fd9e09eb245b43581a0a7b670359180ccb042d42a5e579bbe9c30'),
('sites/all/modules/views/plugins/views_plugin_style_grid.inc', '55cdc57509e66f134492850808e19c8688a0dcad2f6fa0f606fba739273f3d5d'),
('sites/all/modules/views/plugins/views_plugin_style_jump_menu.inc', '64c0bac7f4732e179105274417286ad7afc7154129d9d87f56e967a2e3ea0775'),
('sites/all/modules/views/plugins/views_plugin_style_list.inc', '407b928d2c74a91903b681088bccce926d2268d0a9a6a34c185a4849dc0d7e31'),
('sites/all/modules/views/plugins/views_plugin_style_rss.inc', '77fcd2a962022159e89a773c49823306ef69a0dd1b54e6b344d1e2e45590d3d1'),
('sites/all/modules/views/plugins/views_plugin_style_summary.inc', '872df59f8f389eaf9b019e82d859dd198d31166e26a9102132e3932c7f1f2916'),
('sites/all/modules/views/plugins/views_plugin_style_summary_jump_menu.inc', '1d874546ee84d9ccb132fc01137ae80d807983aa1f589a42d1ac98cc943e9409'),
('sites/all/modules/views/plugins/views_plugin_style_summary_unformatted.inc', 'c1e6f9dd1d75e29fee271171440d2182e633a1dbbc996cb186f637ff7ad93ed9');
INSERT INTO `registry_file` (`filename`, `hash`) VALUES
('sites/all/modules/views/plugins/views_plugin_style_table.inc', '036e03018236c2d292fd4b4a623e729b0095cc724555a01b26b37167c28b6b3b'),
('sites/all/modules/views/plugins/views_wizard/views_ui_base_views_wizard.class.php', 'd8325414c8ddde5c955a5cfb053b77478bb4d73cb2f7d75b857b082bc5a1e12d'),
('sites/all/modules/views/plugins/views_wizard/views_ui_comment_views_wizard.class.php', '208d02d7185ccc89c6767d31be2f5417c7877a6846457194eb103bd648aa7577'),
('sites/all/modules/views/plugins/views_wizard/views_ui_file_managed_views_wizard.class.php', '5734fb564ba9e2485cfa5d4a49f0c76f65a9be357b78e769ee4af92c4ef9e22a'),
('sites/all/modules/views/plugins/views_wizard/views_ui_node_revision_views_wizard.class.php', '6faf9ef92501a4f1aeaf86bcff9edaeb47bd7526ba50d06b841c9366149e7725'),
('sites/all/modules/views/plugins/views_wizard/views_ui_node_views_wizard.class.php', '2862cfdcef52cdd42f3b0e0113148bd0da8a93b6cd200f94d51df34e5428fcd2'),
('sites/all/modules/views/plugins/views_wizard/views_ui_taxonomy_term_views_wizard.class.php', 'a8713b5a925ce8619f4f7b2ce74fbf9f7bb570f8ed084c8a7a5865fb40032eab'),
('sites/all/modules/views/plugins/views_wizard/views_ui_users_views_wizard.class.php', 'f9fe2fb1ee87a1871e6ad32bad61b2457313f24da1bd5423977ced12de542919'),
('sites/all/modules/views/tests/comment/views_handler_argument_comment_user_uid.test', 'b8b417ef0e05806a88bd7d5e2f7dcb41339fbf5b66f39311defc9fb65476d561'),
('sites/all/modules/views/tests/comment/views_handler_filter_comment_user_uid.test', '347c6ffd4383706dbde844235aaf31cff44a22e95d2e6d8ef4da34a41b70edd1'),
('sites/all/modules/views/tests/field/views_fieldapi.test', '13ab94f09aef46cccd1b7819dd40544a6a466c815701e7459e8c38ff14d3d870'),
('sites/all/modules/views/tests/handlers/views_handler_area_text.test', 'af74a74a3357567b844606add76d7ca1271317778dd7bd245a216cf963c738b4'),
('sites/all/modules/views/tests/handlers/views_handler_argument_null.test', '1d174e1f467b905d67217bd755100d78ffeca4aa4ada5c4be40270cd6d30b721'),
('sites/all/modules/views/tests/handlers/views_handler_argument_string.test', '3d0213af0041146abb61dcdc750869ed773d0ac80cfa74ffbadfdd03b1f11c52'),
('sites/all/modules/views/tests/handlers/views_handler_field.test', 'af552bf825ab77486b3d0d156779b7c4806ce5a983c6116ad68b633daf9bb927'),
('sites/all/modules/views/tests/handlers/views_handler_field_boolean.test', '45b24a19b3a4ca90dc1591e6a8dbea895c06d7c22ade4c8f74548d1e0185f7d5'),
('sites/all/modules/views/tests/handlers/views_handler_field_counter.test', '75b31942adf06b107f5ffd3c97545fde8cd1040b1d00f682e3c7c1320026e26c'),
('sites/all/modules/views/tests/handlers/views_handler_field_custom.test', '1446bc3d5a6b1180a79edfa46a5268dbf7f089836aa3bc45df00ddaff9dd0ce1'),
('sites/all/modules/views/tests/handlers/views_handler_field_date.test', '6f45326d7f74127956d9d8e4d7ad96a4beb0f66175fa40daf1d618d1a5fa996d'),
('sites/all/modules/views/tests/handlers/views_handler_field_file_size.test', '49184db68af398a54e81c8a76261acd861da8fd7846b9d51dcf476d61396bfb9'),
('sites/all/modules/views/tests/handlers/views_handler_field_math.test', '6e39e4f782e6b36151ceafb41a5509f7c661be79b393b24f6f5496d724535887'),
('sites/all/modules/views/tests/handlers/views_handler_field_url.test', 'b41f762a71594b438a2e60a79c8260ba54e6305635725b0747e29f0d3ffe08c9'),
('sites/all/modules/views/tests/handlers/views_handler_field_xss.test', 'f129ee16c03f84673e33990cbb2da5aa88c362f46e9ba1620b2a842ffd1c9cd2'),
('sites/all/modules/views/tests/handlers/views_handler_filter_combine.test', '05842d83a11822afe7d566835f5db9f0f94fdb27ddfc388d38138767bdf36f8b'),
('sites/all/modules/views/tests/handlers/views_handler_filter_date.test', '045cc449b68bbd5526071bf38c505b6d44f6c91868273c3120705c3bad250aee'),
('sites/all/modules/views/tests/handlers/views_handler_filter_equality.test', 'c88f21c9cbf1aae83393b26616908f8020c18fe378d76256c7ba192df2ec17af'),
('sites/all/modules/views/tests/handlers/views_handler_filter_in_operator.test', '89420a4071677232e0eb82b184b37b818a82bdb2ff90a8b21293f9ecb21808bf'),
('sites/all/modules/views/tests/handlers/views_handler_filter_numeric.test', '35ac7a34e696b979e86ef7209b6697098d9abe218e30a02cc4fe39fb11f2a852'),
('sites/all/modules/views/tests/handlers/views_handler_filter_string.test', 'b7d090780748faad478e619fd55673d746d4a0cf343d9e40ea96881324c34cbd'),
('sites/all/modules/views/tests/handlers/views_handler_sort.test', 'f4ff79e6bc54e83c4eb2777811f33702b7e9fe7416ef70ae00d100fa54d44fec'),
('sites/all/modules/views/tests/handlers/views_handler_sort_date.test', 'f548584d7c6a71cabd3ce07e04053a38df3f3e1685210ce8114238fd05344c10'),
('sites/all/modules/views/tests/handlers/views_handler_sort_random.test', '4fdba9bf05a26720ffa97e7a37da65ddc9044bd2832f8c89007b82feb062f182'),
('sites/all/modules/views/tests/plugins/views_plugin_display.test', '4a6b136543a60999604c54125fa9d4f5aa61a5dcc71e2133d89325d81bc0fc2d'),
('sites/all/modules/views/tests/styles/views_plugin_style.test', '10c19d58cb1e54b02da797bab0c3bb48fa26e36584ebf0cb787adb8c469b630f'),
('sites/all/modules/views/tests/styles/views_plugin_style_jump_menu.test', 'b711f148f82b076c0bdfbeb3fb66b9ccacb1a99907dd258e9cf113bca06e88b2'),
('sites/all/modules/views/tests/styles/views_plugin_style_unformatted.test', '8f376b7956a1f93535f98e591e6ab9ea9914d5cbf994475a870231f6df968080'),
('sites/all/modules/views/tests/taxonomy/views_handler_relationship_node_term_data.test', '6074f5c7ae63225ea0cd26626ace6c017740e226f4d3c234e39869c31308223d'),
('sites/all/modules/views/tests/test_plugins/views_test_plugin_access_test_dynamic.inc', '6a3ce8c256b84734b6b67a893ab24465a5f62d7bdf9ab5d22082a31849346b7d'),
('sites/all/modules/views/tests/test_plugins/views_test_plugin_access_test_static.inc', 'e345e42d443cfa73db0ed2be61291117ebd57b86196cdb77c6f440e93443def3'),
('sites/all/modules/views/tests/user/views_handler_field_user_name.test', '69641b6da26d8daee9a2ceb2d0df56668bf09b86db1d4071c275b6e8d0885f9e'),
('sites/all/modules/views/tests/user/views_user.test', 'fbb63b42a0b7051bd4d33cf36841f39d7cc13a63b0554eca431b2a08c19facae'),
('sites/all/modules/views/tests/user/views_user_argument_default.test', '6423f2db7673763991b1fd0c452a7d84413c7dd888ca6c95545fadc531cfaaf4'),
('sites/all/modules/views/tests/user/views_user_argument_validate.test', 'c88c9e5d162958f8924849758486a0d83822ada06088f5cf71bfbe76932d8d84'),
('sites/all/modules/views/tests/views_access.test', 'f8b9d04b43c09a67ec722290a30408c1df8c163cf6e5863b41468bb4e381ee6f'),
('sites/all/modules/views/tests/views_analyze.test', '5548e36c99bb626209d63e5cddbc31f49ad83865c983d2662c6826b328d24ffb'),
('sites/all/modules/views/tests/views_argument_default.test', '5950937aae4608bba5b86f366ef3a56cc6518bbccfeaeacda79fa13246d220e4'),
('sites/all/modules/views/tests/views_argument_validator.test', '31f8f49946c8aa3b03d6d9a2281bdfb11c54071b28e83fb3e827ca6ff5e38c88'),
('sites/all/modules/views/tests/views_basic.test', '655bd33983f84bbea68a3f24bfab545d2c02f36a478566edf35a98a58ff0c6cf'),
('sites/all/modules/views/tests/views_cache.test', '76316e1f026c2ab81ef91450b9d6d5985cbfab087f839ea0edd112209bf84fd9'),
('sites/all/modules/views/tests/views_exposed_form.test', '2b2b16373af8ecade91d7c77bd8c2da8286a33bde554874f5d81399d201c3228'),
('sites/all/modules/views/tests/views_glossary.test', '118d50177a68a6f88e3727e10f8bcc6f95176282cc42fbd604458eeb932a36e8'),
('sites/all/modules/views/tests/views_groupby.test', 'ac6ca55f084f4884c06437815ccfa5c4d10bfef808c3f6f17a4f69537794a992'),
('sites/all/modules/views/tests/views_handlers.test', 'a696e3d6b1748da03a04ac532f403700d07c920b9c405c628a6c94ea6764f501'),
('sites/all/modules/views/tests/views_module.test', '3939798f2f679308903d4845f5625dd60df6110aec2615e33ab81e854d0b7e73'),
('sites/all/modules/views/tests/views_pager.test', '6f448c8c13c5177afb35103119d6281958a2d6dbdfb96ae5f4ee77cb3b44adc5'),
('sites/all/modules/views/tests/views_plugin_localization_test.inc', 'baedcf6c7381f9c5d3a5062f7d256f96808d06e04b6e73eff8e791e5f5293f45'),
('sites/all/modules/views/tests/views_query.test', '1ab587994dc43b1315e9a534d005798aecaa14182ba23a2b445e56516b9528cb'),
('sites/all/modules/views/tests/views_test.views_default.inc', '9664b95577fe2664410921bb751e1d99109e79b734f2c8c142d4083449282bd0'),
('sites/all/modules/views/tests/views_translatable.test', '4e780fc1bfce03896fea588875cd91311960e77e3deeaf1af5a40c7855640cc1'),
('sites/all/modules/views/tests/views_ui.test', 'f9687a363d7cc2828739583e3eedeb68c99acd505ff4e3036c806a42b93a2688'),
('sites/all/modules/views/tests/views_upgrade.test', 'c48bd74b85809dd78d963e525e38f3b6dd7e12aa249f73bd6a20247a40d6713a'),
('sites/all/modules/views/tests/views_view.test', 'a52e010d27cc2eb29804a3acd30f574adf11fad1f5860e431178b61cddbdbb69'),
('sites/all/modules/views/views_ui.module', '903fc52d5943df19733aab4d6824ce5f44641dd22723ca391b97a7bff0f72e84'),
('sites/all/modules/views_slideshow/contrib/views_slideshow_cycle/theme/views_slideshow_cycle.theme.inc', '7f1f73ce1610779ce593b11d38e6832a06c4f745e1bbea962693bcc4baa1c6fb'),
('sites/all/modules/views_slideshow/contrib/views_slideshow_cycle/views_slideshow_cycle.module', 'ed3201899e23d642cee207b82da6f49acf1e7597dbaa27e1527ed22f9604d7fb'),
('sites/all/modules/views_slideshow/contrib/views_slideshow_cycle/views_slideshow_cycle.views_slideshow.inc', '8fe17974840186891b3029090105801a37b38b06419f50ccc441a71e7d80f67f'),
('sites/all/modules/views_slideshow/theme/views_slideshow.theme.inc', 'a074f621f1343e51f1d2d7d38fc9ad76e78cb6542f82e00bc8dc5c1d0d9a4663'),
('sites/all/modules/views_slideshow/views_slideshow.module', '66bd739ceacafb250368469d70150955c91f745469b4520c8c5e8027285da337'),
('sites/all/modules/views_slideshow/views_slideshow.views.inc', '3b3834220b91a373a74347683de8cbe45dfc19f8263b71dae368abaca45ec617'),
('sites/all/modules/views_slideshow/views_slideshow_plugin_style_slideshow.inc', '51dbe2d3aa647df37e1854e4504f8426e4d7fc79ed3d2309707ee865134a0d3f'),
('sites/all/modules/wysiwyg/tests/wysiwyg.test', '351bd7ed3eb279052b92cd900ceaedb3baa97ab502eed61a390efed83d8cefd8'),
('sites/all/modules/wysiwyg/wysiwyg.module', '23bbe445f32ba4e8d58c555b11e3275bf954380fea6c4e2a02bbc46fcc41daf8');

-- --------------------------------------------------------

--
-- Table structure for table `role`
--

CREATE TABLE IF NOT EXISTS `role` (
  `rid` int(10) unsigned NOT NULL AUTO_INCREMENT COMMENT 'Primary Key: Unique role ID.',
  `name` varchar(64) NOT NULL DEFAULT '' COMMENT 'Unique role name.',
  `weight` int(11) NOT NULL DEFAULT '0' COMMENT 'The weight of this role in listings and the user interface.',
  PRIMARY KEY (`rid`),
  UNIQUE KEY `name` (`name`),
  KEY `name_weight` (`name`,`weight`)
) ENGINE=InnoDB  DEFAULT CHARSET=utf8 COMMENT='Stores user roles.' AUTO_INCREMENT=4 ;

--
-- Dumping data for table `role`
--

INSERT INTO `role` (`rid`, `name`, `weight`) VALUES
(3, 'administrator', 2),
(1, 'anonymous user', 0),
(2, 'authenticated user', 1);



--
-- Dumping data for table `role_permission`
--

INSERT INTO `role_permission` (`rid`, `permission`, `module`) VALUES
(1, 'access comments', 'comment'),
(1, 'access content', 'node'),
(1, 'access news feeds', 'aggregator'),
(1, 'access site-wide contact form', 'contact'),
(1, 'access user contact forms', 'contact'),
(1, 'search content', 'search'),
(1, 'use advanced search', 'search'),
(1, 'use text format filtered_html', 'filter'),
(1, 'vote on polls', 'poll'),
(2, 'access comments', 'comment'),
(2, 'access content', 'node'),
(2, 'access news feeds', 'aggregator'),
(2, 'access site-wide contact form', 'contact'),
(2, 'access user contact forms', 'contact'),
(2, 'cancel own vote', 'poll'),
(2, 'inspect all votes', 'poll'),
(2, 'post comments', 'comment'),
(2, 'search content', 'search'),
(2, 'use advanced search', 'search'),
(2, 'use text format filtered_html', 'filter'),
(2, 'vote on polls', 'poll'),
(3, 'access administration pages', 'system'),
(3, 'access all views', 'views'),
(3, 'access comments', 'comment'),
(3, 'access content', 'node'),
(3, 'access content overview', 'node'),
(3, 'access contextual links', 'contextual'),
(3, 'access dashboard', 'dashboard'),
(3, 'access news feeds', 'aggregator'),
(3, 'access overlay', 'overlay'),
(3, 'access site in maintenance mode', 'system'),
(3, 'access site reports', 'system'),
(3, 'access site-wide contact form', 'contact'),
(3, 'access statistics', 'statistics'),
(3, 'access toolbar', 'toolbar'),
(3, 'access user contact forms', 'contact'),
(3, 'access user profiles', 'user'),
(3, 'administer actions', 'system'),
(3, 'administer blocks', 'block'),
(3, 'administer comments', 'comment'),
(3, 'administer contact forms', 'contact'),
(3, 'administer content types', 'node'),
(3, 'administer filters', 'filter'),
(3, 'administer forums', 'forum'),
(3, 'administer image styles', 'image'),
(3, 'administer languages', 'locale'),
(3, 'administer menu', 'menu'),
(3, 'administer modules', 'system'),
(3, 'administer news feeds', 'aggregator'),
(3, 'administer nodes', 'node'),
(3, 'administer own profiles', 'socialmedia'),
(3, 'administer pathauto', 'pathauto'),
(3, 'administer permissions', 'user'),
(3, 'administer quicktabs', 'quicktabs'),
(3, 'administer search', 'search'),
(3, 'administer shortcuts', 'shortcut'),
(3, 'administer site configuration', 'system'),
(3, 'administer social media', 'socialmedia'),
(3, 'administer software updates', 'system'),
(3, 'administer statistics', 'statistics'),
(3, 'administer taxonomy', 'taxonomy'),
(3, 'administer themes', 'system'),
(3, 'administer url aliases', 'path'),
(3, 'administer users', 'user'),
(3, 'administer views', 'views'),
(3, 'administer widgets sets', 'widgets'),
(3, 'block IP addresses', 'system'),
(3, 'bypass node access', 'node'),
(3, 'cancel account', 'user'),
(3, 'cancel own vote', 'poll'),
(3, 'change own username', 'user'),
(3, 'create article content', 'node'),
(3, 'create page content', 'node'),
(3, 'create url aliases', 'path'),
(3, 'customize shortcut links', 'shortcut'),
(3, 'delete any article content', 'node'),
(3, 'delete any page content', 'node'),
(3, 'delete own article content', 'node'),
(3, 'delete own page content', 'node'),
(3, 'delete revisions', 'node'),
(3, 'delete terms in 1', 'taxonomy'),
(3, 'edit any article content', 'node'),
(3, 'edit any page content', 'node'),
(3, 'edit own article content', 'node'),
(3, 'edit own comments', 'comment'),
(3, 'edit own page content', 'node'),
(3, 'edit terms in 1', 'taxonomy'),
(3, 'inspect all votes', 'poll'),
(3, 'notify of path changes', 'pathauto'),
(3, 'post comments', 'comment'),
(3, 'revert revisions', 'node'),
(3, 'search content', 'search'),
(3, 'select account cancellation method', 'user'),
(3, 'skip comment approval', 'comment'),
(3, 'switch shortcut sets', 'shortcut'),
(3, 'translate content', 'translation'),
(3, 'translate interface', 'locale'),
(3, 'use advanced search', 'search'),
(3, 'use PHP for settings', 'php'),
(3, 'Use PHP input for field settings (dangerous - grant with care)', 'cck'),
(3, 'use text format filtered_html', 'filter'),
(3, 'use text format full_html', 'filter'),
(3, 'view own unpublished content', 'node'),
(3, 'view post access counter', 'statistics'),
(3, 'view revisions', 'node'),
(3, 'view the administration theme', 'system'),
(3, 'vote on polls', 'poll');

-- --------------------------------------------------------

--
-- Table structure for table `search_dataset`
--

CREATE TABLE IF NOT EXISTS `search_dataset` (
  `sid` int(10) unsigned NOT NULL DEFAULT '0' COMMENT 'Search item ID, e.g. node ID for nodes.',
  `type` varchar(16) NOT NULL COMMENT 'Type of item, e.g. node.',
  `data` longtext NOT NULL COMMENT 'List of space-separated words from the item.',
  `reindex` int(10) unsigned NOT NULL DEFAULT '0' COMMENT 'Set to force node reindexing.',
  PRIMARY KEY (`sid`,`type`)
) ENGINE=InnoDB DEFAULT CHARSET=utf8 COMMENT='Stores items that will be searched.';

--
-- Dumping data for table `search_dataset`
--

INSERT INTO `search_dataset` (`sid`, `type`, `data`, `reindex`) VALUES
(1, 'node', ' keep going keep giving keep engaging praesent auctor porta sollicitudin in iaculis dolor et nibh viverra mattis aenean augue elit interdum ac tincidunt vel elementum sit amet velit ut eleifend eros non luctus porta orci orci accumsan est at feugiat lorem eros id odio sed id mollis mauris nunc dui nunc lobortis eu imperdiet at adipiscing rhoncus quam suspendisse sed justo at tellus mollis aliquam malesuada ac magna mauris aliquet erat eu cursus varius massa libero vehicula tortor ac aliquet metus ligula vel sapien fusce eu velit eros donec in magna metus in aliquet nulla donec lorem risus tempus ac mollis eu ornare feugiat enim fusce ut felis turpis aenean venenatis volutpat mi a vulputate donec varius dapibus sem eu egestas lorem placerat fringilla nulla aliquam neque sed gravida rhoncus risus diam facilisis augue vel euismod augue massa ut est proin porttitor pretium libero sit amet condimentum praesent blandit porttitor nunc ac rhoncus lorem imperdiet eu cras hendrerit ipsum id lorem scelerisque gravida condimentum risus fringilla maecenas consequat sem eget mi venenatis pretium morbi id sapien nec justo lacinia aliquam nec et nibh ut nisi massa cursus vitae malesuada et posuere maecenas sed metus quis lorem mattis dignissim id vitae libero cras in sapien a sem ullamcorper commodo non faucibus arcu ut quam lectus lacinia a imperdiet id laoreet nec ipsum praesent vitae nisl in risus dapibus egestas in vitae arcu aliquam sed nulla sed nulla aliquet vulputate ut et leo quisque fermentum mauris id elit congue a ultricies urna elementum etiam ut dignissim nunc in nec est quis odio aliquet pellentesque et quis libero proin interdum mollis pulvinar phasellus ultricies orci a massa congue vitae blandit justo volutpat praesent scelerisque tortor et augue elementum malesuada sit amet nec dolor duis gravida mollis gravida fusce sapien risus ultrices eu luctus vitae ultricies a lectus class aptent taciti sociosqu ad litora torquent per conubia nostra per inceptos himenaeos fusce imperdiet ipsum vitae erat dignissim suscipit duis hendrerit aliquam mauris vitae dapibus odio dapibus nec maecenas quam turpis sagittis auctor tincidunt cursus lacinia a tellus nullam eu urna vel leo commodo pharetra et at turpis curabitur tincidunt felis non neque dapibus pharetra fermentum nisi placerat aenean sed placerat justo pellentesque eleifend orci aliquam featured class aptent taciti socios permalink submitted by anonymous not verified on thu 4122012 1027 praesent nibh purus malesuada at eleifend vel interdum vitae tellus suspendisse ut leo tortor integer auctor pulvinar ipsum quis vestibulum augue ultrices ac donec ultrices sagittis eros eu imperdiet phasellus consectetur ultrices hendrerit in hac habitasse platea dictumst vestibulum metus log in or register to post comments donec lorem felis permalink submitted by admin on thu 4122012 1355 donec lorem felis accumsan eu adipiscing sit amet ultricies in justo cum sociis natoque penatibus et magnis dis parturient montes nascetur log in or register to post comments cras accumsan tellus blandit quam blandit tristique permalink submitted by admin on thu 4122012 1355 vestibulum nec leo eros etiam enim turpis iaculis eget commodo id pellentesque a erat praesent ut urna massa et auctor mi aliquam rhoncus facilisis felis eget cursus lectus sodales sit amet log in or register to post comments  ', 0),
(2, 'node', ' vestibulum mauris ut sed laoreet ut convallis urna id vulputate rhoncus eros dui vestibulum metus ut accumsan dolor orci vel diam donec purus eros sodales ac condimentum a tempor euismod augue morbi hendrerit sollicitudin faucibus donec vel tellus urna non laoreet quam nunc accumsan eros et enim aliquet hendrerit in rhoncus odio sit amet nisi pharetra mattis aliquet mi elementum sed ut sapien felis non pretium sapien vestibulum placerat sapien eu lacinia ullamcorper metus nibh fringilla nisl ac cursus est elit eu metus duis non felis at ligula lacinia fringilla suspendisse turpis leo viverra viverra consequat ac lacinia ornare augue cras eget ante quis augue laoreet rhoncus eget nec orci pellentesque non enim eros vel tempus neque sed a lorem in mauris gravida iaculis etiam facilisis condimentum nibh id venenatis diam pellentesque non praesent vulputate gravida dignissim morbi varius auctor placerat quisque a arcu at elit interdum commodo non vitae erat curabitur adipiscing risus eget libero ultrices a vestibulum enim elementum ut in lectus interdum dolor tempor ullamcorper aenean sit amet velit purus in condimentum ipsum cras nec tincidunt turpis nulla facilisi fusce dictum sed proin turpis arcu commodo vitae dapibus eget accumsan in magna maecenas diam est ultricies in ultrices vel bibendum eu mi etiam cursus tristique tincidunt fusce viverra condimentum consequat pellentesque consequat convallis iaculis fusce blandit lacinia lobortis integer sit amet dui et est ullamcorper viverra curabitur ante ipsum rhoncus sed blandit accumsan sollicitudin eget sem sed accumsan venenatis lorem sodales sollicitudin suspendisse interdum nulla in massa egestas ornare mauris id velit dui sed aliquam magna ut nunc convallis sit amet egestas arcu volutpat nunc vel purus leo quis aliquet erat sed sit amet pharetra leo aenean quis enim magna congue porta dui aliquam eleifend augue in mi mattis at volutpat arcu dignissim duis sit amet congue metus aliquam eu tortor est curabitur nec risus ipsum morbi semper enim nec nibh laoreet malesuada curabitur arcu arcu sollicitudin in tempus quis auctor id magna etiam vel quam ac risus molestie aliquet aliquam sodales egestas lectus eget ultrices curabitur vitae erat quis tellus pulvinar consectetur eu quis velit pellentesque faucibus lectus id neque viverra at sollicitudin ipsum accumsan in sit posuere  ', 0),
(3, 'node', ' holds forum on workplace flexibility cras semper tellus sed felis ornare tempus nam interdum mauris sed ante molestie sed lobortis metus vestibulum sed blandit nisi et facilisis pellentesque est metus iaculis dui sed euismod ipsum mauris eu ipsum nam sed odio nisi pellentesque sit amet urna mattis dui auctor dapibus nulla facilisi donec accumsan scelerisque enim in malesuada erat eleifend vel phasellus eu massa sem in congue risus aliquam non facilisis mauris ut scelerisque bibendum mattis suspendisse id turpis a lorem lacinia varius aliquam erat volutpat suspendisse ut erat eros vivamus non purus nec leo viverra sodales sed a risus vestibulum magna nunc porta nec convallis et commodo id purus phasellus tincidunt nisi nec mattis porttitor lorem libero auctor mauris ac pharetra elit velit vel nisi ut sollicitudin convallis nibh laoreet tristique duis quis metus nibh et facilisis velit mauris tempor scelerisque purus nec luctus ut sed lorem nisl a tempus enim maecenas et nibh leo sed dictum eros nullam eget est nec nunc tincidunt accumsan sed quis nisi proin nec nibh orci maecenas neque elit pharetra vel porta id sodales quis nulla sed semper consequat porttitor curabitur sed metus aliquam enim nibh pellentesque vitae dapibus quis consectetur non est vestibulum interdum vestibulum massa vel faucibus quam dapibus id sed sem dui elementum vel molestie sit amet feugiat eget eros in eget tincidunt velit pellentesque odio est mattis ac pharetra eu laoreet id dolor aliquam vitae rutrum mi sed leo velit ultricies sit amet consectetur sit amet mollis nec magna morbi adipiscing tellus non porta posuere metus lacus semper est ac vestibulum tellus velit quis dolor sed eget scelerisque arcu donec dapibus pharetra diam ut molestie lorem dapibus non suspendisse metus metus pulvinar a adipiscing quis consectetur vitae nulla duis in urna velit cras elit magna porttitor in egestas id venenatis vel nisi integer suscipit odio vel lacus laoreet consectetur maecenas faucibus venenatis purus in iaculis nulla euismod in donec auctor elit eget sem dignissim a dignissim massa pulvinar vivamus id aliquam risus fusce est nunc sodales accumsan bibendum ac faucibus eget arcu nullam libero purus accumsan non volutpat a vehicula ac nibh nam sit amet auctor purus morbi non pharetra ipsum integer lobortis dui vitae arcu pharetra sed commodo eros sed nam a viverra leo mauris nibh erat facilisis vel dapibus sed posuere quis mauris donec vehicula dui vitae ornare malesuada erat nibh convallis justo ac volutpat ipsum nunc sed urna vestibulum tortor lacus congue ac condimentum sed tincidunt sed nibh nam egestas purus quis mauris fringilla sed lacinia lectus vulputate nunc tincidunt lacus in ipsum iaculis id laoreet turpis aliquet maecenas non arcu nisi a adipiscing massa nunc convallis est ut urna ornare convallis sed tincidunt nibh id magna faucibus vitae euismod arcu feugiat ut ultrices purus quam in gravida nisi duis interdum porttitor interdum nulla porttitor commodo nisl vel porta aliquam aliquet elit non sem venenatis at semper diam placerat etiam ullamcorper dapibus nisi nec ornare donec hendrerit dapibus venenatis phasellus porttitor odio ut pretium iaculis dolor felis cursus dui in ultricies nibh tortor in mi suspendisse pretium libero eu libero tempor in varius eros tincidunt pellentesque pulvinar mauris eget pulvinar lacinia dolor lacus laoreet elit cursus laoreet massa dui vel dolor pellentesque id eros lectus vitae aliquam mauris aliquam auctor ornare libero vel hendrerit lectus amet featured ', 0),
(4, 'node', ' invitation to present at the ct film of course we have the most comprehensive film tax credit in the nation films commercials new media video games and our education director is the head of the statefunded film industry training program the focus for new media programs this year is free software web new media animation music and advocacy we are further sharing 13 of our curriculum with film and education please email and or call me if you are interested in helping us the festival is may 49 and ours is may 69 i will know more at our next meeting about exact scheduling we aren t a rich festival therefore we cannot pay anyone but we are only 65 miles from nyc on metro north and we can cover your hotel room as long as you wish to stay as well as give you an all access pass for the week looking forward to chatting dave bonan director of new media programming ct film festival wwwctfilmfestcom 2037708304  ', 0),
(5, 'node', ' updated netbeans plugins support for drupal hello drupalers netbeans 65 release candidate is out with right php editing features  http wwwnetbeansorg kb trails phphtml  and along with that i have released an update to the existing drupal support in netbeans please feel free to try out the enhanced wizard for assisting drupal module development the modifications in the plugin are generates the new module in appropriate location sticking to drupal coding standards generates template code for some of the common hooks hookblock and hookhelp in the module file sticking to drupal coding standards generates the install file which when not required can be removed some template code for some common hooks hookinstall and hookuninstall are provided you can download the plugin from netbeans plugin portal  http pluginsnetbeansorg pluginportal faces plugindetailpagejsp plug  or from project page  https nbdrupalsupportdevjavanet servlets projectdocumentlist folder  the source and documentation concerning usage of the plugin is hosted at the latter site comments welcome regards sujit nair demo articles ', 0),
(6, 'node', ' editing documentation embedded into drupal besides the handbook on drupalorg there is also some drupal documentation that is embedded in the drupal source code and visible from the administration pages of a drupal site this includes help pages for modules help text displayed at the top of administration pages and descriptive text within administration pages eg help text for a setting field because embedded documentation is part of the drupal source code the process for helping out with writing and editing this embedded documentation is slightly more complex than for editing pages on drupalorg here are some ways to help out test drupal for text issues during the development of a new drupal version download the new version from http drupalorg project drupal  install it and look over the help screens and user interface text if you find something that should be fixed in a help screen or other embedded help text file an issue even if you do not know how to create a patch you can still give before after text suggestions and someone else can create the patch to file an issue log in to drupalorg create an issue via the create content link  http drupalorg node add projectissue  choose drupal as the project choose the drupal version note that it s really only possible to change user interface text help text and other explanations in the version of drupal that is under development stable releases have been translated into other languages so their user interface text is almost never changed choose component documentation if the issue is in a help screen or user interface text if it is user interface text or choose the module that the issue pertains to as the component tag the issue with uitext or help text as appropriate choose category bug report text being wrong missing or unclear is a bug not a feature request or task make up a clear title and description and submit your issue help with existing issues use the advanced search for issues in the drupal project  http drupalorg project issues search drupal  and look for component documentation or user interface text or search for tags help text or uitext be aware that most of the issues filed under component documentation are issues with the inline programmer api documentation of functions in the source code displayed on apidrupalorg so if you are not a programmer these will not be things you will probably want to work on even if you cannot write patches you can still review patches and make suggestions on how to improve text by commenting on issues some tips on using the issue queue look for issues whose status is active or needs work if you want to write some documentation or code look for needs review issues if you want to review what others have done an excellent place to start if you are new to drupal issues and a vitally important part of the process even if you are not a programmer you can still review patches find an issue that has status needs review scroll down to the bottom of the issue s comments and find the latest patch attachment click on the attachment to see it the lines with are being added lines with are being removed some patches will also have a screen shot making reviewing even easier if you think a patch is good add a comment saying what part you reviewed and that you thought it was good if you think your review was comprehensive or if several people have commented that it s a good patch and you think the coverage overall is comprehensive enough change the issue s status to reviewed and tested by the community also known as rtbc if you think a patch needs some work change the status of the issue to needs work and add a specific comment about what you think should be changed if possible with a suggestion of what to change it to please try to be constructive if the issue you are looking at doesn t yet have a patch you can either make one or add suggestions as to what the text should say someone else can read your suggestions and make a patch if you attach a patch file be sure to change the status of the issue to needs review so others can test and review your patch and above all don t take anything in the issue queue personally the intent of the issue queue is to provide a forum for discussion on how to make drupal better so try to take any comments on your patches as constructive comments and thoughtful discussion even if not everyone writes their comments in this way  demo articles ', 0),
(7, 'node', ' newspaper modules opensourced by studio multimedia france 24 rfi hello two months ago a case study about the migration of france 24 from drupal 5 to drupal 6 was posted on drupalorg frontpage and it was announced some really interesting modules were going to be open sourced i m happy to say it is almost finished and here is the list of modules  multimedia element  it allows you to create blocks not drupal blocks containing stories inserted manually automatically semiautomatically with easy view carousels of stories text photos diaporamas including lightbox diapos video twitter table and you can embed these blocks directly into your story with a nifty fckeditor plugin here is a nice example of story with a carousel a diaporama and a video multimedia element  easy view  easy view is a very easy and powerful interface framework to views in a cck field it also include easy view taxonomy the easy view implementation of the taxonomy view it basically allows a simple user to configure a view per node without using the complex view ui uberimage  uberimage is an advanced image cck field with direct upload nodereference support result imagecache presets rescaling and cropping useful on websites with multiple different image ratio 169 43 165  formatter selector  ever wanted to let the user choose the theme of a node in a nodereference directly on the node edit page this module allows you to do that external sources   externodes  basically this module allows you to map the nid and fid address space to another drupal instance a simple example given you have two drupals if you type in your browser frontdrupalcom node 1000000001 it will in fact display the node 1 of backdrupalcom using frontdrupalcom theme backdrupalcom is nowhere visible to the end user basic example of use a big image collection you want to share between drupals nodeselect  nodeselect allows editors to search for content in a simple exposed view integrated with embedded edit and results can be drag and dropped into nodereferences embedded edit  embedded edit allows you to create view edit a node in a kind of lightbox within a node edit page when creating a node a nodereference will get filled with this node views cck formatter  views cck formatter allows you to choose a node cck formatter as a row style in your view this is extremely useful when you want to reuse a node theme in different parts of your website csv table  csv table is a very simple table module that allows you to upload a csv file in this cck field and display a table this module will probably evolve a lot in the future jcarousel for views  jcarousel for views is a simple module for using jcarousel in views jcarouself formatter framework  jcarousel formatter framework contains the jcarousel plugin plus a node cck formatter jcarousel theme relationships framework utilities  an utilities modules used by all the above modules sorry no pictures you can find them here or directly on the module project page concerning theming the france24 and rfi websites are heavily based on the standard cck nodereference formatters that s why almost all these modules are using it i ll probably make some doc on how to combine all these modules later cheers nicolas demo articles ', 0),
(8, 'node', ' tortor id accumsan et i but i must explain to you how all this mistaken idea of denouncing pleasure and praising pain was born and i will give you a complete account of the system and expound the actual teachings of the great explorer of the truth the masterbuilder of human happiness no one rejects dislikes or avoids pleasure itself because it is pleasure but because those who do not know how to pursue pleasure rationally encounter consequences that are extremely painful at vero eos et accusamus et iusto odio dignissimos ducimus qui blanditiis praesentium voluptatum deleniti atque corrupti quos dolores et quas molestias excepturi sint occaecati cupiditate non provident similique sunt in culpa qui officia deserunt mollitia animi id est laborum et dolorum fuga et harum quidem rerum facilis est et expedita distinctio nam libero tempore cum soluta nobis est eligendi optio cumque nihil impedit quo minus id quod maxime placeat facere possimus omnis voluptas assumenda est omnis dolor repellendus temporibus autem quibusdam et aut officiis debitis aut rerum necessitatibus saepe eveniet ut et voluptates repudiandae sint et molestiae non recusandae itaque earum rerum hic tenetur a sapiente delectus ut aut reiciendis voluptatibus maiores alias consequatur aut perferendis doloribus asperiores repellat  ', 0),
(9, 'node', ' about drupal drupal is a free software package that allows anyone to easily publish manage and organize a wide variety of content on a website hundreds of thousands of people and organizations are using drupal to power an endless variety of sites drupal is open source drupal is open source software maintained and developed by a community of hundreds of thousands of users and developers it s distributed under the terms of the gnu general public license or gpl which means anyone is free to download it share it with others and contribute back to the project this open development model means that people are constantly working to make sure drupal is a cuttingedge platform that supports the latest technologies that the web has to offer community support the passionate drupal community is on hand to give support via various vibrant irc channels in the forums and face to face at drupal events the community has also created documentation for drupal which covers installation site building module building theming and many other topics the worldwide community drives the innovation that makes drupal the preferred choice for web developers and site owners drupal is open source meaning everybody can get involved and make a difference security team we take security seriously and have a dedicated team that has a proven track record in dealing with your security issues professionally and efficiently meaning you can spend more time creating your site commercial services as well as the community there are many dedicated companies in the marketplace on hand to help with your drupal project providing expertise and a deeper understanding they can help with hosting spam blocking training and more  ', 0),
(10, 'node', ' understanding drupal admin s blog welcome to drupal drupal is a powerful content management system meaning you can power many different types of websites with it without knowing any coding languages if you re new to drupal or having your own website then this guide is for you the following pages should introduce you to the drupal project some best practices the community has accumulated the concepts and technologies that underpin drupal and basic installation and configuration the drupal documentation is currently being restructured some content has been moved to the administration guide structure guide and site building guide if you need help installing drupal the installation guide has step by step instructions and troubleshooting tips  ', 0),
(11, 'node', ' the drupal cookbook for beginners  admin s blog the drupal cookbook for beginners helps drupal newbies by providing a walkthrough of a common drupal setup you might also be interested in this whirlwind video background this handbook was originally written for drupal 5 while the information is generally transferable to drupal 6 some buttons links and menu items have been renamed or moved every attempt is made to keep these handbooks current the intent of the cookbook is to help the new drupal user create a typical site at that point the user will be better equipped to diving deeper into more advanced features terminology this cookbook requires a basic understanding of the general concepts of drupal additional resources for understanding terms used in drupal include terminology terms drupal jargon conventions the cookbook and other documentation on drupalorg uses the following standard for indicating site navigation administer access control user management roles the above example tells the user to click on administer in the navigation menu then access control then user management and then roles working with drupal here are some general recomendations use a test site that uses the same drupal version and modules as the target site use a copy of the live database avoid development on a live site don t try to make the perfect site on the first attempt muddle through for a while stressing over the perfect solution can lead to frustration start by learning the basic functionality of drupal find out what drupal can do before working towards a specific goal once comfortable with the core features and behavior move on to more complex contributed modules such as views cck and organic groups these modules and some others require a good bit of understanding to master the power and flexibility of drupal and its modules will become apparent over time if you need a custom theme customize one of the default themes before creating starting from scratch refer to the drupal 5 theme guide or drupal 6 theme guide limit the number of blocks images and graphics that clutter the page participate in the forums the documentation team and irc things to keep in mind a common mistake when approaching a solution to a problem in drupal is to make an assumption about how drupal works drupal is a unique and powerful platform that is probably quite different from other solutions you may have encountered start simply by making something visible then celebrate what you have accomplished taking one small step at a time will lead to a better site don t indiscriminately add many contributed modules right away get comfortable with modules one at a time modules that are not appropriate or used should be disabled and uninstalled as with most things worth mastering there is a learning curve with drupal but there is lots of support available as well drupal tutorials ', 0),
(12, 'node', ' history of the druplicon logo admin s blog after drupal was initially developed thoughts turned to the creation of a logo of course the concept would have to include a drop or water in general the initial idea was simple a drop within a circle it was conceived as an o in a fluid drop somewhat later there was an idea to use a cartoonlike drop with a face steven wittens unconed created a 3d version but the idea didn t get too far mainly because 3d is difficult to work with when the logo issue came up again kristjan jansen kika came up with the idea of putting two sideways drops together to form an infinity symbol when placed inside a filled circle it resembled a face after more work by steven wittens the druplicon was created a stylised drop with the infinity eyes a round nose and a mischievous smile you can find more versions of the logo in the marketing section drupal ', 0),
(13, 'node', ' drupal accessibility statement admin s blog as an inclusive community we are committed to making sure that drupal is an accessible tool for building websites and that drupal helps you create websites that are themselves accessible this initiative started with advancements with drupal 7 accessibility we have committed to ensuring that all features of drupal core conform with the worldwide web consortium w3c guidelines wcag 20 and atag 20 where possible we will also update the previous version of drupal core version 6 to enhance its accessibility accessible features in drupal if you rely on a screen reader or other assistive technology you will be glad to know that we have built drupal to encourage and support the proper use of semantic markup for example you should be able to use headings reliably for pagelevel navigation the accessibility team has worked to identify barriers to accessibility with drupal and worked to resolve them we ve identified and resolved a number of issues in the core code of drupal 7 and raised awareness within the community we ve added some additional support for rich internet applications by adding some waiaria support there have been many improvements to both the visitor and administrator sides of drupal especially search engine form and presentation drag and drop functionality color contrast and intensity adding skip navigation to core themes image handling form labeling removing duplicate or null tags drupal ', 0),
(14, 'node', ' what do you think about nucleus framework  i already used it really happy 65 360 votes look promising 22 120 votes boring 3 15 votes i don t care about framework at all 10 56 votes total votes 551  ', 0),
(15, 'node', ' which basetheme you like most  fusion 41 579 votes zen 23 320 votes omega 15 210 votes nucleus 22 308 votes total votes 1417  ', 0),
(16, 'node', ' site building guide upgrading drupal for information on managing the ongoing operation of a drupal site see the administration guide for information on developing the basic information architecture using menus taxonomies blocks etc see the structure guide  ', 0),
(17, 'node', ' modules failed to update upgrading drupal i m having a problem updating several modules in drupal 6 i put the site off line and then uploaded the latest modules via ftp as is my usual practice i rename the directory of the module to be updated to modulejan2012 and put the new module folder in its place i then ran updatephp and when i check the modules are still showing as outofdate the problem modules are google analytics wysiwyg imce and webform webform validator and root candy theme updated okay i ve since uploaded the module again to see if this helps but it didn t on the server it s showing that the files were updated many thanks in advance for any suggestions  ', 0),
(18, 'node', ' simplest way to launch drupal on aws installing drupal what would be a best way to launch a simple drupal web site on aws i ve just started learning aws so far from what i have learned i can go either of the following ways 1 create an ec2 instance install xampp and drupal and keep developing web pages and web apps in ec2 i ve done this but i have not figured out how to make the web site accessible do i need to setup elastic ip 2 install drupal on a local machine and develop all web pages and apps locally and then upload all local files to s3 then is s3 enough to host a web site ec2 instance is not needed also who would i manage the upload for constant updates on drupal modules and drupal db well i need to dig more into ec2 and s3 but your input would be highly appreciated  ', 0),
(19, 'node', ' change in look after upadting pixture reloaded theme installing drupal i updated pixture reloaded theme before updating everything okay but after updating it the look of the website changes whats the problem how can i edit pixture reloaded theme to its previous look no database backup is taken only drupal files have backup  ', 0),
(20, 'node', ' system requirements installing drupal see the phpinfo page on drupalorg to learn how to use phpinfo to get the details of your system for example phpinfo will tell you if you have a database already installed and what versions of php mysql etc your system is running phpinfo will also tell you what php variables are set as well as many other helpful things  ', 0),
(21, 'node', ' html and css techniques theme development for all the effort you put into building your site the most important thing to your users is how your site looks managing the inconsistencies in your theme for each browser for each module and for user selectable themes can be very challenging first you should familiarize yourself with basic cascading style sheets css concepts review css discuss or html dog for css resources a good overview of the power of css can be seen at the css zen garden validate always validate xhtml 10 strict permalink submitted by admin on tue 1172012 916 and really a validating clean layout will work 90 of the time it will have easy fixes 9 of the time and will require hard measures only 1 of the time really  log in or register to post comments please ensure that you ve permalink submitted by admin on tue 1172012 917 please ensure that you ve validated both the css and html for your website using w3c tools it would be great to review your theme with both the wave and fae accessibility evaluators too there are also some other good validation tools log in or register to post comments  ', 0),
(22, 'node', ' about tb rave donec lorem felis accumsan eu adipiscing sit amet ultricies in justo cum sociis natoque penatibus et magnis dis parturient montes nascetur ridiculus mus cras eget libero et turpis facilisis interdum ut eget sapien mauris eget neque suscipit tortor suscipit placerat donec malesuada leo a diam aliquam mollis vestibulum metus ligula tincidunt sit amet tincidunt in viverra iaculis risus etiam ligula magna porta sed malesuada id gravida quis nunc vivamus mattis mi sit amet dignissim auctor leo velit cursus mi eu lobortis mauris urna ut metus aenean malesuada risus quis laoreet tristique turpis nibh fringilla metus vitae tempus est dolor quis dolor cras dapibus tellus vitae elit blandit sit amet vulputate nibh commodo suspendisse vestibulum velit non blandit fringilla nibh libero viverra massa a varius mi metus et nisl vivamus viverra libero nunc nulla lobortis quam id elit varius malesuada proin ut turpis dui nullam hendrerit est eget eros volutpat quis dictum mi luctus cras magna lectus dapibus id iaculis id fermentum eget orci vivamus eleifend nisi interdum erat vestibulum eget commodo lectus pretium vivamus sed nunc arcu nulla at lacus orci aliquam nam ullamcorper tempor tristique praesent est orci vestibulum eu convallis nec consectetur vel risus nunc ullamcorper cursus accumsan mauris tincidunt justo nec leo condimentum sit amet fringilla dolor porttitor donec et nunc elit pellentesque vehicula lobortis nulla sit amet pulvinar quisque vitae nisl quis mauris rutrum consequat sed nisl erat venenatis a convallis vel pulvinar vitae risus praesent tincidunt accumsan velit aenean mollis massa nec elementum fringilla lectus sem tristique mauris at porttitor purus libero fringilla erat duis commodo neque tortor sed faucibus risus praesent tempus viverra metus sit amet ornare dui dignissim eget donec gravida scelerisque turpis ac cursus nibh convallis eu nulla odio tortor rutrum non tristique quis aliquam in odio donec vitae mauris fringilla justo ornare ornare curabitur id elit ac lectus elementum dapibus aenean ac sem sapien vitae euismod sem nunc hendrerit elit turpis cras arcu nunc convallis sed tempus varius blandit vitae odio morbi vestibulum rhoncus neque quis iaculis fusce tristique turpis eu dictum venenatis elit nisl sagittis nisi sed facilisis enim turpis sit amet lorem praesent amet custom article ', 0),
(23, 'node', ' photos gallery view the full image view the full image view the full image view the full image view the full image view the full image nullam quis nulla dolor vestibulum magna tellus porta vitae commodo dignissim dapibus at risus sed aliquam fermentum lacinia cras accumsan nibh ac ipsum rhoncus malesuada nam bibendum molestie tortor quis vulputate turpis dapibus a phasellus eu metus a arcu rutrum fermentum eget semper urna morbi adipiscing lobortis ante a bibendum eros ultricies sit amet morbi tellus tellus lacinia sed faucibus et sollicitudin laoreet enim sed id diam in eros consectetur rutrum praesent congue iaculis dolor a aliquet elit ullamcorper placerat nam eu massa lacus proin nec lacus ac leo interdum rutrum id at leo nulla elementum vestibulum eros ac pharetra nisi suscipit nec vestibulum rhoncus tincidunt mattis aliquam luctus ipsum diam nam rhoncus ornare convallis integer congue dictum neque quis sagittis donec sed vulputate lacus mauris vitae odio nisl maecenas ut est sed mi facilisis fermentum ut id ante in auctor urna sit amet leo sodales accumsan fusce in tellus purus vel consequat tellus mauris id lacus id orci molestie suscipit sed eget ipsum libero vel placerat risus nullam sed magna consectetur metus ullamcorper dictum id gravida augue nam in semper metus metus  ', 0),
(25, 'node', ' sf navbar nam suscipit auctor sollicitudin aenean posuere pellentesque ligula et luctus nam volutpat tortor sed blandit vulputate leo ante consequat dolor non lacinia mi quam eu nisl lorem ipsum dolor sit amet consectetur adipiscing elit aliquam arcu leo aliquet posuere venenatis quis sollicitudin eget lacus sed nec erat risus maecenas venenatis turpis non sollicitudin tristique eros purus accumsan velit a feugiat est velit nec mauris curabitur consequat sapien non orci dictum dictum curabitur ornare nibh sed eros euismod venenatis donec sed velit et turpis malesuada aliquam nullam tristique sem et nisl fermentum molestie mauris sollicitudin dui a urna molestie vitae dapibus orci sollicitudin suspendisse mauris nisi ultrices quis fermentum ut volutpat sit amet dolor integer aliquet convallis felis a dignissim integer tristique ultrices sem id auctor nam vel ante nisl vel tincidunt erat mauris non sem non nibh elementum ullamcorper a vel justo in at arcu urna in pulvinar mi nec ullamcorper varius augue nulla tincidunt felis vitae scelerisque lorem magna in enim nunc mauris orci sodales vitae dapibus id pharetra eu eros lorem ipsum dolor sit amet massa nunc etiam lectus diam tincidunt tempus condimentum non vestibulum nec ligula donec egestas ante et dictum hendrerit ante nunc suscipit dolor in adipiscing tortor diam et lorem quisque suscipit nibh sed turpis facilisis molestie vestibulum quis arcu id diam pharetra accumsan id sit amet nisi pellentesque leo turpis molestie ut dapibus faucibus tempor quis leo in hac habitasse platea dictumst suspendisse et tortor ac eros lacinia interdum vel et nibh ut rhoncus urna a nisl blandit molestie quisque pellentesque pellentesque cursus vestibulum in neque nisl donec bibendum tortor dapibus odio sollicitudin id lobortis magna sollicitudin nam eu felis nibh nulla facilisi phasellus vel tellus sit amet risus malesuada euismod cras mattis volutpat faucibus in quis volutpat urna vestibulum sit amet gravida erat proin leo enim cursus eget dictum sed aliquam vitae nulla in nunc felis placerat ac consequat id tempus quis ligula donec risus mauris bibendum non porta nec malesuada sit amet ante sed ultricies purus non quam tristique placerat nunc venenatis risus in lectus ullamcorper eu convallis augue faucibus vivamus non elit enim vestibulum sit amet risus urna metus integer aliquet convallis felis a dignissim integer tristique ultrices sem id auctor nam vel ante nisl vel tincidunt erat mauris non sem non nibh elementum ullamcorper a vel justo in at arcu urna in pulvinar mi nec ullamcorper varius augue nulla tincidunt felis vitae scelerisque lorem magna in enim nunc mauris orci sodales vitae dapibus id pharetra eu eros lorem ipsum dolor sit amet massa nunc etiam lectus diam tincidunt tempus condimentum non vestibulum nec ligula donec egestas ante et dictum hendrerit ante nunc suscipit dolor in adipiscing tortor diam et lorem quisque suscipit nibh sed turpis facilisis molestie vestibulum quis arcu id diam pharetra accumsan id sit amet nisi pellentesque leo turpis molestie ut dapibus faucibus tempor quis leo in hac habitasse platea dictumst suspendisse et tortor ac eros lacinia interdum vel et nibh ut rhoncus urna a nisl blandit molestie quisque pellentesque pellentesque cursus vestibulum in neque nisl donec bibendum tortor dapibus odio sollicitudin id lobortis magna sollicitudin nam eu felis nibh nulla facilisi phasellus vel tellus sit amet risus malesuada euismod cras mattis volutpat faucibus in quis volutpat urna vestibulum sit amet gravida erat proin leo enim cursus eget dictum sed aliquam vitae nulla in nunc felis placerat ac consequat id tempus quis ligula donec risus mauris bibendum non porta nec malesuada sit amet ante sed ultricies purus non quam tristique placerat  ', 0),
(26, 'node', ' superfish menu vivamus nec est erat eu fermentum lectus sed eu enim enim maecenas id velit eu libero tempus fringilla duis iaculis consectetur urna sed euismod quam ornare quis pellentesque mauris orci rhoncus vel consequat non consequat id sem vestibulum ante ipsum primis in faucibus orci luctus et ultrices posuere cubilia curae pellentesque habitant morbi tristique senectus et netus et malesuada fames ac turpis egestas nullam congue orci ut dapibus pretium dui metus ornare lorem luctus scelerisque ante eros nec lorem class aptent taciti sociosqu ad litora torquent per conubia nostra per inceptos himenaeos curabitur tristique turpis vel justo malesuada ullamcorper nam id turpis venenatis tortor posuere rhoncus cras ipsum mi tempor in ultrices non placerat non tellus curabitur metus orci laoreet at volutpat vitae malesuada eu massa suspendisse dapibus libero non mauris aliquet auctor donec neque eros tincidunt sit amet sollicitudin quis gravida sit amet elit praesent vitae neque odio eget auctor nunc phasellus id libero mi donec quam justo vestibulum nec pellentesque vitae sagittis eget dolor fusce rhoncus hendrerit lorem in lacinia odio laoreet tincidunt metus class aptent taciti sociosqu ad litora torquent per conubia nostra per inceptos himenaeos curabitur tristique turpis vel justo malesuada ullamcorper nam id turpis venenatis tortor posuere rhoncus cras ipsum mi tempor in ultrices non placerat non tellus curabitur metus orci laoreet at volutpat vitae malesuada eu massa vivamus nec est erat eu fermentum lectus sed eu enim enim maecenas id velit eu libero tempus fringilla duis iaculis consectetur urna sed euismod quam ornare quis pellentesque mauris orci rhoncus vel consequat non consequat id sem vestibulum ante ipsum primis in faucibus orci luctus et ultrices posuere cubilia curae pellentesque habitant morbi tristique senectus et netus et malesuada fames ac turpis egestas nullam congue orci ut dapibus pretium dui metus ornare lorem luctus scelerisque ante eros nec lorem class aptent taciti sociosqu ad litora torquent per conubia nostra per inceptos himenaeos curabitur tristique turpis vel justo malesuada ullamcorper nam id turpis venenatis tortor posuere rhoncus cras ipsum mi tempor in ultrices non placerat non tellus curabitur metus orci laoreet at volutpat vitae malesuada eu massa suspendisse dapibus libero non mauris aliquet auctor donec neque eros tincidunt sit amet sollicitudin quis gravida sit amet elit praesent vitae neque odio eget auctor nunc phasellus id libero mi donec quam justo vestibulum nec pellentesque vitae sagittis eget dolor fusce rhoncus hendrerit lorem in lacinia odio laoreet tincidunt metus class aptent taciti sociosqu ad litora torquent per conubia nostra per inceptos himenaeos curabitur tristique turpis vel justo malesuada ullamcorper nam id turpis venenatis tortor posuere rhoncus cras ipsum mi tempor in ultrices non placerat non tellus curabitur metus orci laoreet at volutpat vitae malesuada eu massa pellentesque mauris orci rhoncus vel consequat non consequat id sem vestibulum ante ipsum primis in faucibus orci luctus et ultrices posuere cubilia curae pellentesque habitant morbi tristique senectus et netus et malesuada fames ac turpis egestas  ', 0);

-- --------------------------------------------------------

--
-- Table structure for table `search_index`
--

CREATE TABLE IF NOT EXISTS `search_index` (
  `word` varchar(50) NOT NULL DEFAULT '' COMMENT 'The search_total.word that is associated with the search item.',
  `sid` int(10) unsigned NOT NULL DEFAULT '0' COMMENT 'The search_dataset.sid of the searchable item to which the word belongs.',
  `type` varchar(16) NOT NULL COMMENT 'The search_dataset.type of the searchable item to which the word belongs.',
  `score` float DEFAULT NULL COMMENT 'The numeric score of the word, higher being more important.',
  PRIMARY KEY (`word`,`sid`,`type`),
  KEY `sid_type` (`sid`,`type`)
) ENGINE=InnoDB DEFAULT CHARSET=utf8 COMMENT='Stores the search index, associating words, items and...';

--
-- Dumping data for table `search_index`
--

INSERT INTO `search_index` (`word`, `sid`, `type`, `score`) VALUES
('1', 7, 'node', 0.830633),
('1', 18, 'node', 1),
('1', 21, 'node', 1),
('10', 14, 'node', 1),
('10', 21, 'node', 26),
('1000000001', 7, 'node', 0.842342),
('1027', 1, 'node', 0.845322),
('1172012', 21, 'node', 2),
('120', 14, 'node', 1),
('13', 4, 'node', 1),
('1355', 1, 'node', 1.58216),
('1417', 15, 'node', 1),
('15', 14, 'node', 1),
('15', 15, 'node', 1),
('165', 7, 'node', 0.938382),
('169', 7, 'node', 0.945829),
('2', 18, 'node', 1),
('20', 13, 'node', 2),
('2037708304', 4, 'node', 1),
('210', 15, 'node', 1),
('22', 14, 'node', 1),
('22', 15, 'node', 1),
('23', 15, 'node', 1),
('24', 7, 'node', 27),
('3', 14, 'node', 1),
('308', 15, 'node', 1),
('320', 15, 'node', 1),
('360', 14, 'node', 1),
('41', 15, 'node', 1),
('4122012', 1, 'node', 2.43048),
('43', 7, 'node', 0.942091),
('49', 4, 'node', 1),
('5', 7, 'node', 1),
('5', 11, 'node', 1.7767),
('551', 14, 'node', 1),
('56', 14, 'node', 1),
('579', 15, 'node', 1),
('6', 7, 'node', 1),
('6', 11, 'node', 1.77419),
('6', 13, 'node', 1),
('6', 17, 'node', 1),
('65', 4, 'node', 1),
('65', 5, 'node', 1),
('65', 14, 'node', 1),
('69', 4, 'node', 1),
('7', 13, 'node', 2),
('9', 21, 'node', 1),
('90', 21, 'node', 1),
('916', 21, 'node', 1),
('917', 21, 'node', 1),
('able', 13, 'node', 1),
('about', 4, 'node', 1),
('about', 6, 'node', 0.695602),
('about', 7, 'node', 1),
('about', 9, 'node', 26),
('about', 11, 'node', 0.731649),
('about', 14, 'node', 27),
('about', 22, 'node', 26),
('above', 6, 'node', 0.668514),
('above', 7, 'node', 0.707906),
('above', 11, 'node', 1),
('access', 4, 'node', 1),
('access', 11, 'node', 2),
('accessibility', 13, 'node', 30),
('accessibility', 21, 'node', 1),
('accessible', 13, 'node', 3),
('accessible', 18, 'node', 1),
('accomplished', 11, 'node', 0.695602),
('account', 8, 'node', 1),
('accumsan', 1, 'node', 22.0628),
('accumsan', 2, 'node', 5.87355),
('accumsan', 3, 'node', 3.87676),
('accumsan', 8, 'node', 26),
('accumsan', 22, 'node', 2.91894),
('accumsan', 23, 'node', 2),
('accumsan', 25, 'node', 2.91323),
('accumulated', 10, 'node', 1),
('accusamus', 8, 'node', 1),
('active', 6, 'node', 0.800068),
('actual', 8, 'node', 1),
('add', 6, 'node', 13.1053),
('add', 11, 'node', 0.685676),
('added', 6, 'node', 0.749958),
('added', 13, 'node', 1),
('adding', 13, 'node', 1.94209),
('additional', 11, 'node', 1),
('additional', 13, 'node', 1),
('address', 7, 'node', 0.873132),
('adipiscing', 1, 'node', 1.80275),
('adipiscing', 2, 'node', 1),
('adipiscing', 3, 'node', 2.85576),
('adipiscing', 22, 'node', 1),
('adipiscing', 23, 'node', 1),
('adipiscing', 25, 'node', 2.91323),
('admin', 1, 'node', 1.58488),
('admin', 10, 'node', 11),
('admin', 11, 'node', 11),
('admin', 12, 'node', 11),
('admin', 13, 'node', 11),
('admin', 21, 'node', 2),
('administer', 11, 'node', 2),
('administration', 6, 'node', 3),
('administration', 10, 'node', 1),
('administration', 16, 'node', 1),
('administrator', 13, 'node', 0.993146),
('advance', 17, 'node', 1),
('advanced', 6, 'node', 0.882818),
('advanced', 7, 'node', 1),
('advanced', 11, 'node', 1),
('advancements', 13, 'node', 1),
('advocacy', 4, 'node', 1),
('aenean', 1, 'node', 2.87313),
('aenean', 2, 'node', 1.95723),
('aenean', 22, 'node', 2.85183),
('aenean', 25, 'node', 1),
('after', 6, 'node', 1),
('after', 12, 'node', 2),
('after', 19, 'node', 27),
('again', 12, 'node', 1),
('again', 17, 'node', 1),
('ago', 7, 'node', 1),
('alias', 8, 'node', 0.873132),
('aliquam', 1, 'node', 6.50879),
('aliquam', 2, 'node', 3.79146),
('aliquam', 3, 'node', 7.61058),
('aliquam', 22, 'node', 2.91323),
('aliquam', 23, 'node', 2),
('aliquam', 25, 'node', 3.84428),
('aliquet', 1, 'node', 4.91869),
('aliquet', 2, 'node', 3.88828),
('aliquet', 3, 'node', 1.81608),
('aliquet', 23, 'node', 1),
('aliquet', 25, 'node', 2.91323),
('aliquet', 26, 'node', 1.98902),
('all', 4, 'node', 1),
('all', 6, 'node', 0.66666),
('all', 7, 'node', 2.05832),
('all', 8, 'node', 1),
('all', 13, 'node', 1),
('all', 14, 'node', 1),
('all', 18, 'node', 2),
('all', 21, 'node', 1),
('allows', 7, 'node', 6.82886),
('allows', 9, 'node', 1),
('almost', 6, 'node', 0.980874),
('almost', 7, 'node', 1.67794),
('along', 5, 'node', 1),
('already', 14, 'node', 1),
('already', 20, 'node', 1),
('also', 6, 'node', 2.44699),
('also', 7, 'node', 1),
('also', 9, 'node', 1),
('also', 11, 'node', 1),
('also', 13, 'node', 1),
('also', 18, 'node', 1),
('also', 20, 'node', 1),
('also', 21, 'node', 0.993146),
('always', 21, 'node', 26),
('amet', 1, 'node', 4.51165),
('amet', 2, 'node', 5.84099),
('amet', 3, 'node', 5.80381),
('amet', 22, 'node', 8.63658),
('amet', 23, 'node', 2),
('amet', 25, 'node', 12.2909),
('amet', 26, 'node', 3.97804),
('analytics', 17, 'node', 1),
('and', 4, 'node', 6),
('and', 5, 'node', 4),
('and', 6, 'node', 17.529),
('and', 7, 'node', 19.8171),
('and', 8, 'node', 3),
('and', 9, 'node', 12.6724),
('and', 10, 'node', 5),
('and', 11, 'node', 11.0834),
('and', 12, 'node', 1),
('and', 13, 'node', 9.86897),
('and', 17, 'node', 5),
('and', 18, 'node', 8),
('and', 20, 'node', 1),
('and', 21, 'node', 31),
('animation', 4, 'node', 1),
('animi', 8, 'node', 1),
('announced', 7, 'node', 1),
('anonymous', 1, 'node', 0.860547),
('another', 7, 'node', 0.866793),
('ante', 2, 'node', 1.97685),
('ante', 3, 'node', 1),
('ante', 23, 'node', 2),
('ante', 25, 'node', 8.57674),
('ante', 26, 'node', 4.96706),
('any', 6, 'node', 0.648686),
('any', 10, 'node', 1),
('any', 17, 'node', 1),
('anyone', 4, 'node', 1),
('anyone', 9, 'node', 2),
('anything', 6, 'node', 0.661163),
('api', 6, 'node', 0.857458),
('apidrupalorg', 6, 'node', 0.851346),
('apparent', 11, 'node', 0.813674),
('applications', 13, 'node', 1),
('appreciated', 18, 'node', 1),
('approaching', 11, 'node', 0.738408),
('appropriate', 5, 'node', 1),
('appropriate', 6, 'node', 0.949597),
('appropriate', 11, 'node', 0.674137),
('apps', 18, 'node', 2),
('aptent', 1, 'node', 23.5426),
('aptent', 26, 'node', 3.96706),
('architecture', 16, 'node', 1),
('arcu', 1, 'node', 1.96188),
('arcu', 2, 'node', 5.77632),
('arcu', 3, 'node', 4.66543),
('arcu', 22, 'node', 1.90629),
('arcu', 23, 'node', 1),
('arcu', 25, 'node', 4.82645),
('are', 4, 'node', 3),
('are', 5, 'node', 2),
('are', 6, 'node', 6.44866),
('are', 7, 'node', 1.36755),
('are', 8, 'node', 1),
('are', 9, 'node', 2.90629),
('are', 11, 'node', 1.67603),
('are', 13, 'node', 2),
('are', 17, 'node', 2),
('are', 20, 'node', 1),
('are', 21, 'node', 0.997306),
('aren', 4, 'node', 1),
('article', 22, 'node', 9.74705),
('articles', 5, 'node', 11),
('articles', 6, 'node', 7.02203),
('articles', 7, 'node', 7.29284),
('asperiores', 8, 'node', 0.860547),
('assisting', 5, 'node', 1),
('assistive', 13, 'node', 1),
('assumenda', 8, 'node', 0.961087),
('assumption', 11, 'node', 0.733888),
('atag', 13, 'node', 1),
('atque', 8, 'node', 1),
('attach', 6, 'node', 0.672252),
('attachment', 6, 'node', 1.51415),
('attempt', 11, 'node', 1.93838),
('auctor', 1, 'node', 3.49597),
('auctor', 2, 'node', 1.9347),
('auctor', 3, 'node', 4.76335),
('auctor', 22, 'node', 1),
('auctor', 23, 'node', 1),
('auctor', 25, 'node', 2.91323),
('auctor', 26, 'node', 3.97804),
('augue', 1, 'node', 4.76823),
('augue', 2, 'node', 3.94583),
('augue', 23, 'node', 1),
('augue', 25, 'node', 2.8335),
('aut', 8, 'node', 3.61542),
('autem', 8, 'node', 0.945829),
('automatically', 7, 'node', 1),
('available', 11, 'node', 0.652202),
('avoid', 11, 'node', 0.96498),
('avoids', 8, 'node', 1),
('aware', 6, 'node', 0.873132),
('awareness', 13, 'node', 1),
('away', 11, 'node', 0.679856),
('aws', 18, 'node', 28),
('back', 9, 'node', 1),
('backdrupalcom', 7, 'node', 1.65266),
('background', 11, 'node', 1),
('backup', 19, 'node', 2),
('barriers', 13, 'node', 1),
('based', 7, 'node', 0.685676),
('basetheme', 15, 'node', 26),
('basic', 7, 'node', 0.816452),
('basic', 10, 'node', 1),
('basic', 11, 'node', 1.90286),
('basic', 16, 'node', 1),
('basic', 21, 'node', 1),
('basically', 7, 'node', 1.88282),
('because', 6, 'node', 1),
('because', 8, 'node', 2),
('because', 12, 'node', 1),
('become', 11, 'node', 0.816452),
('been', 6, 'node', 0.997306),
('been', 10, 'node', 1),
('been', 11, 'node', 1),
('been', 13, 'node', 1),
('before', 6, 'node', 1),
('before', 11, 'node', 1.67891),
('before', 19, 'node', 1),
('beginners', 11, 'node', 27),
('behavior', 11, 'node', 0.866793),
('being', 6, 'node', 2.43228),
('being', 10, 'node', 1),
('besides', 6, 'node', 1),
('best', 10, 'node', 1),
('best', 18, 'node', 1),
('better', 6, 'node', 0.650439),
('better', 11, 'node', 1.68764),
('between', 7, 'node', 0.800068),
('bibendum', 2, 'node', 0.997306),
('bibendum', 3, 'node', 1.93838),
('bibendum', 23, 'node', 2),
('bibendum', 25, 'node', 3.72279),
('big', 7, 'node', 0.810915),
('bit', 11, 'node', 0.830633),
('blandit', 1, 'node', 42.4547),
('blandit', 2, 'node', 1.96587),
('blandit', 3, 'node', 1),
('blandit', 22, 'node', 2.90629),
('blandit', 25, 'node', 2.89008),
('blanditiis', 8, 'node', 1),
('blocking', 9, 'node', 0.873132),
('blocks', 7, 'node', 3),
('blocks', 11, 'node', 0.769219),
('blocks', 16, 'node', 1),
('blog', 10, 'node', 11),
('blog', 11, 'node', 11),
('blog', 12, 'node', 11),
('blog', 13, 'node', 11),
('bonan', 4, 'node', 1),
('boring', 14, 'node', 1),
('born', 8, 'node', 1),
('both', 13, 'node', 1),
('both', 21, 'node', 2),
('bottom', 6, 'node', 0.766757),
('browser', 7, 'node', 0.848323),
('browser', 21, 'node', 1),
('bug', 6, 'node', 1.86236),
('building', 9, 'node', 2),
('building', 10, 'node', 1),
('building', 13, 'node', 1),
('building', 16, 'node', 26),
('building', 21, 'node', 1),
('built', 13, 'node', 1),
('but', 4, 'node', 1),
('but', 8, 'node', 2),
('but', 11, 'node', 0.657549),
('but', 12, 'node', 1),
('but', 17, 'node', 1),
('but', 18, 'node', 2),
('but', 19, 'node', 1),
('buttons', 11, 'node', 1),
('call', 4, 'node', 1),
('came', 12, 'node', 2),
('can', 4, 'node', 1),
('can', 5, 'node', 2),
('can', 6, 'node', 5.61876),
('can', 7, 'node', 2.47589),
('can', 9, 'node', 2.81427),
('can', 10, 'node', 1),
('can', 11, 'node', 1.80967),
('can', 12, 'node', 1),
('can', 18, 'node', 1),
('can', 19, 'node', 1),
('can', 21, 'node', 2),
('candidate', 5, 'node', 1),
('candy', 17, 'node', 1),
('cannot', 4, 'node', 1),
('cannot', 6, 'node', 0.830633),
('care', 14, 'node', 1),
('carousel', 7, 'node', 11),
('carousels', 7, 'node', 1),
('cartoonlike', 12, 'node', 1),
('cascading', 21, 'node', 1),
('case', 7, 'node', 1),
('category', 6, 'node', 0.945829),
('cck', 7, 'node', 13.9121),
('cck', 11, 'node', 0.848323),
('celebrate', 11, 'node', 0.697623),
('challenging', 21, 'node', 1),
('change', 6, 'node', 3.76356),
('change', 19, 'node', 26),
('changed', 6, 'node', 1.66645),
('changes', 19, 'node', 1),
('channels', 9, 'node', 1),
('chatting', 4, 'node', 1),
('check', 17, 'node', 1),
('cheers', 7, 'node', 0.668514),
('choice', 9, 'node', 1),
('choose', 6, 'node', 4.87971),
('choose', 7, 'node', 1.66905),
('circle', 12, 'node', 2),
('class', 1, 'node', 23.5462),
('class', 26, 'node', 3.96706),
('clean', 21, 'node', 1),
('clear', 6, 'node', 0.906287),
('click', 6, 'node', 0.757065),
('click', 11, 'node', 1),
('clutter', 11, 'node', 0.76188),
('code', 5, 'node', 2),
('code', 6, 'node', 3.6461),
('code', 13, 'node', 1),
('coding', 5, 'node', 2),
('coding', 10, 'node', 1),
('collection', 7, 'node', 0.808176),
('color', 13, 'node', 0.953396),
('combine', 7, 'node', 0.672252),
('comfortable', 11, 'node', 1.54916),
('comment', 6, 'node', 1.42725),
('commented', 6, 'node', 0.714225),
('commenting', 6, 'node', 0.816452),
('comments', 1, 'node', 2.36434),
('comments', 5, 'node', 1),
('comments', 6, 'node', 2.69996),
('comments', 21, 'node', 1.97685),
('commercial', 9, 'node', 17.4852),
('commercials', 4, 'node', 1),
('committed', 13, 'node', 2),
('commodo', 1, 'node', 2.65357),
('commodo', 2, 'node', 2),
('commodo', 3, 'node', 2.83756),
('commodo', 22, 'node', 2.92743),
('commodo', 23, 'node', 1),
('common', 5, 'node', 2),
('common', 11, 'node', 1.74298),
('community', 6, 'node', 0.703756),
('community', 9, 'node', 23.9097),
('community', 10, 'node', 1),
('community', 13, 'node', 2),
('companies', 9, 'node', 0.906287),
('complete', 8, 'node', 1),
('complex', 6, 'node', 1),
('complex', 7, 'node', 1),
('complex', 11, 'node', 0.860547),
('component', 6, 'node', 3.66613),
('comprehensive', 4, 'node', 1),
('comprehensive', 6, 'node', 1.42857),
('conceived', 12, 'node', 1),
('concept', 12, 'node', 1),
('concepts', 10, 'node', 1),
('concepts', 11, 'node', 1),
('concepts', 21, 'node', 1),
('concerning', 5, 'node', 1),
('concerning', 7, 'node', 0.695602),
('condimentum', 1, 'node', 2),
('condimentum', 2, 'node', 3.98902),
('condimentum', 3, 'node', 0.927431),
('condimentum', 22, 'node', 0.976851),
('condimentum', 25, 'node', 1.91323),
('configuration', 10, 'node', 1),
('configure', 7, 'node', 1),
('conform', 13, 'node', 1),
('congue', 1, 'node', 1.89579),
('congue', 2, 'node', 1.90305),
('congue', 3, 'node', 1.92743),
('congue', 23, 'node', 2),
('congue', 26, 'node', 1.98902),
('consectetur', 1, 'node', 0.833529),
('consectetur', 2, 'node', 0.927431),
('consectetur', 3, 'node', 3.90006),
('consectetur', 22, 'node', 0.98493),
('consectetur', 23, 'node', 2),
('consectetur', 25, 'node', 1),
('consectetur', 26, 'node', 1.98902),
('consequat', 1, 'node', 1),
('consequat', 2, 'node', 2.97804),
('consequat', 3, 'node', 1),
('consequat', 22, 'node', 0.949597),
('consequat', 23, 'node', 1),
('consequat', 25, 'node', 3.84066),
('consequat', 26, 'node', 5.95608),
('consequatur', 8, 'node', 0.869951),
('consequences', 8, 'node', 1),
('consortium', 13, 'node', 1),
('constant', 18, 'node', 1),
('constantly', 9, 'node', 1),
('constructive', 6, 'node', 1.33458),
('containing', 7, 'node', 1),
('contains', 7, 'node', 0.72066),
('content', 6, 'node', 1),
('content', 7, 'node', 0.786915),
('content', 9, 'node', 1),
('content', 10, 'node', 2),
('contrast', 13, 'node', 0.949597),
('contribute', 9, 'node', 1),
('contributed', 11, 'node', 1.53924),
('control', 11, 'node', 2),
('conubia', 1, 'node', 0.902857),
('conubia', 26, 'node', 3.96706),
('convallis', 2, 'node', 2.95011),
('convallis', 3, 'node', 4.75419),
('convallis', 22, 'node', 3.75826),
('convallis', 23, 'node', 1),
('convallis', 25, 'node', 2.8335),
('conventions', 11, 'node', 1),
('cookbook', 11, 'node', 30),
('copy', 11, 'node', 0.976851),
('core', 11, 'node', 0.869951),
('core', 13, 'node', 3.93838),
('corrupti', 8, 'node', 1),
('course', 4, 'node', 1),
('course', 12, 'node', 1),
('cover', 4, 'node', 1),
('coverage', 6, 'node', 0.712106),
('covers', 9, 'node', 1),
('cras', 1, 'node', 22.26),
('cras', 2, 'node', 2),
('cras', 3, 'node', 1.96109),
('cras', 22, 'node', 3.90629),
('cras', 23, 'node', 1),
('cras', 25, 'node', 1.85905),
('cras', 26, 'node', 3.96706),
('create', 6, 'node', 4),
('create', 7, 'node', 1.76676),
('create', 11, 'node', 1),
('create', 13, 'node', 1),
('create', 18, 'node', 1),
('created', 9, 'node', 1),
('created', 12, 'node', 2),
('creating', 7, 'node', 0.759465),
('creating', 9, 'node', 0.923838),
('creating', 11, 'node', 0.78951),
('creation', 12, 'node', 1),
('credit', 4, 'node', 1),
('cropping', 7, 'node', 0.968904),
('css', 21, 'node', 32),
('csv', 7, 'node', 9.59477),
('cubilia', 26, 'node', 2.97804),
('culpa', 8, 'node', 1),
('cum', 1, 'node', 0.802752),
('cum', 8, 'node', 1),
('cum', 22, 'node', 1),
('cumque', 8, 'node', 1),
('cupiditate', 8, 'node', 1),
('curabitur', 1, 'node', 0.876337),
('curabitur', 2, 'node', 4.7847),
('curabitur', 3, 'node', 1),
('curabitur', 22, 'node', 0.913226),
('curabitur', 25, 'node', 2),
('curabitur', 26, 'node', 7.93413),
('curae', 26, 'node', 2.97804),
('current', 11, 'node', 1),
('currently', 10, 'node', 1),
('curriculum', 4, 'node', 1),
('cursus', 1, 'node', 3.65952),
('cursus', 2, 'node', 1.99315),
('cursus', 3, 'node', 1.76891),
('cursus', 22, 'node', 2.89359),
('cursus', 25, 'node', 3.73435),
('curve', 11, 'node', 0.659351),
('custom', 11, 'node', 0.805455),
('custom', 22, 'node', 9.78337),
('customize', 11, 'node', 0.800068),
('cuttingedge', 9, 'node', 1),
('dapibus', 1, 'node', 4.61818),
('dapibus', 2, 'node', 1),
('dapibus', 3, 'node', 7.65071),
('dapibus', 22, 'node', 2.90974),
('dapibus', 23, 'node', 2),
('dapibus', 25, 'node', 6.70466),
('dapibus', 26, 'node', 3.97804),
('database', 11, 'node', 0.968904),
('database', 19, 'node', 1),
('database', 20, 'node', 1),
('dave', 4, 'node', 1),
('dealing', 9, 'node', 0.957226),
('debitis', 8, 'node', 0.931053),
('dedicated', 9, 'node', 1.87915),
('deeper', 9, 'node', 0.889397),
('deeper', 11, 'node', 1),
('default', 11, 'node', 0.794753),
('delectus', 8, 'node', 0.886095),
('deleniti', 8, 'node', 1),
('demo', 5, 'node', 11),
('demo', 6, 'node', 7.04069),
('demo', 7, 'node', 7.31299),
('denouncing', 8, 'node', 1),
('description', 6, 'node', 0.899454),
('descriptive', 6, 'node', 1),
('deserunt', 8, 'node', 1),
('details', 20, 'node', 1),
('develop', 18, 'node', 1),
('developed', 9, 'node', 1),
('developed', 12, 'node', 1),
('developers', 9, 'node', 2),
('developing', 16, 'node', 1),
('developing', 18, 'node', 1),
('development', 5, 'node', 1),
('development', 6, 'node', 2),
('development', 9, 'node', 1),
('development', 11, 'node', 0.961087),
('development', 21, 'node', 11),
('diam', 1, 'node', 1),
('diam', 2, 'node', 3),
('diam', 3, 'node', 1.87176),
('diam', 22, 'node', 1),
('diam', 23, 'node', 2),
('diam', 25, 'node', 5.73968),
('diaporama', 7, 'node', 11),
('diaporamas', 7, 'node', 1),
('diapos', 7, 'node', 1),
('dictum', 2, 'node', 1),
('dictum', 3, 'node', 1),
('dictum', 22, 'node', 1.89608),
('dictum', 23, 'node', 2),
('dictum', 25, 'node', 5.7575),
('dictumst', 1, 'node', 0.822065),
('dictumst', 25, 'node', 1.90225),
('didn', 12, 'node', 1),
('didn', 17, 'node', 1),
('difference', 9, 'node', 0.997306),
('different', 7, 'node', 1.69638),
('different', 10, 'node', 1),
('different', 11, 'node', 0.714225),
('difficult', 12, 'node', 1),
('dig', 18, 'node', 1),
('dignissim', 1, 'node', 2.83523),
('dignissim', 2, 'node', 1.94583),
('dignissim', 3, 'node', 1.88792),
('dignissim', 22, 'node', 1.92027),
('dignissim', 23, 'node', 1),
('dignissim', 25, 'node', 1.91323),
('dignissimos', 8, 'node', 1),
('direct', 7, 'node', 1),
('directly', 7, 'node', 2.60737),
('director', 4, 'node', 2),
('directory', 17, 'node', 1),
('dis', 1, 'node', 0.78951),
('dis', 22, 'node', 1),
('disabled', 11, 'node', 0.670377),
('discuss', 21, 'node', 1),
('discussion', 6, 'node', 1.29741),
('dislikes', 8, 'node', 1),
('display', 7, 'node', 1.56742),
('displayed', 6, 'node', 1.85135),
('distinctio', 8, 'node', 1),
('distributed', 9, 'node', 1),
('diving', 11, 'node', 1),
('doc', 7, 'node', 0.676032),
('documentation', 5, 'node', 1),
('documentation', 6, 'node', 33.3541),
('documentation', 9, 'node', 1),
('documentation', 10, 'node', 1),
('documentation', 11, 'node', 1.75231),
('doesn', 6, 'node', 0.683725),
('dog', 21, 'node', 1),
('dolor', 1, 'node', 1.9347),
('dolor', 2, 'node', 2),
('dolor', 3, 'node', 4.62459),
('dolor', 8, 'node', 0.957226),
('dolor', 22, 'node', 2.97286),
('dolor', 23, 'node', 2),
('dolor', 25, 'node', 6.82645),
('dolor', 26, 'node', 1.98902),
('dolores', 8, 'node', 1),
('doloribus', 8, 'node', 0.863659),
('dolorum', 8, 'node', 1),
('don', 6, 'node', 0.664818),
('don', 11, 'node', 1.64486),
('don', 14, 'node', 1),
('done', 6, 'node', 0.78951),
('done', 18, 'node', 1),
('donec', 1, 'node', 25.6488),
('donec', 2, 'node', 2),
('donec', 3, 'node', 4.74216),
('donec', 22, 'node', 4.8024),
('donec', 23, 'node', 1),
('donec', 25, 'node', 6.63601),
('donec', 26, 'node', 3.97804),
('down', 6, 'node', 0.769219),
('download', 5, 'node', 1),
('download', 6, 'node', 1),
('download', 9, 'node', 1),
('drag', 7, 'node', 0.774192),
('drag', 13, 'node', 0.96498),
('drives', 9, 'node', 1),
('drop', 12, 'node', 5),
('drop', 13, 'node', 0.961087),
('dropped', 7, 'node', 0.771698),
('drops', 12, 'node', 1),
('drupal', 5, 'node', 30),
('drupal', 6, 'node', 57.9457),
('drupal', 7, 'node', 3.86366),
('drupal', 9, 'node', 54.8961),
('drupal', 10, 'node', 33),
('drupal', 11, 'node', 51.1272),
('drupal', 12, 'node', 12),
('drupal', 13, 'node', 45.9921),
('drupal', 16, 'node', 12),
('drupal', 17, 'node', 12),
('drupal', 18, 'node', 42),
('drupal', 19, 'node', 12),
('drupal', 20, 'node', 11),
('drupalers', 5, 'node', 1),
('drupalorg', 6, 'node', 34.6397),
('drupalorg', 7, 'node', 1),
('drupalorg', 11, 'node', 1),
('drupalorg', 20, 'node', 1),
('drupals', 7, 'node', 1.65179),
('druplicon', 12, 'node', 27),
('ducimus', 8, 'node', 1),
('dui', 1, 'node', 1),
('dui', 2, 'node', 3.89143),
('dui', 3, 'node', 6.63504),
('dui', 22, 'node', 1.92027),
('dui', 25, 'node', 1),
('dui', 26, 'node', 1.98902),
('duis', 1, 'node', 1.8208),
('duis', 2, 'node', 1.94583),
('duis', 3, 'node', 2.86394),
('duis', 22, 'node', 0.931053),
('duis', 26, 'node', 1.98902),
('duplicate', 13, 'node', 0.920273),
('during', 6, 'node', 1),
('each', 21, 'node', 2),
('earum', 8, 'node', 0.899454),
('easier', 6, 'node', 0.738408),
('easily', 9, 'node', 1),
('easy', 7, 'node', 16),
('easy', 21, 'node', 1),
('ec2', 18, 'node', 4),
('edit', 7, 'node', 12.4162),
('edit', 19, 'node', 1),
('editing', 5, 'node', 1),
('editing', 6, 'node', 28),
('editors', 7, 'node', 0.794753),
('education', 4, 'node', 2),
('efficiently', 9, 'node', 0.942091),
('effort', 21, 'node', 1),
('egestas', 1, 'node', 1.97286),
('egestas', 2, 'node', 2.86104),
('egestas', 3, 'node', 1.88493),
('egestas', 25, 'node', 1.91323),
('egestas', 26, 'node', 2.97804),
('eget', 1, 'node', 2.55341),
('eget', 2, 'node', 5.9079),
('eget', 3, 'node', 6.73989),
('eget', 22, 'node', 6.92027),
('eget', 23, 'node', 2),
('eget', 25, 'node', 2.84428),
('eget', 26, 'node', 3.97804),
('either', 6, 'node', 0.679856),
('either', 18, 'node', 1),
('elastic', 18, 'node', 1),
('eleifend', 1, 'node', 2.71252),
('eleifend', 2, 'node', 0.949597),
('eleifend', 3, 'node', 1),
('eleifend', 22, 'node', 1),
('element', 7, 'node', 22),
('elementum', 1, 'node', 2.8843),
('elementum', 2, 'node', 2),
('elementum', 3, 'node', 1),
('elementum', 22, 'node', 1.85183),
('elementum', 23, 'node', 1),
('elementum', 25, 'node', 1.91323),
('eligendi', 8, 'node', 1),
('elit', 1, 'node', 1.96109),
('elit', 2, 'node', 2),
('elit', 3, 'node', 5.69259),
('elit', 22, 'node', 5.68101),
('elit', 23, 'node', 1),
('elit', 25, 'node', 1.91674),
('elit', 26, 'node', 1.98902),
('else', 6, 'node', 1.67414),
('email', 4, 'node', 1),
('embed', 7, 'node', 1),
('embedded', 6, 'node', 30),
('embedded', 7, 'node', 9.98031),
('encounter', 8, 'node', 1),
('encountered', 11, 'node', 0.707906),
('encourage', 13, 'node', 1),
('end', 7, 'node', 0.819249),
('endless', 9, 'node', 1),
('engaging', 1, 'node', 26),
('engine', 13, 'node', 0.976851),
('enhance', 13, 'node', 1),
('enhanced', 5, 'node', 1),
('enim', 1, 'node', 1.7767),
('enim', 2, 'node', 4.89561),
('enim', 3, 'node', 3),
('enim', 22, 'node', 0.892724),
('enim', 23, 'node', 1),
('enim', 25, 'node', 4.67424),
('enim', 26, 'node', 3.97804),
('enough', 6, 'node', 0.707906),
('enough', 18, 'node', 1),
('ensure', 21, 'node', 27),
('ensuring', 13, 'node', 1),
('eos', 8, 'node', 1),
('equipped', 11, 'node', 1),
('erat', 1, 'node', 2.6661),
('erat', 2, 'node', 2.88828),
('erat', 3, 'node', 4.86941),
('erat', 22, 'node', 2.87688),
('erat', 25, 'node', 4.76115),
('erat', 26, 'node', 1.98902),
('eros', 1, 'node', 4.61023),
('eros', 2, 'node', 4),
('eros', 3, 'node', 5.70034),
('eros', 22, 'node', 1),
('eros', 23, 'node', 3),
('eros', 25, 'node', 5.81138),
('eros', 26, 'node', 3.97804),
('especially', 13, 'node', 0.98493),
('est', 1, 'node', 2.94583),
('est', 2, 'node', 3.91894),
('est', 3, 'node', 6.82099),
('est', 8, 'node', 3.95723),
('est', 22, 'node', 2.99315),
('est', 23, 'node', 1),
('est', 25, 'node', 1),
('est', 26, 'node', 1.98902),
('etc', 16, 'node', 1),
('etc', 20, 'node', 1),
('etiam', 1, 'node', 1.7263),
('etiam', 2, 'node', 2.92785),
('etiam', 3, 'node', 0.899454),
('etiam', 22, 'node', 1),
('etiam', 25, 'node', 1.91323),
('euismod', 1, 'node', 1),
('euismod', 2, 'node', 1),
('euismod', 3, 'node', 2.85557),
('euismod', 22, 'node', 0.909743),
('euismod', 25, 'node', 2.85905),
('euismod', 26, 'node', 1.98902),
('evaluators', 21, 'node', 1),
('even', 6, 'node', 3.98844),
('eveniet', 8, 'node', 0.920273),
('events', 9, 'node', 1),
('ever', 7, 'node', 0.927431),
('every', 11, 'node', 1),
('everybody', 9, 'node', 1),
('everyone', 6, 'node', 0.645209),
('everything', 19, 'node', 1),
('evolve', 7, 'node', 0.731649),
('exact', 4, 'node', 1),
('example', 7, 'node', 12.6742),
('example', 11, 'node', 1),
('example', 13, 'node', 1),
('example', 20, 'node', 1),
('excellent', 6, 'node', 0.786915),
('excepturi', 8, 'node', 1),
('existing', 5, 'node', 1),
('existing', 6, 'node', 0.889397),
('expedita', 8, 'node', 1),
('expertise', 9, 'node', 0.892724),
('explain', 8, 'node', 1),
('explanations', 6, 'node', 1),
('explorer', 8, 'node', 1),
('exposed', 7, 'node', 0.784336),
('expound', 8, 'node', 1),
('external', 7, 'node', 9.81996),
('externodes', 7, 'node', 9.74705),
('extremely', 7, 'node', 0.747619),
('extremely', 8, 'node', 1),
('eyes', 12, 'node', 1),
('face', 9, 'node', 2),
('face', 12, 'node', 2),
('facere', 8, 'node', 0.976851),
('faces', 5, 'node', 11),
('facilis', 8, 'node', 1),
('facilisi', 2, 'node', 1),
('facilisi', 3, 'node', 1),
('facilisi', 25, 'node', 1.87045),
('facilisis', 1, 'node', 1.7767),
('facilisis', 2, 'node', 1),
('facilisis', 3, 'node', 3.9347),
('facilisis', 22, 'node', 1.89272),
('facilisis', 23, 'node', 1),
('facilisis', 25, 'node', 1.91323),
('fact', 7, 'node', 0.836446),
('fae', 21, 'node', 1),
('failed', 17, 'node', 26),
('fames', 26, 'node', 2.97804),
('familiarize', 21, 'node', 1),
('far', 12, 'node', 1),
('far', 18, 'node', 1),
('faucibus', 1, 'node', 0.993146),
('faucibus', 2, 'node', 1.92384),
('faucibus', 3, 'node', 3.79395),
('faucibus', 22, 'node', 0.927431),
('faucibus', 23, 'node', 1),
('faucibus', 25, 'node', 4.68511),
('faucibus', 26, 'node', 2.97804),
('fckeditor', 7, 'node', 1),
('feature', 6, 'node', 0.920273),
('featured', 1, 'node', 9.60445),
('featured', 3, 'node', 9.711),
('features', 5, 'node', 1),
('features', 11, 'node', 1.86679),
('features', 13, 'node', 2),
('feel', 5, 'node', 1),
('felis', 1, 'node', 24.4652),
('felis', 2, 'node', 2),
('felis', 3, 'node', 1.8861),
('felis', 22, 'node', 1),
('felis', 25, 'node', 7.54118),
('fermentum', 1, 'node', 1.83811),
('fermentum', 22, 'node', 1),
('fermentum', 23, 'node', 3),
('fermentum', 25, 'node', 2),
('fermentum', 26, 'node', 1.98902),
('festival', 4, 'node', 3),
('feugiat', 1, 'node', 2),
('feugiat', 3, 'node', 1.90974),
('feugiat', 25, 'node', 1),
('fid', 7, 'node', 0.876337),
('field', 6, 'node', 1),
('field', 7, 'node', 2.73389),
('figured', 18, 'node', 1),
('file', 5, 'node', 2),
('file', 6, 'node', 2.67038),
('file', 7, 'node', 0.736141),
('filed', 6, 'node', 0.866793),
('files', 17, 'node', 1),
('files', 18, 'node', 1),
('files', 19, 'node', 1),
('filled', 7, 'node', 0.754681),
('filled', 12, 'node', 1),
('film', 4, 'node', 30),
('films', 4, 'node', 1),
('find', 6, 'node', 2.53607),
('find', 7, 'node', 0.7017),
('find', 11, 'node', 0.899454),
('find', 12, 'node', 1),
('finished', 7, 'node', 1),
('first', 11, 'node', 0.942091),
('first', 21, 'node', 1),
('fixed', 6, 'node', 1),
('fixes', 21, 'node', 1),
('flexibility', 3, 'node', 26),
('flexibility', 11, 'node', 0.822065),
('fluid', 12, 'node', 1),
('focus', 4, 'node', 1),
('folder', 5, 'node', 11),
('folder', 17, 'node', 1),
('following', 10, 'node', 1),
('following', 11, 'node', 1),
('following', 18, 'node', 1),
('for', 4, 'node', 2),
('for', 5, 'node', 29),
('for', 6, 'node', 9.88142),
('for', 7, 'node', 10.1863),
('for', 9, 'node', 2),
('for', 10, 'node', 1),
('for', 11, 'node', 30.9311),
('for', 13, 'node', 4),
('for', 16, 'node', 2),
('for', 17, 'node', 1),
('for', 18, 'node', 1),
('for', 20, 'node', 1),
('for', 21, 'node', 6),
('form', 12, 'node', 1),
('form', 13, 'node', 1.90029),
('formatter', 7, 'node', 29.4261),
('formatters', 7, 'node', 0.681785),
('forum', 3, 'node', 26),
('forum', 6, 'node', 0.653974),
('forums', 9, 'node', 1),
('forums', 11, 'node', 0.754681),
('forward', 4, 'node', 1),
('framework', 7, 'node', 10.3621),
('framework', 14, 'node', 27),
('france', 7, 'node', 27),
('france24', 7, 'node', 0.691597),
('free', 4, 'node', 1),
('free', 5, 'node', 1),
('free', 9, 'node', 2),
('fringilla', 1, 'node', 2),
('fringilla', 2, 'node', 2),
('fringilla', 3, 'node', 0.923838),
('fringilla', 22, 'node', 5.75552),
('fringilla', 26, 'node', 1.98902),
('from', 4, 'node', 1),
('from', 5, 'node', 2),
('from', 6, 'node', 2),
('from', 7, 'node', 1),
('from', 11, 'node', 1.49644),
('from', 18, 'node', 1),
('frontdrupalcom', 7, 'node', 1.67022),
('frontpage', 7, 'node', 1),
('frustration', 11, 'node', 0.913226),
('ftp', 17, 'node', 1),
('fuga', 8, 'node', 1),
('full', 23, 'node', 66),
('functionality', 11, 'node', 0.902857),
('functionality', 13, 'node', 0.957226),
('functions', 6, 'node', 0.854391),
('further', 4, 'node', 1),
('fusce', 1, 'node', 3.82045),
('fusce', 2, 'node', 2.97804),
('fusce', 3, 'node', 0.942091),
('fusce', 22, 'node', 0.899454),
('fusce', 23, 'node', 1),
('fusce', 26, 'node', 1.98902),
('fusion', 15, 'node', 1),
('future', 7, 'node', 0.727213),
('gallery', 23, 'node', 26),
('games', 4, 'node', 1),
('garden', 21, 'node', 1),
('general', 9, 'node', 1),
('general', 11, 'node', 2),
('general', 12, 'node', 1),
('generally', 11, 'node', 1),
('generates', 5, 'node', 3),
('get', 7, 'node', 0.757065),
('get', 9, 'node', 1),
('get', 11, 'node', 0.677939),
('get', 12, 'node', 1),
('get', 20, 'node', 1),
('give', 4, 'node', 1),
('give', 6, 'node', 1),
('give', 8, 'node', 1),
('give', 9, 'node', 1),
('given', 7, 'node', 0.860547),
('giving', 1, 'node', 26),
('glad', 13, 'node', 1),
('gnu', 9, 'node', 1),
('goal', 11, 'node', 0.879565),
('going', 1, 'node', 26),
('going', 7, 'node', 1),
('good', 6, 'node', 2.16665),
('good', 11, 'node', 0.833529),
('good', 21, 'node', 1.98087),
('google', 17, 'node', 1),
('gpl', 9, 'node', 1),
('graphics', 11, 'node', 0.76431),
('gravida', 1, 'node', 3.86211),
('gravida', 2, 'node', 2),
('gravida', 3, 'node', 0.906287),
('gravida', 22, 'node', 1.92027),
('gravida', 23, 'node', 1),
('gravida', 25, 'node', 1.85161),
('gravida', 26, 'node', 1.98902),
('great', 8, 'node', 1),
('great', 21, 'node', 1),
('groups', 11, 'node', 0.842342),
('guide', 10, 'node', 5),
('guide', 11, 'node', 1.5509),
('guide', 16, 'node', 28),
('guidelines', 13, 'node', 1),
('habitant', 26, 'node', 2.97804),
('habitasse', 1, 'node', 0.827757),
('habitasse', 25, 'node', 1.91053),
('hac', 1, 'node', 0.830633),
('hac', 25, 'node', 1.91323),
('hand', 9, 'node', 1.89945),
('handbook', 6, 'node', 1),
('handbook', 11, 'node', 1),
('handbooks', 11, 'node', 1),
('handling', 13, 'node', 0.931053),
('happiness', 8, 'node', 1),
('happy', 7, 'node', 1),
('happy', 14, 'node', 1),
('hard', 21, 'node', 1),
('harum', 8, 'node', 1),
('has', 6, 'node', 0.774192),
('has', 9, 'node', 2.9689),
('has', 10, 'node', 3),
('has', 13, 'node', 1),
('have', 4, 'node', 1),
('have', 5, 'node', 1),
('have', 6, 'node', 3.92889),
('have', 7, 'node', 0.857458),
('have', 9, 'node', 0.976851),
('have', 11, 'node', 2.40351),
('have', 12, 'node', 1),
('have', 13, 'node', 3),
('have', 18, 'node', 2),
('have', 19, 'node', 1),
('have', 20, 'node', 1),
('have', 21, 'node', 1),
('having', 10, 'node', 1),
('having', 17, 'node', 1),
('head', 4, 'node', 1),
('headings', 13, 'node', 1),
('heavily', 7, 'node', 0.687638),
('hello', 5, 'node', 1),
('hello', 7, 'node', 1),
('help', 6, 'node', 11.6771),
('help', 9, 'node', 1.77902),
('help', 10, 'node', 1),
('help', 11, 'node', 1),
('helpful', 20, 'node', 1),
('helping', 4, 'node', 1),
('helping', 6, 'node', 1),
('helps', 11, 'node', 1),
('helps', 13, 'node', 1),
('helps', 17, 'node', 1),
('hendrerit', 1, 'node', 2.71673),
('hendrerit', 2, 'node', 2),
('hendrerit', 3, 'node', 1.77554),
('hendrerit', 22, 'node', 1.90629),
('hendrerit', 25, 'node', 1.91323),
('hendrerit', 26, 'node', 1.98633),
('here', 6, 'node', 1),
('here', 7, 'node', 2.69762),
('here', 11, 'node', 1),
('hic', 8, 'node', 0.896076),
('highly', 18, 'node', 1),
('himenaeos', 1, 'node', 0.892724),
('himenaeos', 26, 'node', 3.96706),
('history', 12, 'node', 26),
('holds', 3, 'node', 26),
('hookblock', 5, 'node', 1),
('hookhelp', 5, 'node', 1),
('hookinstall', 5, 'node', 1),
('hooks', 5, 'node', 2),
('hookuninstall', 5, 'node', 1),
('host', 18, 'node', 1),
('hosted', 5, 'node', 1),
('hosting', 9, 'node', 0.879565),
('hotel', 4, 'node', 1),
('how', 6, 'node', 2.46969),
('how', 7, 'node', 0.674137),
('how', 8, 'node', 2),
('how', 11, 'node', 0.729424),
('how', 18, 'node', 1),
('how', 19, 'node', 1),
('how', 20, 'node', 1),
('how', 21, 'node', 1),
('html', 21, 'node', 28),
('http', 5, 'node', 22),
('http', 6, 'node', 31.6397),
('https', 5, 'node', 11),
('human', 8, 'node', 1),
('hundreds', 9, 'node', 2),
('iaculis', 1, 'node', 1.7767),
('iaculis', 2, 'node', 1.98902),
('iaculis', 3, 'node', 3.74515),
('iaculis', 22, 'node', 2.89945),
('iaculis', 23, 'node', 1),
('iaculis', 26, 'node', 1.98902),
('idea', 8, 'node', 1),
('idea', 12, 'node', 4),
('identified', 13, 'node', 1),
('identify', 13, 'node', 1),
('image', 7, 'node', 2.75777),
('image', 13, 'node', 0.934703),
('image', 23, 'node', 66),
('imagecache', 7, 'node', 0.980874),
('images', 11, 'node', 0.766757),
('imce', 17, 'node', 1),
('impedit', 8, 'node', 1),
('imperdiet', 1, 'node', 4.7038),
('implementation', 7, 'node', 1),
('important', 6, 'node', 0.776703),
('important', 21, 'node', 1),
('improve', 6, 'node', 0.819249),
('improvements', 13, 'node', 1),
('inceptos', 1, 'node', 0.896076),
('inceptos', 26, 'node', 3.96706),
('include', 7, 'node', 1),
('include', 11, 'node', 1),
('include', 12, 'node', 1),
('includes', 6, 'node', 1),
('including', 7, 'node', 1),
('inclusive', 13, 'node', 1),
('inconsistencies', 21, 'node', 1),
('indicating', 11, 'node', 1),
('indiscriminately', 11, 'node', 0.687638),
('industry', 4, 'node', 1),
('infinity', 12, 'node', 2),
('information', 11, 'node', 1),
('information', 16, 'node', 3),
('initial', 12, 'node', 1),
('initially', 12, 'node', 1),
('initiative', 13, 'node', 1),
('inline', 6, 'node', 0.863659),
('innovation', 9, 'node', 1),
('input', 18, 'node', 1),
('inserted', 7, 'node', 1),
('inside', 12, 'node', 1),
('install', 5, 'node', 1),
('install', 6, 'node', 1),
('install', 18, 'node', 2),
('installation', 9, 'node', 1),
('installation', 10, 'node', 2),
('installed', 20, 'node', 1),
('installing', 10, 'node', 1),
('installing', 18, 'node', 11),
('installing', 19, 'node', 11),
('installing', 20, 'node', 11),
('instance', 7, 'node', 0.863659),
('instance', 18, 'node', 2),
('instructions', 10, 'node', 1),
('integer', 1, 'node', 0.839384),
('integer', 2, 'node', 0.980874),
('integer', 3, 'node', 1.8881),
('integer', 23, 'node', 1),
('integer', 25, 'node', 3.82645),
('integrated', 7, 'node', 0.781775),
('intensity', 13, 'node', 0.945829),
('intent', 6, 'node', 0.657549),
('intent', 11, 'node', 1),
('interdum', 1, 'node', 2.78147),
('interdum', 2, 'node', 2.97286),
('interdum', 3, 'node', 3.80571),
('interdum', 22, 'node', 2),
('interdum', 23, 'node', 1),
('interdum', 25, 'node', 1.89816),
('interested', 4, 'node', 1),
('interested', 11, 'node', 1),
('interesting', 7, 'node', 1),
('interface', 6, 'node', 5.78717),
('interface', 7, 'node', 1),
('internet', 13, 'node', 1),
('into', 6, 'node', 26.989),
('into', 7, 'node', 1.76922),
('into', 11, 'node', 1),
('into', 18, 'node', 1),
('into', 21, 'node', 1),
('introduce', 10, 'node', 1),
('invitation', 4, 'node', 26),
('involved', 9, 'node', 1),
('ipsum', 1, 'node', 3.70269),
('ipsum', 2, 'node', 3.84278),
('ipsum', 3, 'node', 4.77898),
('ipsum', 23, 'node', 3),
('ipsum', 25, 'node', 2.91323),
('ipsum', 26, 'node', 6.94511),
('irc', 9, 'node', 1),
('irc', 11, 'node', 0.749958),
('issue', 6, 'node', 13.1883),
('issue', 12, 'node', 1),
('issues', 6, 'node', 17.3257),
('issues', 9, 'node', 0.949597),
('issues', 13, 'node', 1),
('itaque', 8, 'node', 0.902857),
('items', 11, 'node', 1),
('its', 11, 'node', 0.819249),
('its', 13, 'node', 1),
('its', 17, 'node', 1),
('its', 19, 'node', 1),
('itself', 8, 'node', 1),
('iusto', 8, 'node', 1),
('jansen', 12, 'node', 1),
('jargon', 11, 'node', 1),
('jcarousel', 7, 'node', 11.5763),
('jcarouself', 7, 'node', 7.95114),
('just', 18, 'node', 1),
('justo', 1, 'node', 4.61059),
('justo', 3, 'node', 0.934703),
('justo', 22, 'node', 2.89008),
('justo', 25, 'node', 1.91323),
('justo', 26, 'node', 5.95608),
('keep', 1, 'node', 78),
('keep', 11, 'node', 1.74529),
('keep', 18, 'node', 1),
('kika', 12, 'node', 1),
('kind', 7, 'node', 0.766757),
('know', 4, 'node', 1),
('know', 6, 'node', 1),
('know', 8, 'node', 1),
('know', 13, 'node', 1),
('knowing', 10, 'node', 1),
('known', 6, 'node', 0.7017),
('kristjan', 12, 'node', 1),
('labeling', 13, 'node', 0.927431),
('laborum', 8, 'node', 1),
('lacinia', 1, 'node', 2.86369),
('lacinia', 2, 'node', 3.98493),
('lacinia', 3, 'node', 2.80309),
('lacinia', 23, 'node', 2),
('lacinia', 25, 'node', 2.89816),
('lacinia', 26, 'node', 1.98217),
('lacus', 3, 'node', 4.64615),
('lacus', 22, 'node', 1),
('lacus', 23, 'node', 4),
('lacus', 25, 'node', 1),
('languages', 6, 'node', 0.989021),
('languages', 10, 'node', 1),
('laoreet', 1, 'node', 0.980874),
('laoreet', 2, 'node', 28.9384),
('laoreet', 3, 'node', 5.62469),
('laoreet', 22, 'node', 1),
('laoreet', 23, 'node', 1),
('laoreet', 26, 'node', 5.94511),
('later', 7, 'node', 0.670377),
('later', 12, 'node', 1),
('latest', 6, 'node', 0.76188),
('latest', 9, 'node', 1),
('latest', 17, 'node', 1),
('latter', 5, 'node', 1),
('launch', 18, 'node', 27),
('layout', 21, 'node', 1),
('lead', 11, 'node', 1.60437),
('learn', 20, 'node', 1),
('learned', 18, 'node', 1),
('learning', 11, 'node', 1.56564),
('learning', 18, 'node', 1),
('lectus', 1, 'node', 2.68906),
('lectus', 2, 'node', 2.85489),
('lectus', 3, 'node', 2.68591),
('lectus', 22, 'node', 3.84812),
('lectus', 25, 'node', 2.8335),
('lectus', 26, 'node', 1.98902),
('leo', 1, 'node', 3.46851),
('leo', 2, 'node', 2.91445),
('leo', 3, 'node', 3.93201),
('leo', 22, 'node', 2.97685),
('leo', 23, 'node', 3),
('leo', 25, 'node', 7.67073),
('let', 7, 'node', 0.920273),
('libero', 1, 'node', 3.94209),
('libero', 2, 'node', 1),
('libero', 3, 'node', 4.58684),
('libero', 8, 'node', 1),
('libero', 22, 'node', 3.93105),
('libero', 23, 'node', 1),
('libero', 26, 'node', 5.96706),
('license', 9, 'node', 1),
('lightbox', 7, 'node', 1.76431),
('ligula', 1, 'node', 1),
('ligula', 2, 'node', 1),
('ligula', 22, 'node', 2),
('ligula', 25, 'node', 4.75388),
('like', 15, 'node', 26),
('limit', 11, 'node', 0.774192),
('line', 17, 'node', 1),
('lines', 6, 'node', 1.49993),
('link', 6, 'node', 1),
('links', 11, 'node', 1),
('list', 7, 'node', 1),
('litora', 1, 'node', 0.913226),
('litora', 26, 'node', 3.96706),
('live', 11, 'node', 1.93009),
('lobortis', 1, 'node', 1),
('lobortis', 2, 'node', 0.98493),
('lobortis', 3, 'node', 1.9347),
('lobortis', 22, 'node', 2.96109),
('lobortis', 23, 'node', 1),
('lobortis', 25, 'node', 1.87431),
('local', 18, 'node', 2),
('locally', 18, 'node', 1),
('location', 5, 'node', 1),
('log', 1, 'node', 5.21988),
('log', 6, 'node', 1),
('log', 21, 'node', 4.34907),
('logo', 12, 'node', 29),
('long', 4, 'node', 1),
('look', 6, 'node', 3.47654),
('look', 14, 'node', 1),
('look', 19, 'node', 28),
('looking', 4, 'node', 1),
('looking', 6, 'node', 0.685676),
('looks', 21, 'node', 1),
('lorem', 1, 'node', 27.8153),
('lorem', 2, 'node', 1.97286),
('lorem', 3, 'node', 3.96498),
('lorem', 22, 'node', 1.8894),
('lorem', 25, 'node', 6.73968),
('lorem', 26, 'node', 5.96021),
('lot', 7, 'node', 0.729424),
('lots', 11, 'node', 0.655756),
('luctus', 1, 'node', 1.92743),
('luctus', 3, 'node', 1),
('luctus', 22, 'node', 1),
('luctus', 23, 'node', 1),
('luctus', 25, 'node', 1),
('luctus', 26, 'node', 4.96706),
('machine', 18, 'node', 1),
('made', 11, 'node', 1),
('maecenas', 1, 'node', 2.8861),
('maecenas', 2, 'node', 1),
('maecenas', 3, 'node', 3.85557),
('maecenas', 23, 'node', 1),
('maecenas', 25, 'node', 1),
('maecenas', 26, 'node', 1.98902),
('magna', 1, 'node', 2),
('magna', 2, 'node', 3.85302),
('magna', 3, 'node', 3.85985),
('magna', 22, 'node', 2),
('magna', 23, 'node', 2),
('magna', 25, 'node', 3.78368),
('magnis', 1, 'node', 0.792123),
('magnis', 22, 'node', 1),
('mainly', 12, 'node', 1),
('maintained', 9, 'node', 1),
('maiores', 8, 'node', 0.876337),
('make', 6, 'node', 3.72962),
('make', 7, 'node', 0.677939),
('make', 9, 'node', 1.99731),
('make', 11, 'node', 1.68349),
('make', 18, 'node', 1),
('makes', 9, 'node', 1),
('making', 6, 'node', 0.742984),
('making', 11, 'node', 0.703756),
('making', 13, 'node', 1),
('malesuada', 1, 'node', 3.77409),
('malesuada', 2, 'node', 0.938382),
('malesuada', 3, 'node', 1.9347),
('malesuada', 22, 'node', 4),
('malesuada', 23, 'node', 1),
('malesuada', 25, 'node', 4.69612),
('malesuada', 26, 'node', 10.9122),
('manage', 9, 'node', 1),
('manage', 18, 'node', 1),
('management', 10, 'node', 1),
('management', 11, 'node', 2),
('managing', 16, 'node', 1),
('managing', 21, 'node', 1),
('manually', 7, 'node', 1),
('many', 9, 'node', 1.90629),
('many', 10, 'node', 1),
('many', 11, 'node', 0.683725),
('many', 13, 'node', 1),
('many', 17, 'node', 1),
('many', 20, 'node', 1),
('map', 7, 'node', 0.882818),
('marketing', 12, 'node', 1),
('marketplace', 9, 'node', 0.902857),
('markup', 13, 'node', 1),
('massa', 1, 'node', 4.71141),
('massa', 2, 'node', 0.972861),
('massa', 3, 'node', 4.73465),
('massa', 22, 'node', 1.94209),
('massa', 23, 'node', 1),
('massa', 25, 'node', 1.91323),
('massa', 26, 'node', 3.96706),
('master', 11, 'node', 0.827757),
('masterbuilder', 8, 'node', 1),
('mastering', 11, 'node', 0.662985),
('mattis', 1, 'node', 2),
('mattis', 2, 'node', 1.94583),
('mattis', 3, 'node', 4),
('mattis', 22, 'node', 1),
('mattis', 23, 'node', 1),
('mattis', 25, 'node', 1.85532),
('mauris', 1, 'node', 3.84718),
('mauris', 2, 'node', 27.965),
('mauris', 3, 'node', 9.55888),
('mauris', 22, 'node', 5.77818),
('mauris', 23, 'node', 2),
('mauris', 25, 'node', 8.66711),
('mauris', 26, 'node', 4.96706),
('maxime', 8, 'node', 0.98493),
('may', 4, 'node', 2),
('may', 11, 'node', 0.71),
('meaning', 9, 'node', 1.93838),
('meaning', 10, 'node', 1),
('means', 9, 'node', 2),
('measures', 21, 'node', 1),
('media', 4, 'node', 4),
('meeting', 4, 'node', 1),
('menu', 11, 'node', 2),
('menu', 26, 'node', 26),
('menus', 16, 'node', 1),
('metro', 4, 'node', 1),
('metus', 1, 'node', 3.81925),
('metus', 2, 'node', 3.94583),
('metus', 3, 'node', 6.90681),
('metus', 22, 'node', 4.92384),
('metus', 23, 'node', 4),
('metus', 25, 'node', 0.916736),
('metus', 26, 'node', 7.93413),
('might', 11, 'node', 1),
('migration', 7, 'node', 1),
('miles', 4, 'node', 1),
('mind', 11, 'node', 0.745294),
('minus', 8, 'node', 0.993146),
('mischievous', 12, 'node', 1),
('missing', 6, 'node', 0.927431),
('mistake', 11, 'node', 0.742984),
('mistaken', 8, 'node', 1),
('model', 9, 'node', 1),
('modifications', 5, 'node', 1),
('module', 5, 'node', 3),
('module', 6, 'node', 0.96498),
('module', 7, 'node', 4.67275),
('module', 9, 'node', 1),
('module', 17, 'node', 3),
('module', 21, 'node', 1),
('modulejan2012', 17, 'node', 1),
('modules', 6, 'node', 1),
('modules', 7, 'node', 30.7662),
('modules', 11, 'node', 5.52901),
('modules', 17, 'node', 30),
('modules', 18, 'node', 1),
('molestiae', 8, 'node', 0.909743),
('molestias', 8, 'node', 1),
('molestie', 2, 'node', 0.934703),
('molestie', 3, 'node', 2.96498),
('molestie', 23, 'node', 2),
('molestie', 25, 'node', 7.71653),
('mollis', 1, 'node', 4.87314),
('mollis', 3, 'node', 0.993146),
('mollis', 22, 'node', 1.94209),
('mollitia', 8, 'node', 1),
('montes', 1, 'node', 0.784336),
('montes', 22, 'node', 1),
('months', 7, 'node', 1),
('morbi', 1, 'node', 1),
('morbi', 2, 'node', 2.94209),
('morbi', 3, 'node', 1.92372),
('morbi', 22, 'node', 0.906287),
('morbi', 23, 'node', 2),
('morbi', 26, 'node', 2.97804),
('more', 4, 'node', 1),
('more', 6, 'node', 1),
('more', 9, 'node', 1.79785),
('more', 11, 'node', 1.86055),
('more', 12, 'node', 2),
('more', 18, 'node', 1),
('most', 4, 'node', 1),
('most', 6, 'node', 0.869951),
('most', 11, 'node', 0.66666),
('most', 15, 'node', 26),
('most', 21, 'node', 1),
('move', 11, 'node', 0.863659),
('moved', 10, 'node', 1),
('moved', 11, 'node', 1),
('muddle', 11, 'node', 0.938382),
('multimedia', 7, 'node', 48),
('multiple', 7, 'node', 0.957226),
('mus', 22, 'node', 1),
('music', 4, 'node', 1),
('must', 8, 'node', 1),
('mysql', 20, 'node', 1),
('nair', 5, 'node', 1),
('nam', 3, 'node', 4.79324),
('nam', 8, 'node', 1),
('nam', 22, 'node', 1),
('nam', 23, 'node', 4),
('nam', 25, 'node', 5.78368),
('nam', 26, 'node', 3.96706),
('nascetur', 1, 'node', 0.781775),
('nascetur', 22, 'node', 1),
('nation', 4, 'node', 1),
('natoque', 1, 'node', 0.797402),
('natoque', 22, 'node', 1),
('navbar', 25, 'node', 26),
('navigation', 11, 'node', 2),
('navigation', 13, 'node', 1.93838),
('nbdrupalsupportdevjavanet', 5, 'node', 11),
('nec', 1, 'node', 6.52018),
('nec', 2, 'node', 3.88047),
('nec', 3, 'node', 7.88174),
('nec', 22, 'node', 2.90796),
('nec', 23, 'node', 2),
('nec', 25, 'node', 7.66352),
('nec', 26, 'node', 5.96706),
('necessitatibus', 8, 'node', 0.927431),
('need', 10, 'node', 1),
('need', 11, 'node', 0.808176),
('need', 18, 'node', 2),
('needed', 18, 'node', 1),
('needs', 6, 'node', 4.42761),
('neque', 1, 'node', 1.87313),
('neque', 2, 'node', 1.92384),
('neque', 3, 'node', 1),
('neque', 22, 'node', 2.82688),
('neque', 23, 'node', 1),
('neque', 25, 'node', 1.88609),
('neque', 26, 'node', 3.97804),
('netbeans', 5, 'node', 29),
('netus', 26, 'node', 2.97804),
('never', 6, 'node', 0.976851),
('new', 4, 'node', 4),
('new', 5, 'node', 1),
('new', 6, 'node', 2.77923),
('new', 10, 'node', 1),
('new', 11, 'node', 1),
('new', 17, 'node', 1),
('newbies', 11, 'node', 1),
('newspaper', 7, 'node', 26),
('next', 4, 'node', 1),
('nibh', 1, 'node', 2.84234),
('nibh', 2, 'node', 2.93838),
('nibh', 3, 'node', 10.5205),
('nibh', 22, 'node', 3.91674),
('nibh', 23, 'node', 1),
('nibh', 25, 'node', 8.591),
('nice', 7, 'node', 11),
('nicolas', 7, 'node', 0.66666),
('nid', 7, 'node', 0.879565),
('nifty', 7, 'node', 1),
('nihil', 8, 'node', 1),
('nisi', 1, 'node', 1.87313),
('nisi', 2, 'node', 1),
('nisi', 3, 'node', 8.65872),
('nisi', 22, 'node', 1.89272),
('nisi', 23, 'node', 1),
('nisi', 25, 'node', 2.91323),
('nisl', 1, 'node', 0.976851),
('nisl', 2, 'node', 1),
('nisl', 3, 'node', 1.90286),
('nisl', 22, 'node', 3.7953),
('nisl', 23, 'node', 1),
('nisl', 25, 'node', 7.68543),
('nobis', 8, 'node', 1),
('node', 6, 'node', 11),
('node', 7, 'node', 9.74213),
('nodereference', 7, 'node', 3.34174),
('nodereferences', 7, 'node', 0.769219),
('nodeselect', 7, 'node', 9.56617),
('non', 1, 'node', 2.86628),
('non', 2, 'node', 6),
('non', 3, 'node', 8.63154),
('non', 8, 'node', 1.90629),
('non', 22, 'node', 1.91323),
('non', 25, 'node', 13.3306),
('non', 26, 'node', 12.9012),
('north', 4, 'node', 1),
('nose', 12, 'node', 1),
('nostra', 1, 'node', 0.899454),
('nostra', 26, 'node', 3.96706),
('not', 1, 'node', 0.857458),
('not', 5, 'node', 1),
('not', 6, 'node', 5.03034),
('not', 7, 'node', 1),
('not', 8, 'node', 1),
('not', 11, 'node', 0.676032),
('not', 18, 'node', 2),
('note', 6, 'node', 1),
('nowhere', 7, 'node', 0.824901),
('nucleus', 14, 'node', 26),
('nucleus', 15, 'node', 1),
('null', 13, 'node', 0.916736),
('nulla', 1, 'node', 3.94572),
('nulla', 2, 'node', 1.97286),
('nulla', 3, 'node', 4.80977),
('nulla', 22, 'node', 3.87782),
('nulla', 23, 'node', 2),
('nulla', 25, 'node', 5.62796),
('nullam', 1, 'node', 0.882818),
('nullam', 3, 'node', 1.93838),
('nullam', 22, 'node', 1),
('nullam', 23, 'node', 2),
('nullam', 25, 'node', 1),
('nullam', 26, 'node', 1.98902),
('number', 11, 'node', 0.771698),
('number', 13, 'node', 1),
('nunc', 1, 'node', 3.94583),
('nunc', 2, 'node', 2.91831),
('nunc', 3, 'node', 5.6924),
('nunc', 22, 'node', 6.75833),
('nunc', 25, 'node', 8.50423),
('nunc', 26, 'node', 1.98902),
('nyc', 4, 'node', 1),
('occaecati', 8, 'node', 1),
('odio', 1, 'node', 2.83192),
('odio', 2, 'node', 1),
('odio', 3, 'node', 3.83523),
('odio', 8, 'node', 1),
('odio', 22, 'node', 2.73625),
('odio', 23, 'node', 1),
('odio', 25, 'node', 1.87821),
('odio', 26, 'node', 3.96706),
('off', 17, 'node', 1),
('offer', 9, 'node', 1),
('officia', 8, 'node', 1),
('officiis', 8, 'node', 0.934703),
('okay', 17, 'node', 1),
('okay', 19, 'node', 1),
('omega', 15, 'node', 1),
('omnis', 8, 'node', 1.92613),
('once', 11, 'node', 0.876337),
('one', 6, 'node', 0.677939),
('one', 8, 'node', 1),
('one', 11, 'node', 2.16503),
('ongoing', 16, 'node', 1),
('only', 4, 'node', 1),
('only', 6, 'node', 1),
('only', 19, 'node', 1),
('only', 21, 'node', 1),
('open', 7, 'node', 1),
('open', 9, 'node', 22),
('opensourced', 7, 'node', 26),
('operation', 16, 'node', 1),
('optio', 8, 'node', 1),
('orci', 1, 'node', 3.80783),
('orci', 2, 'node', 2),
('orci', 3, 'node', 1),
('orci', 22, 'node', 2.99315),
('orci', 23, 'node', 1),
('orci', 25, 'node', 3.91323),
('orci', 26, 'node', 11.9122),
('organic', 11, 'node', 0.845322),
('organizations', 9, 'node', 1),
('organize', 9, 'node', 1),
('originally', 11, 'node', 1),
('ornare', 1, 'node', 1),
('ornare', 2, 'node', 1.96498),
('ornare', 3, 'node', 4.61999),
('ornare', 22, 'node', 2.75029),
('ornare', 23, 'node', 1),
('ornare', 25, 'node', 1),
('ornare', 26, 'node', 3.97804),
('other', 6, 'node', 2.98902),
('other', 9, 'node', 1),
('other', 11, 'node', 1.71211),
('other', 13, 'node', 1),
('other', 20, 'node', 1),
('other', 21, 'node', 0.98493),
('others', 6, 'node', 1.46064),
('others', 9, 'node', 1),
('others', 11, 'node', 0.839384),
('our', 4, 'node', 3),
('ours', 4, 'node', 1),
('out', 5, 'node', 2),
('out', 6, 'node', 2),
('out', 11, 'node', 0.896076),
('out', 18, 'node', 1),
('outofdate', 17, 'node', 1),
('over', 6, 'node', 1),
('over', 11, 'node', 1.73835),
('overall', 6, 'node', 0.71),
('overview', 21, 'node', 1),
('own', 10, 'node', 1),
('owners', 9, 'node', 1),
('package', 9, 'node', 1),
('page', 5, 'node', 1),
('page', 7, 'node', 2.36377),
('page', 11, 'node', 0.759465),
('page', 20, 'node', 1),
('pagelevel', 13, 'node', 1),
('pages', 6, 'node', 5),
('pages', 10, 'node', 1),
('pages', 18, 'node', 2),
('pain', 8, 'node', 1),
('painful', 8, 'node', 1),
('part', 6, 'node', 2.50141),
('participate', 11, 'node', 0.757065),
('parts', 7, 'node', 0.742984),
('parturient', 1, 'node', 0.786915),
('parturient', 22, 'node', 1),
('pass', 4, 'node', 1),
('passionate', 9, 'node', 1),
('patch', 6, 'node', 7.59408),
('patches', 6, 'node', 3.81058),
('pay', 4, 'node', 1),
('pellentesque', 1, 'node', 2.59566),
('pellentesque', 2, 'node', 3.91286),
('pellentesque', 3, 'node', 5.76564),
('pellentesque', 22, 'node', 0.968904),
('pellentesque', 25, 'node', 6.69338),
('pellentesque', 26, 'node', 7.94511),
('penatibus', 1, 'node', 0.794753),
('penatibus', 22, 'node', 1),
('people', 6, 'node', 0.716357),
('people', 9, 'node', 2),
('per', 1, 'node', 1.80236),
('per', 7, 'node', 1),
('per', 26, 'node', 7.93413),
('perfect', 11, 'node', 1.86967),
('perferendis', 8, 'node', 0.866793),
('permalink', 1, 'node', 26.9684),
('permalink', 21, 'node', 22),
('personally', 6, 'node', 0.659351),
('pertains', 6, 'node', 0.961087),
('pharetra', 1, 'node', 1.7527),
('pharetra', 2, 'node', 1.95723),
('pharetra', 3, 'node', 5.83831),
('pharetra', 23, 'node', 1),
('pharetra', 25, 'node', 3.82645),
('phasellus', 1, 'node', 1.77191),
('phasellus', 3, 'node', 2.8894),
('phasellus', 23, 'node', 1),
('phasellus', 25, 'node', 1.86662),
('phasellus', 26, 'node', 1.98902),
('photos', 7, 'node', 1),
('photos', 23, 'node', 26),
('php', 5, 'node', 1),
('php', 20, 'node', 2),
('phphtml', 5, 'node', 11),
('phpinfo', 20, 'node', 4),
('pictures', 7, 'node', 0.703756),
('pixture', 19, 'node', 28),
('place', 6, 'node', 0.784336),
('place', 17, 'node', 1),
('placeat', 8, 'node', 0.980874),
('placed', 12, 'node', 1),
('placerat', 1, 'node', 2.74626),
('placerat', 2, 'node', 2),
('placerat', 3, 'node', 0.902857),
('placerat', 22, 'node', 1),
('placerat', 23, 'node', 2),
('placerat', 25, 'node', 3.67778),
('placerat', 26, 'node', 3.96706),
('platea', 1, 'node', 0.824901),
('platea', 25, 'node', 1.90637),
('platform', 9, 'node', 1),
('platform', 11, 'node', 0.72066),
('please', 4, 'node', 1),
('please', 5, 'node', 1),
('please', 6, 'node', 0.691597),
('please', 21, 'node', 27),
('pleasure', 8, 'node', 4),
('plug', 5, 'node', 11),
('plugin', 5, 'node', 4),
('plugin', 7, 'node', 1.7185),
('plugindetailpagejsp', 5, 'node', 11),
('pluginportal', 5, 'node', 11),
('plugins', 5, 'node', 26),
('pluginsnetbeansorg', 5, 'node', 11),
('plus', 7, 'node', 0.718502),
('point', 11, 'node', 1),
('porta', 1, 'node', 2),
('porta', 2, 'node', 0.953396),
('porta', 3, 'node', 3.88373),
('porta', 22, 'node', 1),
('porta', 23, 'node', 1),
('porta', 25, 'node', 1.84066),
('portal', 5, 'node', 1),
('porttitor', 1, 'node', 2),
('porttitor', 3, 'node', 5.6562),
('porttitor', 22, 'node', 1.90756),
('possible', 6, 'node', 1.69359),
('possible', 13, 'node', 1),
('possimus', 8, 'node', 0.972861),
('post', 1, 'node', 2.3671),
('post', 21, 'node', 1.97685),
('posted', 7, 'node', 1),
('posuere', 1, 'node', 1),
('posuere', 2, 'node', 0.923838),
('posuere', 3, 'node', 1.91558),
('posuere', 25, 'node', 2),
('posuere', 26, 'node', 6.94511),
('power', 9, 'node', 1),
('power', 10, 'node', 1),
('power', 11, 'node', 0.824901);
INSERT INTO `search_index` (`word`, `sid`, `type`, `score`) VALUES
('power', 21, 'node', 1),
('powerful', 7, 'node', 1),
('powerful', 10, 'node', 1),
('powerful', 11, 'node', 0.722831),
('practice', 17, 'node', 1),
('practices', 10, 'node', 1),
('praesent', 1, 'node', 5.5306),
('praesent', 2, 'node', 1),
('praesent', 22, 'node', 3.75263),
('praesent', 23, 'node', 1),
('praesent', 26, 'node', 1.98902),
('praesentium', 8, 'node', 1),
('praising', 8, 'node', 1),
('preferred', 9, 'node', 1),
('present', 4, 'node', 26),
('presentation', 13, 'node', 0.968904),
('presets', 7, 'node', 0.976851),
('pretium', 1, 'node', 2),
('pretium', 2, 'node', 1),
('pretium', 3, 'node', 1.77221),
('pretium', 22, 'node', 1),
('pretium', 26, 'node', 1.98902),
('previous', 13, 'node', 1),
('previous', 19, 'node', 1),
('primis', 26, 'node', 2.97804),
('probably', 6, 'node', 0.839384),
('probably', 7, 'node', 1.41183),
('probably', 11, 'node', 0.718502),
('problem', 11, 'node', 0.736141),
('problem', 17, 'node', 2),
('problem', 19, 'node', 1),
('process', 6, 'node', 1.77419),
('professionally', 9, 'node', 0.945829),
('program', 4, 'node', 1),
('programmer', 6, 'node', 2.48306),
('programming', 4, 'node', 1),
('programs', 4, 'node', 1),
('proin', 1, 'node', 1.94209),
('proin', 2, 'node', 1),
('proin', 3, 'node', 1),
('proin', 22, 'node', 1),
('proin', 23, 'node', 1),
('proin', 25, 'node', 1.84793),
('project', 5, 'node', 1),
('project', 6, 'node', 22.516),
('project', 7, 'node', 0.697623),
('project', 9, 'node', 1.89608),
('project', 10, 'node', 1),
('projectdocumentlist', 5, 'node', 11),
('projectissue', 6, 'node', 11),
('promising', 14, 'node', 1),
('proper', 13, 'node', 1),
('proven', 9, 'node', 0.968904),
('provide', 6, 'node', 0.655756),
('provided', 5, 'node', 1),
('provident', 8, 'node', 1),
('providing', 9, 'node', 0.896076),
('providing', 11, 'node', 1),
('public', 9, 'node', 1),
('publish', 9, 'node', 1),
('pulvinar', 1, 'node', 1.77854),
('pulvinar', 2, 'node', 0.931053),
('pulvinar', 3, 'node', 3.67271),
('pulvinar', 22, 'node', 1.90318),
('pulvinar', 25, 'node', 1.91323),
('pursue', 8, 'node', 1),
('purus', 1, 'node', 0.842342),
('purus', 2, 'node', 2.95723),
('purus', 3, 'node', 7.64904),
('purus', 22, 'node', 0.934703),
('purus', 23, 'node', 1),
('purus', 25, 'node', 2.8335),
('put', 17, 'node', 2),
('put', 21, 'node', 1),
('putting', 12, 'node', 1),
('quam', 1, 'node', 23.131),
('quam', 2, 'node', 1.9347),
('quam', 3, 'node', 1.90629),
('quam', 22, 'node', 1),
('quam', 25, 'node', 2.8335),
('quam', 26, 'node', 3.97804),
('quas', 8, 'node', 1),
('queue', 6, 'node', 2.12328),
('qui', 8, 'node', 2),
('quibusdam', 8, 'node', 0.942091),
('quidem', 8, 'node', 1),
('quis', 1, 'node', 3.72437),
('quis', 2, 'node', 5.70405),
('quis', 3, 'node', 7.79249),
('quis', 22, 'node', 6.76608),
('quis', 23, 'node', 3),
('quis', 25, 'node', 9.51872),
('quis', 26, 'node', 3.97804),
('quisque', 1, 'node', 0.968904),
('quisque', 2, 'node', 1),
('quisque', 22, 'node', 0.957226),
('quisque', 25, 'node', 3.8033),
('quite', 11, 'node', 0.716357),
('quo', 8, 'node', 0.997306),
('quod', 8, 'node', 0.989021),
('quos', 8, 'node', 1),
('raised', 13, 'node', 1),
('ran', 17, 'node', 1),
('ratio', 7, 'node', 0.949597),
('rationally', 8, 'node', 1),
('rave', 22, 'node', 26),
('read', 6, 'node', 0.674137),
('reader', 13, 'node', 1),
('really', 6, 'node', 1),
('really', 7, 'node', 1),
('really', 14, 'node', 1),
('really', 21, 'node', 2),
('recomendations', 11, 'node', 1),
('record', 9, 'node', 0.961087),
('recusandae', 8, 'node', 0.906287),
('refer', 11, 'node', 0.779231),
('regards', 5, 'node', 1),
('register', 1, 'node', 5.21372),
('register', 21, 'node', 4.34907),
('reiciendis', 8, 'node', 0.882818),
('rejects', 8, 'node', 1),
('relationships', 7, 'node', 0.716357),
('release', 5, 'node', 1),
('released', 5, 'node', 1),
('releases', 6, 'node', 1),
('reliably', 13, 'node', 1),
('reloaded', 19, 'node', 28),
('rely', 13, 'node', 1),
('removed', 5, 'node', 1),
('removed', 6, 'node', 0.747619),
('removing', 13, 'node', 0.923838),
('rename', 17, 'node', 1),
('renamed', 11, 'node', 1),
('repellat', 8, 'node', 0.857458),
('repellendus', 8, 'node', 0.953396),
('report', 6, 'node', 0.938382),
('repudiandae', 8, 'node', 0.913226),
('request', 6, 'node', 0.916736),
('require', 11, 'node', 0.836446),
('require', 21, 'node', 1),
('required', 5, 'node', 1),
('requirements', 20, 'node', 26),
('requires', 11, 'node', 1),
('rerum', 8, 'node', 2.82351),
('rescaling', 7, 'node', 0.972861),
('resembled', 12, 'node', 1),
('resolve', 13, 'node', 1),
('resolved', 13, 'node', 1),
('resources', 11, 'node', 1),
('resources', 21, 'node', 1),
('restructured', 10, 'node', 1),
('result', 7, 'node', 0.98493),
('results', 7, 'node', 0.776703),
('reuse', 7, 'node', 0.745294),
('review', 6, 'node', 6.01515),
('review', 21, 'node', 2),
('reviewed', 6, 'node', 1.43304),
('reviewing', 6, 'node', 0.740689),
('rfi', 7, 'node', 26.6896),
('rhoncus', 1, 'node', 3.7767),
('rhoncus', 2, 'node', 3.97685),
('rhoncus', 22, 'node', 0.902857),
('rhoncus', 23, 'node', 3),
('rhoncus', 25, 'node', 1.8941),
('rhoncus', 26, 'node', 8.93143),
('rich', 4, 'node', 1),
('rich', 13, 'node', 1),
('ridiculus', 22, 'node', 1),
('right', 5, 'node', 1),
('right', 11, 'node', 0.681785),
('risus', 1, 'node', 4.90391),
('risus', 2, 'node', 2.87679),
('risus', 3, 'node', 2.94209),
('risus', 22, 'node', 4.84278),
('risus', 23, 'node', 2),
('risus', 25, 'node', 6.53672),
('roles', 11, 'node', 2),
('room', 4, 'node', 1),
('root', 17, 'node', 1),
('round', 12, 'node', 1),
('row', 7, 'node', 0.752312),
('rtbc', 6, 'node', 0.699655),
('running', 20, 'node', 1),
('rutrum', 3, 'node', 1),
('rutrum', 22, 'node', 1.86662),
('rutrum', 23, 'node', 3),
('saepe', 8, 'node', 0.923838),
('sagittis', 1, 'node', 1.71962),
('sagittis', 22, 'node', 0.896076),
('sagittis', 23, 'node', 1),
('sagittis', 26, 'node', 1.98902),
('same', 11, 'node', 0.993146),
('sapien', 1, 'node', 3.93105),
('sapien', 2, 'node', 3),
('sapien', 22, 'node', 1.90974),
('sapien', 25, 'node', 1),
('sapiente', 8, 'node', 0.889397),
('say', 6, 'node', 0.676032),
('say', 7, 'node', 1),
('saying', 6, 'node', 0.729424),
('scelerisque', 1, 'node', 1.9347),
('scelerisque', 3, 'node', 3.97286),
('scelerisque', 22, 'node', 0.920273),
('scelerisque', 25, 'node', 1.91323),
('scelerisque', 26, 'node', 1.98902),
('scheduling', 4, 'node', 1),
('scratch', 11, 'node', 0.781775),
('screen', 6, 'node', 2.71027),
('screen', 13, 'node', 1),
('screens', 6, 'node', 1),
('scroll', 6, 'node', 0.771698),
('search', 6, 'node', 11.3956),
('search', 7, 'node', 0.792123),
('search', 13, 'node', 0.980874),
('section', 12, 'node', 1),
('security', 9, 'node', 20.8002),
('sed', 1, 'node', 6.81885),
('sed', 2, 'node', 32.8719),
('sed', 3, 'node', 22.383),
('sed', 22, 'node', 5.67227),
('sed', 23, 'node', 7),
('sed', 25, 'node', 9.59457),
('sed', 26, 'node', 3.97804),
('see', 6, 'node', 0.754681),
('see', 16, 'node', 2),
('see', 17, 'node', 1),
('see', 20, 'node', 1),
('seen', 21, 'node', 1),
('selectable', 21, 'node', 1),
('selector', 7, 'node', 10.2416),
('sem', 1, 'node', 3),
('sem', 2, 'node', 0.976851),
('sem', 3, 'node', 3.84869),
('sem', 22, 'node', 2.75441),
('sem', 25, 'node', 4.82645),
('sem', 26, 'node', 2.97804),
('semantic', 13, 'node', 1),
('semiautomatically', 7, 'node', 1),
('semper', 2, 'node', 0.942091),
('semper', 3, 'node', 3.87572),
('semper', 23, 'node', 2),
('senectus', 26, 'node', 2.97804),
('seriously', 9, 'node', 0.980874),
('server', 17, 'node', 1),
('services', 9, 'node', 17.418),
('servlets', 5, 'node', 11),
('set', 20, 'node', 1),
('setting', 6, 'node', 1),
('setup', 11, 'node', 1),
('setup', 18, 'node', 1),
('several', 6, 'node', 0.718502),
('several', 17, 'node', 1),
('share', 7, 'node', 0.802752),
('share', 9, 'node', 1),
('sharing', 4, 'node', 1),
('sheets', 21, 'node', 1),
('shot', 6, 'node', 0.745294),
('should', 6, 'node', 2.36963),
('should', 10, 'node', 1),
('should', 11, 'node', 0.672252),
('should', 13, 'node', 1),
('should', 21, 'node', 1),
('showing', 17, 'node', 2),
('sides', 13, 'node', 0.989021),
('sideways', 12, 'node', 1),
('similique', 8, 'node', 1),
('simple', 7, 'node', 4.10386),
('simple', 12, 'node', 1),
('simple', 18, 'node', 1),
('simplest', 18, 'node', 26),
('simply', 11, 'node', 0.705825),
('since', 17, 'node', 1),
('sint', 8, 'node', 1.90974),
('sit', 1, 'node', 4.51165),
('sit', 2, 'node', 6.76483),
('sit', 3, 'node', 4.92099),
('sit', 22, 'node', 7.74718),
('sit', 23, 'node', 2),
('sit', 25, 'node', 12.2909),
('sit', 26, 'node', 3.97804),
('site', 5, 'node', 1),
('site', 6, 'node', 1),
('site', 9, 'node', 2.92027),
('site', 10, 'node', 1),
('site', 11, 'node', 6.55695),
('site', 16, 'node', 27),
('site', 17, 'node', 1),
('site', 18, 'node', 3),
('site', 21, 'node', 2),
('sites', 9, 'node', 1),
('skip', 13, 'node', 0.942091),
('slightly', 6, 'node', 1),
('small', 11, 'node', 0.691597),
('smile', 12, 'node', 1),
('sociis', 1, 'node', 0.800068),
('sociis', 22, 'node', 1),
('socios', 1, 'node', 22.6187),
('sociosqu', 1, 'node', 0.916736),
('sociosqu', 26, 'node', 3.96706),
('sodales', 1, 'node', 0.776703),
('sodales', 2, 'node', 2.90391),
('sodales', 3, 'node', 2.93838),
('sodales', 23, 'node', 1),
('sodales', 25, 'node', 1.91323),
('software', 4, 'node', 1),
('software', 9, 'node', 2),
('sollicitudin', 1, 'node', 1),
('sollicitudin', 2, 'node', 4.80825),
('sollicitudin', 3, 'node', 1),
('sollicitudin', 23, 'node', 1),
('sollicitudin', 25, 'node', 8.74476),
('sollicitudin', 26, 'node', 1.98902),
('soluta', 8, 'node', 1),
('solution', 11, 'node', 1.65998),
('solutions', 11, 'node', 0.712106),
('some', 5, 'node', 3),
('some', 6, 'node', 5.05134),
('some', 7, 'node', 1.67603),
('some', 10, 'node', 2),
('some', 11, 'node', 2.83938),
('some', 13, 'node', 2),
('some', 21, 'node', 0.989021),
('someone', 6, 'node', 1.67414),
('something', 6, 'node', 1),
('something', 11, 'node', 0.7017),
('somewhat', 12, 'node', 1),
('sorry', 7, 'node', 0.705825),
('source', 5, 'node', 1),
('source', 6, 'node', 2.85135),
('source', 9, 'node', 21),
('sourced', 7, 'node', 1),
('sources', 7, 'node', 9.78337),
('space', 7, 'node', 0.869951),
('spam', 9, 'node', 0.876337),
('specific', 6, 'node', 0.697623),
('specific', 11, 'node', 0.882818),
('spend', 9, 'node', 0.934703),
('stable', 6, 'node', 1),
('standard', 7, 'node', 0.683725),
('standard', 11, 'node', 1),
('standards', 5, 'node', 2),
('start', 6, 'node', 0.781775),
('start', 11, 'node', 1.61557),
('started', 13, 'node', 1),
('started', 18, 'node', 1),
('starting', 11, 'node', 0.786915),
('statefunded', 4, 'node', 1),
('statement', 13, 'node', 26),
('status', 6, 'node', 3.64641),
('stay', 4, 'node', 1),
('step', 10, 'node', 2),
('step', 11, 'node', 0.689612),
('steven', 12, 'node', 2),
('sticking', 5, 'node', 2),
('still', 6, 'node', 2.59626),
('still', 17, 'node', 1),
('stories', 7, 'node', 2),
('story', 7, 'node', 12),
('stressing', 11, 'node', 0.931053),
('strict', 21, 'node', 26),
('structure', 10, 'node', 1),
('structure', 16, 'node', 1),
('studio', 7, 'node', 26),
('study', 7, 'node', 1),
('style', 7, 'node', 0.749958),
('style', 21, 'node', 1),
('stylised', 12, 'node', 1),
('submit', 6, 'node', 0.896076),
('submitted', 1, 'node', 2.44854),
('submitted', 21, 'node', 2),
('such', 11, 'node', 0.854391),
('suggestion', 6, 'node', 0.693594),
('suggestions', 6, 'node', 3.16753),
('suggestions', 17, 'node', 1),
('sujit', 5, 'node', 1),
('sunt', 8, 'node', 1),
('superfish', 26, 'node', 26),
('support', 5, 'node', 27),
('support', 7, 'node', 0.989021),
('support', 9, 'node', 20),
('support', 11, 'node', 0.653974),
('support', 13, 'node', 3),
('supports', 9, 'node', 1),
('sure', 6, 'node', 0.670377),
('sure', 9, 'node', 1),
('sure', 13, 'node', 1),
('suscipit', 1, 'node', 0.889397),
('suscipit', 3, 'node', 0.949597),
('suscipit', 22, 'node', 2),
('suscipit', 23, 'node', 2),
('suscipit', 25, 'node', 4.82645),
('suspendisse', 1, 'node', 1.83938),
('suspendisse', 2, 'node', 1.97286),
('suspendisse', 3, 'node', 3.8478),
('suspendisse', 22, 'node', 1),
('suspendisse', 25, 'node', 2.89816),
('suspendisse', 26, 'node', 1.98902),
('symbol', 12, 'node', 1),
('system', 8, 'node', 1),
('system', 10, 'node', 1),
('system', 20, 'node', 28),
('table', 7, 'node', 11.3037),
('taciti', 1, 'node', 23.539),
('taciti', 26, 'node', 3.96706),
('tag', 6, 'node', 0.957226),
('tags', 6, 'node', 0.876337),
('tags', 13, 'node', 0.913226),
('take', 6, 'node', 1.31167),
('take', 9, 'node', 0.98493),
('taken', 19, 'node', 1),
('taking', 11, 'node', 0.693594),
('target', 11, 'node', 0.980874),
('task', 6, 'node', 0.913226),
('tax', 4, 'node', 1),
('taxonomies', 16, 'node', 1),
('taxonomy', 7, 'node', 2),
('teachings', 8, 'node', 1),
('team', 9, 'node', 19.7603),
('team', 11, 'node', 0.752312),
('team', 13, 'node', 1),
('techniques', 21, 'node', 26),
('technologies', 9, 'node', 1),
('technologies', 10, 'node', 1),
('technology', 13, 'node', 1),
('tell', 20, 'node', 2),
('tells', 11, 'node', 1),
('tellus', 1, 'node', 22.9822),
('tellus', 2, 'node', 1.93105),
('tellus', 3, 'node', 2.95373),
('tellus', 22, 'node', 1),
('tellus', 23, 'node', 5),
('tellus', 25, 'node', 1.86282),
('tellus', 26, 'node', 3.96706),
('template', 5, 'node', 2),
('tempor', 2, 'node', 2),
('tempor', 3, 'node', 1.88282),
('tempor', 22, 'node', 1),
('tempor', 25, 'node', 1.91323),
('tempor', 26, 'node', 3.96706),
('tempore', 8, 'node', 1),
('temporibus', 8, 'node', 0.949597),
('tempus', 1, 'node', 1),
('tempus', 2, 'node', 1.9347),
('tempus', 3, 'node', 2),
('tempus', 22, 'node', 2.83012),
('tempus', 25, 'node', 3.75388),
('tempus', 26, 'node', 1.98902),
('tenetur', 8, 'node', 0.892724),
('terminology', 11, 'node', 2),
('terms', 9, 'node', 1),
('terms', 11, 'node', 2),
('test', 6, 'node', 1.66851),
('test', 11, 'node', 0.997306),
('tested', 6, 'node', 0.705825),
('text', 6, 'node', 17.0371),
('text', 7, 'node', 1),
('than', 6, 'node', 1),
('thanks', 17, 'node', 1),
('that', 5, 'node', 1),
('that', 6, 'node', 8.04235),
('that', 7, 'node', 2.31207),
('that', 8, 'node', 1),
('that', 9, 'node', 5.9689),
('that', 10, 'node', 1),
('that', 11, 'node', 4.14956),
('that', 13, 'node', 5),
('that', 17, 'node', 1),
('that', 21, 'node', 27),
('the', 4, 'node', 33),
('the', 5, 'node', 12),
('the', 6, 'node', 36.7133),
('the', 7, 'node', 14.4957),
('the', 8, 'node', 5),
('the', 9, 'node', 12.8126),
('the', 10, 'node', 7),
('the', 11, 'node', 50.966),
('the', 12, 'node', 36),
('the', 13, 'node', 6.99731),
('the', 16, 'node', 4),
('the', 17, 'node', 10),
('the', 18, 'node', 3),
('the', 19, 'node', 3),
('the', 20, 'node', 2),
('the', 21, 'node', 10),
('the', 23, 'node', 66),
('their', 6, 'node', 1.6267),
('them', 7, 'node', 0.699655),
('them', 13, 'node', 1),
('theme', 7, 'node', 3.19747),
('theme', 11, 'node', 2.35365),
('theme', 17, 'node', 1),
('theme', 19, 'node', 28),
('theme', 21, 'node', 13),
('themes', 11, 'node', 0.792123),
('themes', 13, 'node', 0.938382),
('themes', 21, 'node', 1),
('theming', 7, 'node', 0.693594),
('theming', 9, 'node', 1),
('themselves', 13, 'node', 1),
('then', 10, 'node', 1),
('then', 11, 'node', 3.69762),
('then', 17, 'node', 2),
('then', 18, 'node', 2),
('there', 6, 'node', 1),
('there', 9, 'node', 0.909743),
('there', 11, 'node', 1.31692),
('there', 12, 'node', 1),
('there', 13, 'node', 1),
('there', 21, 'node', 1),
('therefore', 4, 'node', 1),
('these', 6, 'node', 0.848323),
('these', 7, 'node', 2.34832),
('these', 11, 'node', 1.83938),
('they', 9, 'node', 0.882818),
('thing', 21, 'node', 1),
('things', 6, 'node', 0.842342),
('things', 11, 'node', 1.41244),
('things', 20, 'node', 1),
('think', 6, 'node', 3.56012),
('think', 14, 'node', 26),
('this', 4, 'node', 1),
('this', 6, 'node', 2.64177),
('this', 7, 'node', 4.75338),
('this', 8, 'node', 1),
('this', 9, 'node', 1),
('this', 10, 'node', 1),
('this', 11, 'node', 3),
('this', 13, 'node', 1),
('this', 17, 'node', 1),
('this', 18, 'node', 1),
('those', 8, 'node', 1),
('thought', 6, 'node', 0.725015),
('thoughtful', 6, 'node', 0.646943),
('thoughts', 12, 'node', 1),
('thousands', 9, 'node', 2),
('through', 11, 'node', 0.934703),
('thu', 1, 'node', 2.4335),
('time', 9, 'node', 0.927431),
('time', 11, 'node', 2.17459),
('time', 21, 'node', 3),
('tincidunt', 1, 'node', 2.75595),
('tincidunt', 2, 'node', 1.98902),
('tincidunt', 3, 'node', 6.62962),
('tincidunt', 22, 'node', 3.91894),
('tincidunt', 23, 'node', 1),
('tincidunt', 25, 'node', 5.73968),
('tincidunt', 26, 'node', 3.96706),
('tips', 6, 'node', 0.813674),
('tips', 10, 'node', 1),
('title', 6, 'node', 0.902857),
('together', 12, 'node', 1),
('too', 12, 'node', 1),
('too', 21, 'node', 1),
('tool', 13, 'node', 1),
('tools', 21, 'node', 1.97685),
('top', 6, 'node', 1),
('topics', 9, 'node', 1),
('torquent', 1, 'node', 0.909743),
('torquent', 26, 'node', 3.96706),
('tortor', 1, 'node', 2.77409),
('tortor', 2, 'node', 0.945829),
('tortor', 3, 'node', 1.81387),
('tortor', 8, 'node', 26),
('tortor', 22, 'node', 2.84066),
('tortor', 23, 'node', 1),
('tortor', 25, 'node', 6.68959),
('tortor', 26, 'node', 3.96706),
('total', 14, 'node', 1),
('total', 15, 'node', 1),
('towards', 11, 'node', 0.886095),
('track', 9, 'node', 0.96498),
('trails', 5, 'node', 11),
('training', 4, 'node', 1),
('training', 9, 'node', 0.869951),
('transferable', 11, 'node', 1),
('translated', 6, 'node', 0.993146),
('tristique', 1, 'node', 20.26),
('tristique', 2, 'node', 0.993146),
('tristique', 3, 'node', 1),
('tristique', 22, 'node', 4.74131),
('tristique', 25, 'node', 5.74672),
('tristique', 26, 'node', 6.94511),
('troubleshooting', 10, 'node', 1),
('truth', 8, 'node', 1),
('try', 5, 'node', 1),
('try', 6, 'node', 1.3383),
('try', 11, 'node', 0.953396),
('tue', 21, 'node', 2),
('turned', 12, 'node', 1),
('turpis', 1, 'node', 3.53913),
('turpis', 2, 'node', 3),
('turpis', 3, 'node', 1.91323),
('turpis', 22, 'node', 6.6085),
('turpis', 23, 'node', 1),
('turpis', 25, 'node', 5.82645),
('turpis', 26, 'node', 10.9122),
('tutorials', 11, 'node', 7.13555),
('twitter', 7, 'node', 1),
('two', 7, 'node', 1.85439),
('two', 12, 'node', 1),
('type', 7, 'node', 0.851346),
('types', 10, 'node', 1),
('typical', 11, 'node', 1),
('uberimage', 7, 'node', 12),
('uitext', 6, 'node', 1.82653),
('ullamcorper', 1, 'node', 1),
('ullamcorper', 2, 'node', 2.97685),
('ullamcorper', 3, 'node', 0.896076),
('ullamcorper', 22, 'node', 1.97685),
('ullamcorper', 23, 'node', 2),
('ullamcorper', 25, 'node', 4.74672),
('ullamcorper', 26, 'node', 3.96706),
('ultrices', 1, 'node', 3.42874),
('ultrices', 2, 'node', 2.92836),
('ultrices', 3, 'node', 0.909743),
('ultrices', 25, 'node', 2.91323),
('ultrices', 26, 'node', 6.94511),
('ultricies', 1, 'node', 3.62211),
('ultricies', 2, 'node', 1),
('ultricies', 3, 'node', 1.88012),
('ultricies', 22, 'node', 1),
('ultricies', 23, 'node', 1),
('ultricies', 25, 'node', 1.83706),
('unclear', 6, 'node', 0.923838),
('unconed', 12, 'node', 1),
('under', 6, 'node', 1.86366),
('under', 9, 'node', 1),
('underpin', 10, 'node', 1),
('understanding', 9, 'node', 0.886095),
('understanding', 10, 'node', 26),
('understanding', 11, 'node', 2.82776),
('uninstalled', 11, 'node', 0.668514),
('unique', 11, 'node', 0.725015),
('upadting', 19, 'node', 26),
('update', 5, 'node', 1),
('update', 13, 'node', 1),
('update', 17, 'node', 26),
('updated', 5, 'node', 26),
('updated', 17, 'node', 3),
('updated', 19, 'node', 1),
('updatephp', 17, 'node', 1),
('updates', 18, 'node', 1),
('updating', 17, 'node', 1),
('updating', 19, 'node', 2),
('upgrading', 16, 'node', 11),
('upgrading', 17, 'node', 11),
('upload', 7, 'node', 1.73345),
('upload', 18, 'node', 2),
('uploaded', 17, 'node', 2),
('urna', 1, 'node', 2.60966),
('urna', 2, 'node', 2),
('urna', 3, 'node', 3.80188),
('urna', 22, 'node', 1),
('urna', 23, 'node', 2),
('urna', 25, 'node', 7.57165),
('urna', 26, 'node', 1.98902),
('usage', 5, 'node', 1),
('use', 6, 'node', 0.886095),
('use', 7, 'node', 0.813674),
('use', 11, 'node', 1.97685),
('use', 12, 'node', 1),
('use', 13, 'node', 2),
('use', 20, 'node', 1),
('used', 7, 'node', 0.712106),
('used', 11, 'node', 1.67225),
('used', 14, 'node', 1),
('useful', 7, 'node', 1.71027),
('user', 6, 'node', 5.78717),
('user', 7, 'node', 2.73319),
('user', 11, 'node', 5),
('user', 21, 'node', 1),
('users', 9, 'node', 1),
('users', 21, 'node', 1),
('uses', 11, 'node', 1.99315),
('using', 6, 'node', 0.810915),
('using', 7, 'node', 3.22567),
('using', 9, 'node', 1),
('using', 16, 'node', 1),
('using', 21, 'node', 1),
('usual', 17, 'node', 1),
('utilities', 7, 'node', 8.56859),
('validate', 21, 'node', 52),
('validated', 21, 'node', 1),
('validating', 21, 'node', 1),
('validation', 21, 'node', 0.980874),
('validator', 17, 'node', 1),
('variables', 20, 'node', 1),
('variety', 9, 'node', 2),
('various', 9, 'node', 1),
('varius', 1, 'node', 2),
('varius', 2, 'node', 1),
('varius', 3, 'node', 1.88282),
('varius', 22, 'node', 2.90629),
('varius', 25, 'node', 1.91323),
('vehicula', 1, 'node', 1),
('vehicula', 3, 'node', 1.87308),
('vehicula', 22, 'node', 0.96498),
('vel', 1, 'node', 4.71895),
('vel', 2, 'node', 5.88924),
('vel', 3, 'node', 10.5024),
('vel', 22, 'node', 1.92296),
('vel', 23, 'node', 2),
('vel', 25, 'node', 9.4966),
('vel', 26, 'node', 6.94511),
('velit', 1, 'node', 2),
('velit', 2, 'node', 2.88882),
('velit', 3, 'node', 5.93125),
('velit', 22, 'node', 2.94209),
('velit', 25, 'node', 3),
('velit', 26, 'node', 1.98902),
('venenatis', 1, 'node', 2),
('venenatis', 2, 'node', 1.97286),
('venenatis', 3, 'node', 3.69531),
('venenatis', 22, 'node', 1.8419),
('venenatis', 25, 'node', 3.92027),
('venenatis', 26, 'node', 3.96706),
('verified', 1, 'node', 0.854391),
('vero', 8, 'node', 1),
('version', 6, 'node', 4),
('version', 11, 'node', 0.989021),
('version', 12, 'node', 1),
('version', 13, 'node', 2),
('versions', 12, 'node', 1),
('versions', 20, 'node', 1),
('very', 7, 'node', 1.73614),
('very', 21, 'node', 1),
('vestibulum', 1, 'node', 2.4324),
('vestibulum', 2, 'node', 29),
('vestibulum', 3, 'node', 5.90391),
('vestibulum', 22, 'node', 4.896),
('vestibulum', 23, 'node', 3),
('vestibulum', 25, 'node', 8.48088),
('vestibulum', 26, 'node', 4.96706),
('via', 6, 'node', 1),
('via', 9, 'node', 1),
('via', 17, 'node', 1),
('vibrant', 9, 'node', 1),
('video', 4, 'node', 1),
('video', 7, 'node', 12),
('video', 11, 'node', 1),
('view', 7, 'node', 20.2962),
('view', 23, 'node', 66),
('views', 7, 'node', 19.4245),
('views', 11, 'node', 0.851346),
('visible', 6, 'node', 1),
('visible', 7, 'node', 0.822065),
('visible', 11, 'node', 0.699655),
('visitor', 13, 'node', 0.997306),
('vitae', 1, 'node', 8.42672),
('vitae', 2, 'node', 2.93105),
('vitae', 3, 'node', 6.62305),
('vitae', 22, 'node', 6.62474),
('vitae', 23, 'node', 2),
('vitae', 25, 'node', 6.67073),
('vitae', 26, 'node', 7.94511),
('vitally', 6, 'node', 0.779231),
('vivamus', 3, 'node', 1.94209),
('vivamus', 22, 'node', 4),
('vivamus', 25, 'node', 0.920273),
('vivamus', 26, 'node', 1.98902),
('viverra', 1, 'node', 1),
('viverra', 2, 'node', 4.88971),
('viverra', 3, 'node', 1.9347),
('viverra', 22, 'node', 3.92384),
('voluptas', 8, 'node', 0.96498),
('voluptates', 8, 'node', 0.916736),
('voluptatibus', 8, 'node', 0.879565),
('voluptatum', 8, 'node', 1),
('volutpat', 1, 'node', 1.9347),
('volutpat', 2, 'node', 1.90692),
('volutpat', 3, 'node', 2.86943),
('volutpat', 22, 'node', 1),
('volutpat', 25, 'node', 5.70322),
('volutpat', 26, 'node', 3.96706),
('votes', 14, 'node', 5),
('votes', 15, 'node', 5),
('vulputate', 1, 'node', 1.97286),
('vulputate', 2, 'node', 2),
('vulputate', 3, 'node', 0.916736),
('vulputate', 22, 'node', 1),
('vulputate', 23, 'node', 2),
('vulputate', 25, 'node', 1),
('w3c', 13, 'node', 1),
('w3c', 21, 'node', 1),
('waiaria', 13, 'node', 1),
('walkthrough', 11, 'node', 1),
('want', 6, 'node', 2.42595),
('want', 7, 'node', 1.55075),
('wanted', 7, 'node', 0.923838),
('was', 6, 'node', 1.44349),
('was', 7, 'node', 2),
('was', 8, 'node', 1),
('was', 11, 'node', 1),
('was', 12, 'node', 5),
('water', 12, 'node', 1),
('wave', 21, 'node', 1),
('way', 6, 'node', 0.641769),
('way', 18, 'node', 27),
('ways', 6, 'node', 1),
('ways', 18, 'node', 1),
('wcag', 13, 'node', 1),
('web', 4, 'node', 1),
('web', 9, 'node', 2),
('web', 13, 'node', 1),
('web', 18, 'node', 6),
('webform', 17, 'node', 2),
('website', 7, 'node', 0.740689),
('website', 9, 'node', 1),
('website', 10, 'node', 1),
('website', 19, 'node', 1),
('website', 21, 'node', 1),
('websites', 7, 'node', 1.6507),
('websites', 10, 'node', 1),
('websites', 13, 'node', 2),
('week', 4, 'node', 1),
('welcome', 5, 'node', 1),
('welcome', 10, 'node', 1),
('well', 4, 'node', 1),
('well', 9, 'node', 0.913226),
('well', 11, 'node', 0.650439),
('well', 18, 'node', 1),
('well', 20, 'node', 1),
('were', 7, 'node', 1),
('were', 17, 'node', 1),
('what', 6, 'node', 3.58319),
('what', 11, 'node', 1.58833),
('what', 14, 'node', 26),
('what', 18, 'node', 2),
('what', 20, 'node', 2),
('whats', 19, 'node', 1),
('when', 5, 'node', 1),
('when', 7, 'node', 1.50717),
('when', 11, 'node', 0.740689),
('when', 12, 'node', 2),
('when', 17, 'node', 1),
('where', 13, 'node', 1),
('which', 5, 'node', 1),
('which', 9, 'node', 2),
('which', 15, 'node', 26),
('while', 11, 'node', 1.93105),
('whirlwind', 11, 'node', 1),
('who', 8, 'node', 1),
('who', 18, 'node', 1),
('whose', 6, 'node', 0.805455),
('why', 7, 'node', 0.679856),
('wide', 9, 'node', 1),
('will', 4, 'node', 1),
('will', 6, 'node', 2.43),
('will', 7, 'node', 2.33034),
('will', 8, 'node', 1),
('will', 11, 'node', 2.50409),
('will', 13, 'node', 2),
('will', 20, 'node', 2),
('will', 21, 'node', 3),
('wish', 4, 'node', 1),
('with', 4, 'node', 1),
('with', 5, 'node', 2),
('with', 6, 'node', 5.89762),
('with', 7, 'node', 16.4888),
('with', 9, 'node', 3.72904),
('with', 10, 'node', 1),
('with', 11, 'node', 3.87019),
('with', 12, 'node', 4),
('with', 13, 'node', 4),
('with', 21, 'node', 2),
('within', 6, 'node', 1),
('within', 7, 'node', 0.76431),
('within', 12, 'node', 1),
('within', 13, 'node', 1),
('without', 7, 'node', 1),
('without', 10, 'node', 1),
('wittens', 12, 'node', 2),
('wizard', 5, 'node', 1),
('work', 6, 'node', 3.02353),
('work', 12, 'node', 2),
('work', 21, 'node', 1),
('worked', 13, 'node', 2),
('working', 9, 'node', 1),
('working', 11, 'node', 1.8861),
('workplace', 3, 'node', 26),
('works', 11, 'node', 0.727213),
('worldwide', 9, 'node', 1),
('worldwide', 13, 'node', 1),
('worth', 11, 'node', 0.664818),
('would', 12, 'node', 1),
('would', 18, 'node', 3),
('would', 21, 'node', 1),
('write', 6, 'node', 1.62251),
('writes', 6, 'node', 0.643484),
('writing', 6, 'node', 1),
('written', 11, 'node', 1),
('wrong', 6, 'node', 0.931053),
('wwwctfilmfestcom', 4, 'node', 11),
('wwwnetbeansorg', 5, 'node', 11),
('wysiwyg', 17, 'node', 1),
('xampp', 18, 'node', 1),
('xhtml', 21, 'node', 26),
('year', 4, 'node', 1),
('yet', 6, 'node', 0.681785),
('you', 4, 'node', 3),
('you', 5, 'node', 1),
('you', 6, 'node', 17.3077),
('you', 7, 'node', 9.99536),
('you', 8, 'node', 2),
('you', 9, 'node', 0.938382),
('you', 10, 'node', 5),
('you', 11, 'node', 3.21378),
('you', 12, 'node', 1),
('you', 13, 'node', 4),
('you', 14, 'node', 26),
('you', 15, 'node', 26),
('you', 20, 'node', 3),
('you', 21, 'node', 29),
('your', 4, 'node', 1),
('your', 6, 'node', 3.60109),
('your', 7, 'node', 3.33663),
('your', 9, 'node', 2.76975),
('your', 10, 'node', 1),
('your', 18, 'node', 1),
('your', 20, 'node', 2),
('your', 21, 'node', 6),
('yourself', 21, 'node', 1),
('zen', 15, 'node', 1),
('zen', 21, 'node', 1);

-- --------------------------------------------------------

--
